{"id":23211,"date":"2018-01-19T19:20:01","date_gmt":"2018-01-19T18:20:01","guid":{"rendered":"https:\/\/revierwelt.de\/?page_id=23211"},"modified":"2022-03-15T20:25:18","modified_gmt":"2022-03-15T19:25:18","slug":"portfolio","status":"publish","type":"page","link":"https:\/\/revierwelt.de\/index.php\/portfolio\/","title":{"rendered":"Funktionen"},"content":{"rendered":"<section class=\"l-section wpb_row height_medium color_alternate\" id=\"start\"><div class=\"l-section-h i-cf\"><div class=\"g-cols vc_row via_flex valign_top type_default stacking_default\"><div class=\"vc_col-sm-12 wpb_column vc_column_container\"><div class=\"vc_column-inner\"><div class=\"wpb_wrapper\"><div class=\"wpb_text_column\"><div class=\"wpb_wrapper\"><h2 style=\"text-align: center;\"><strong>REVIERWELT.<\/strong>\u00a0Gemeinsam. Zuverl\u00e4ssig. Sicher.<\/h2>\n<p style=\"text-align: center;\">Revierwelt begleitet Sie und Ihre Mitj\u00e4ger mit \u00fcber 120 verschiedenen Funktionen durch den Jagdalltag.<br \/>\nSie entscheiden, welche Funktion Sie in Ihrem Revier nutzen m\u00f6chten.<\/p>\n<\/div><\/div><\/div><\/div><\/div><\/div><\/div><\/section><section class=\"l-section wpb_row height_auto width_full\"><div class=\"l-section-h i-cf\"><div class=\"g-cols vc_row via_flex valign_middle type_boxes stacking_default\"><div class=\"vc_col-sm-6 wpb_column vc_column_container has_bg_color us_animate_afl\"><div class=\"vc_column-inner us_custom_59aa6278\"><div class=\"wpb_wrapper\"><div class=\"w-separator size_custom\" style=\"height:10px\"><\/div><\/div><\/div><\/div><div class=\"vc_col-sm-6 wpb_column vc_column_container us_animate_afr\"><div class=\"vc_column-inner\"><div class=\"wpb_wrapper\"><div class=\"w-iconbox iconpos_left style_default color_primary align_left no_text icontype_img\"><div class=\"w-iconbox-icon\" style=\"font-size:40px;\"><img loading=\"lazy\" decoding=\"async\" width=\"512\" height=\"512\" src=\"https:\/\/revierwelt.de\/wp-content\/uploads\/2018\/01\/cropped-Logo_emblem_black.png\" class=\"attachment-full size-full\" alt=\"\" srcset=\"https:\/\/revierwelt.de\/wp-content\/uploads\/2018\/01\/cropped-Logo_emblem_black.png 512w, https:\/\/revierwelt.de\/wp-content\/uploads\/2018\/01\/cropped-Logo_emblem_black-150x150.png 150w, https:\/\/revierwelt.de\/wp-content\/uploads\/2018\/01\/cropped-Logo_emblem_black-300x300.png 300w, https:\/\/revierwelt.de\/wp-content\/uploads\/2018\/01\/cropped-Logo_emblem_black-180x180.png 180w, https:\/\/revierwelt.de\/wp-content\/uploads\/2018\/01\/cropped-Logo_emblem_black-350x350.png 350w, https:\/\/revierwelt.de\/wp-content\/uploads\/2018\/01\/cropped-Logo_emblem_black-270x270.png 270w, https:\/\/revierwelt.de\/wp-content\/uploads\/2018\/01\/cropped-Logo_emblem_black-192x192.png 192w, https:\/\/revierwelt.de\/wp-content\/uploads\/2018\/01\/cropped-Logo_emblem_black-32x32.png 32w\" sizes=\"auto, (max-width: 512px) 100vw, 512px\" \/><\/div><div class=\"w-iconbox-meta\"><h2 class=\"w-iconbox-title\">Revierverwaltung<\/h2><\/div><\/div><div class=\"w-separator size_small\"><\/div><div class=\"wpb_text_column\"><div class=\"wpb_wrapper\"><p>Eine zentrale Funktion der Revierverwaltung ist z.B. die Revierkarte, auf der Sie alle Objekte Ihres Reviers erfassen. Neben Kanzeln, Ansitzen und Pirschbezirken k\u00f6nnen auch Fuchsbauten, Salzlecken oder jedes andere Objekt erfasst und abgebildet werden.<\/p>\n<p>Eine weitere Funktion innerhalb der Revierverwaltung ist die Streckenliste, welche Sie und alle Reviermitglieder zusammen mit der Abschussplanung und der Wildbretverwaltung im Revieralltag unterst\u00fctzt.<\/p>\n<p>Revierwelt hilft Ihnen und Ihrem Revier au\u00dferdem in den Bereichen:<\/p>\n<ul>\n<li>Abstimmung innerhalb des Reviers \u00fcber die Revierwelt-App oder die Web-Version<\/li>\n<li>Einfache Dokumentation aller Aktivit\u00e4ten im Revier<\/li>\n<li>Ansitzreservierung und Reservierung von Pirschbezirken nach individuell einstellbaren Rechten<\/li>\n<li>Planung und Durchf\u00fchrung von Gesellschaftsjagden mit dem Dr\u00fcckjagdtool<\/li>\n<li>Wildvermarktung mit Hilfe von Wildmarken, Wildursprungsschein und Herkunftsnachweis<\/li>\n<li>Verwaltung von Aufgaben und Terminen innerhalb der Reviergemeinschaft<\/li>\n<li>Jagdliche Unterst\u00fctzung durch Funktionen wie Wettervorhersage und jagdlicher Mondkalender<\/li>\n<li>Erstellung von Auswertungen am Ende eines Jagdjahres oder jederzeit im Laufe eines Jagdjahres per Knopfdruck<\/li>\n<\/ul>\n<\/div><\/div><\/div><\/div><\/div><\/div><\/div><\/section><section class=\"l-section wpb_row height_auto width_full\"><div class=\"l-section-h i-cf\"><div class=\"g-cols vc_row via_flex valign_middle type_boxes stacking_default\"><div class=\"vc_col-sm-6 wpb_column vc_column_container us_animate_afl\"><div class=\"vc_column-inner\"><div class=\"wpb_wrapper\"><div class=\"w-iconbox iconpos_left style_default color_primary align_left no_text icontype_img\"><div class=\"w-iconbox-icon\" style=\"font-size:40px;\"><img loading=\"lazy\" decoding=\"async\" width=\"512\" height=\"512\" src=\"https:\/\/revierwelt.de\/wp-content\/uploads\/2018\/01\/cropped-Logo_emblem_black.png\" class=\"attachment-full size-full\" alt=\"\" srcset=\"https:\/\/revierwelt.de\/wp-content\/uploads\/2018\/01\/cropped-Logo_emblem_black.png 512w, https:\/\/revierwelt.de\/wp-content\/uploads\/2018\/01\/cropped-Logo_emblem_black-150x150.png 150w, https:\/\/revierwelt.de\/wp-content\/uploads\/2018\/01\/cropped-Logo_emblem_black-300x300.png 300w, https:\/\/revierwelt.de\/wp-content\/uploads\/2018\/01\/cropped-Logo_emblem_black-180x180.png 180w, https:\/\/revierwelt.de\/wp-content\/uploads\/2018\/01\/cropped-Logo_emblem_black-350x350.png 350w, https:\/\/revierwelt.de\/wp-content\/uploads\/2018\/01\/cropped-Logo_emblem_black-270x270.png 270w, https:\/\/revierwelt.de\/wp-content\/uploads\/2018\/01\/cropped-Logo_emblem_black-192x192.png 192w, https:\/\/revierwelt.de\/wp-content\/uploads\/2018\/01\/cropped-Logo_emblem_black-32x32.png 32w\" sizes=\"auto, (max-width: 512px) 100vw, 512px\" \/><\/div><div class=\"w-iconbox-meta\"><h2 class=\"w-iconbox-title\">GPS-Hundeortung<\/h2><\/div><\/div><div class=\"w-separator size_small\"><\/div><div class=\"wpb_text_column\"><div class=\"wpb_wrapper\"><p>Wissen, wo der Hund ist &#8211; und noch viel mehr! Revierwelt unterst\u00fctzt Sie bei der Hundearbeit. Mit der GPS-Hundeortung von Revierwelt wissen Sie immer, wo Ihr Hund sich gerade befindet. In Echtzeit.<\/p>\n<p>Die GPS-Ortung arbeitet dabei unabh\u00e4ngig von Ihrem Standort: Sie k\u00f6nnen den Hund sehen, egal wo Sie sich selbst gerade befinden. Und das beste: jedes Mitglied Ihres Reviers kann das ebenfalls &#8211; nat\u00fcrlich nur, wenn Sie das m\u00f6chten.<\/p>\n<p>Au\u00dferdem bietet die GPS-Hundeortung praktische Funktionen f\u00fcr Hunde- und Nachsuchef\u00fchrer. So k\u00f6nnen Sie z.B. \u00dcbungsf\u00e4hrten legen und in Echtzeit \u00fcberpr\u00fcfen, ob der Hund sich noch auf der F\u00e4hrte befindet und vieles mehr.<\/p>\n<p>Reviere, die mit der Revierwelt Hundeortung ausgestattet sind, k\u00f6nnen unbegrenzt viele Hunde orten. Gegenseitige standortunabh\u00e4ngige Freigaben unterst\u00fctzen die Hundef\u00fchrer bei der Suche nach dem Hund, so dass beteiligte Personen diesen ebenfalls orten k\u00f6nnen.<\/p>\n<\/div><\/div><div class=\"w-separator size_medium\"><\/div><\/div><\/div><\/div><div class=\"vc_col-sm-6 wpb_column vc_column_container has_bg_color us_animate_afr\"><div class=\"vc_column-inner us_custom_b225af89\"><div class=\"wpb_wrapper\"><div class=\"w-separator blank-column size_custom\" style=\"height:10px\"><\/div><\/div><\/div><\/div><\/div><\/div><\/section><section class=\"l-section wpb_row height_auto width_full\"><div class=\"l-section-h i-cf\"><div class=\"g-cols vc_row via_flex valign_middle type_boxes stacking_default\"><div class=\"vc_col-sm-6 wpb_column vc_column_container has_bg_color us_animate_afl\"><div class=\"vc_column-inner us_custom_b2c1285a\"><div class=\"wpb_wrapper\"><div class=\"w-separator blank-column size_custom\" style=\"height:10px\"><\/div><\/div><\/div><\/div><div class=\"vc_col-sm-6 wpb_column vc_column_container us_animate_afr\"><div class=\"vc_column-inner\"><div class=\"wpb_wrapper\"><div class=\"w-iconbox iconpos_left style_default color_primary align_left no_text icontype_img\"><div class=\"w-iconbox-icon\" style=\"font-size:40px;\"><img loading=\"lazy\" decoding=\"async\" width=\"512\" height=\"512\" src=\"https:\/\/revierwelt.de\/wp-content\/uploads\/2018\/01\/cropped-Logo_emblem_black.png\" class=\"attachment-full size-full\" alt=\"\" srcset=\"https:\/\/revierwelt.de\/wp-content\/uploads\/2018\/01\/cropped-Logo_emblem_black.png 512w, https:\/\/revierwelt.de\/wp-content\/uploads\/2018\/01\/cropped-Logo_emblem_black-150x150.png 150w, https:\/\/revierwelt.de\/wp-content\/uploads\/2018\/01\/cropped-Logo_emblem_black-300x300.png 300w, https:\/\/revierwelt.de\/wp-content\/uploads\/2018\/01\/cropped-Logo_emblem_black-180x180.png 180w, https:\/\/revierwelt.de\/wp-content\/uploads\/2018\/01\/cropped-Logo_emblem_black-350x350.png 350w, https:\/\/revierwelt.de\/wp-content\/uploads\/2018\/01\/cropped-Logo_emblem_black-270x270.png 270w, https:\/\/revierwelt.de\/wp-content\/uploads\/2018\/01\/cropped-Logo_emblem_black-192x192.png 192w, https:\/\/revierwelt.de\/wp-content\/uploads\/2018\/01\/cropped-Logo_emblem_black-32x32.png 32w\" sizes=\"auto, (max-width: 512px) 100vw, 512px\" \/><\/div><div class=\"w-iconbox-meta\"><h2 class=\"w-iconbox-title\">Fallen\u00fcberwachung<\/h2><\/div><\/div><div class=\"w-separator size_small\"><\/div><div class=\"wpb_text_column\"><div class=\"wpb_wrapper\"><p>Mit der einzigartigen Fallen\u00fcberwachung in Revierwelt arbeiten Sie absolut tierschutzgerecht. Dabei ist Revierwelt kompatibel mit fast allen am Markt erh\u00e4ltlichen Fallenmeldern und arbeitet absolut zuverl\u00e4ssig &#8211; f\u00fcr Sie! So sparen Sie unn\u00f6tige Kontrollfahrten und somit Kosten und Zeit.<\/p>\n<p>Sie k\u00f6nnen Ihren Fallenmelder so konfigurieren, dass er die Fang- und Statusmeldungen an Revierwelt sendet. Der Vorteil: Revierwelt \u00fcbernimmt das t\u00e4gliche Kontrollieren der Falle und sendet Ihnen nur dann eine Nachricht, wenn Sie eingreifen m\u00fcssen. So k\u00f6nnen auch professionelle Anwender spielend leicht \u00fcber 100 Fallen parallel verwalten.<\/p>\n<p>Revierwelt stellt jederzeit sicher, dass jedes angebundene Ger\u00e4t einwandfrei arbeitet und sendet Ihnen oder Ihren Reviermitgliedern nur bei St\u00f6rungen eine Nachricht. So werden unn\u00f6tige Kontrollfahrten vermieden und Sie sparen ganz nebenbei auch noch Fahrtkosten.<\/p>\n<\/div><\/div><\/div><\/div><\/div><\/div><\/div><\/section><section class=\"l-section wpb_row height_auto width_full\"><div class=\"l-section-h i-cf\"><div class=\"g-cols vc_row via_flex valign_middle type_boxes stacking_default\"><div class=\"vc_col-sm-6 wpb_column vc_column_container us_animate_afl\"><div class=\"vc_column-inner\"><div class=\"wpb_wrapper\"><div class=\"w-iconbox iconpos_left style_default color_primary align_left no_text icontype_img\"><div class=\"w-iconbox-icon\" style=\"font-size:40px;\"><img loading=\"lazy\" decoding=\"async\" width=\"512\" height=\"512\" src=\"https:\/\/revierwelt.de\/wp-content\/uploads\/2018\/01\/cropped-Logo_emblem_black.png\" class=\"attachment-full size-full\" alt=\"\" srcset=\"https:\/\/revierwelt.de\/wp-content\/uploads\/2018\/01\/cropped-Logo_emblem_black.png 512w, https:\/\/revierwelt.de\/wp-content\/uploads\/2018\/01\/cropped-Logo_emblem_black-150x150.png 150w, https:\/\/revierwelt.de\/wp-content\/uploads\/2018\/01\/cropped-Logo_emblem_black-300x300.png 300w, https:\/\/revierwelt.de\/wp-content\/uploads\/2018\/01\/cropped-Logo_emblem_black-180x180.png 180w, https:\/\/revierwelt.de\/wp-content\/uploads\/2018\/01\/cropped-Logo_emblem_black-350x350.png 350w, https:\/\/revierwelt.de\/wp-content\/uploads\/2018\/01\/cropped-Logo_emblem_black-270x270.png 270w, https:\/\/revierwelt.de\/wp-content\/uploads\/2018\/01\/cropped-Logo_emblem_black-192x192.png 192w, https:\/\/revierwelt.de\/wp-content\/uploads\/2018\/01\/cropped-Logo_emblem_black-32x32.png 32w\" sizes=\"auto, (max-width: 512px) 100vw, 512px\" \/><\/div><div class=\"w-iconbox-meta\"><h2 class=\"w-iconbox-title\">Wildkameraverwaltung<\/h2><\/div><\/div><div class=\"w-separator size_small\"><\/div><div class=\"wpb_text_column\"><div class=\"wpb_wrapper\"><p>Die Wildkamera\u00fcberwachung in Revierwelt erm\u00f6glicht es Ihnen, Ihr Revier immer im Blick zu behalten. Dazu binden Sie einfach Ihre bereits vorhandene Wildkamera an Revierwelt an. Zu kompliziert? Wir \u00fcbernehmen das gerne f\u00fcr Sie.<\/p>\n<p>\u00dcbrigens unterst\u00fctzt Revierwelt mittels k\u00fcnstlicher Intelligenz die automatische Analyse von Wildarten und ist damit die einzige Software, die dass im europ\u00e4ischen Raum kann.<\/p>\n<p>Fakt ist: Revierwelt ist kompatibel mit allen am Markt erh\u00e4ltlichen Wildkameras, die ihre Bilder und\/oder Videos versenden k\u00f6nnen. Dadurch haben Sie folgende Vorteile:<\/p>\n<ul>\n<li>Verwaltung und Sammlung der Bilder an einem Ort. Gemeinsam mit allen Mitj\u00e4gern im Revier.<\/li>\n<li>Katalogisieren von Bildern direkt in der App oder am PC, um so sp\u00e4ter nach Bildern suchen zu k\u00f6nnen. Dadurch k\u00f6nnen Sie nachvollziehen, welches St\u00fcck an welchem Ort gesichtet wurde. Mittels KI &#8211; k\u00fcnstlicher Intelligenz &#8211; erkennt Revierwelt dabei die Objekte auf den Bildern.<\/li>\n<li>Die Bilder jeder Wildkamera werden auf Wunsch an Sie und Ihre Reviermitglieder versendet. Hierbei k\u00f6nnen Sie bestimmen auf welchem Weg: direkt in die Revierwelt-App oder einfach nur per E-Mail.<\/li>\n<li>Revierwelt bietet eine \u00fcbersichtliche Verwaltung der Bilder an einem Ort. Gemeinsam oder allein. Sie bestimmen, wer in Ihrem Revier was sehen darf.<\/li>\n<li>Automatische Analyse der Bilder mittels k\u00fcnstlicher Intelligenz. Sie k\u00f6nnen Regeln hinterlegen, so dass Sie nur dann benachrichtigt werden, wenn eine Wildart erkannt wurde.<\/li>\n<\/ul>\n<p>Mit unserer Revierwelt LTE Cam plus bieten wir Ihnen die momentan einzige Kamera an, die komplett aus Revierwelt heraus gesteuert wird und gleichzeitig sogar rechtskonform als Fallenmelder genutzt werden kann. Zwei Produkte in einem.<\/p>\n<\/div><\/div><\/div><\/div><\/div><div class=\"vc_col-sm-6 wpb_column vc_column_container has_bg_color us_animate_afr\"><div class=\"vc_column-inner us_custom_52df797f\"><div class=\"wpb_wrapper\"><div class=\"w-separator blank-column size_custom\" style=\"height:10px\"><\/div><\/div><\/div><\/div><\/div><\/div><\/section><section class=\"l-section wpb_row height_auto width_full\"><div class=\"l-section-h i-cf\"><div class=\"g-cols vc_row via_flex valign_middle type_boxes stacking_default\"><div class=\"vc_col-sm-6 wpb_column vc_column_container has_bg_color us_animate_afl\"><div class=\"vc_column-inner us_custom_2d17f59a\"><div class=\"wpb_wrapper\"><div class=\"w-separator size_custom\" style=\"height:10px\"><\/div><\/div><\/div><\/div><div class=\"vc_col-sm-6 wpb_column vc_column_container us_animate_afr\"><div class=\"vc_column-inner\"><div class=\"wpb_wrapper\"><div class=\"w-iconbox iconpos_left style_default color_primary align_left no_text icontype_img\"><div class=\"w-iconbox-icon\" style=\"font-size:40px;\"><img loading=\"lazy\" decoding=\"async\" width=\"512\" height=\"512\" src=\"https:\/\/revierwelt.de\/wp-content\/uploads\/2018\/01\/cropped-Logo_emblem_black.png\" class=\"attachment-full size-full\" alt=\"\" srcset=\"https:\/\/revierwelt.de\/wp-content\/uploads\/2018\/01\/cropped-Logo_emblem_black.png 512w, https:\/\/revierwelt.de\/wp-content\/uploads\/2018\/01\/cropped-Logo_emblem_black-150x150.png 150w, https:\/\/revierwelt.de\/wp-content\/uploads\/2018\/01\/cropped-Logo_emblem_black-300x300.png 300w, https:\/\/revierwelt.de\/wp-content\/uploads\/2018\/01\/cropped-Logo_emblem_black-180x180.png 180w, https:\/\/revierwelt.de\/wp-content\/uploads\/2018\/01\/cropped-Logo_emblem_black-350x350.png 350w, https:\/\/revierwelt.de\/wp-content\/uploads\/2018\/01\/cropped-Logo_emblem_black-270x270.png 270w, https:\/\/revierwelt.de\/wp-content\/uploads\/2018\/01\/cropped-Logo_emblem_black-192x192.png 192w, https:\/\/revierwelt.de\/wp-content\/uploads\/2018\/01\/cropped-Logo_emblem_black-32x32.png 32w\" sizes=\"auto, (max-width: 512px) 100vw, 512px\" \/><\/div><div class=\"w-iconbox-meta\"><h2 class=\"w-iconbox-title\">Dr\u00fcckjagd<\/h2><\/div><\/div><div class=\"w-separator size_small\"><\/div><div class=\"wpb_text_column\"><div class=\"wpb_wrapper\"><p>Der erste Schritt zur Erstellung einer Dr\u00fcckjagd ist immer die Erstellung einer Textvorlage \u00fcber den Men\u00fcpunkt\u00a0<strong><a href=\"https:\/\/wiki.revierwelt.de\/index.php\/knowledge-base\/drueckjagd-textvorlagen\/\">Dr\u00fcckjagd Textvorlagen<\/a><\/strong>. Wenn Sie die Textvorlagen f\u00fcr die J\u00e4ger und die Treiber erstellt haben, wechseln Sie in den Men\u00fcpunkt\u00a0<strong><a href=\"https:\/\/wiki.revierwelt.de\/index.php\/knowledge-base\/drueckjagdeinladungen\/\">Dr\u00fcckjagdeinladungen<\/a><\/strong>. Hier laden Sie die J\u00e4ger und die Treiber \u00fcber die zuvor erstellten Textvorlagen ein.<\/p>\n<p>Nachdem Sie die Textvorlagen erstellt und die J\u00e4ger und Treiber eingeladen haben, folgt als n\u00e4chster Schritt die\u00a0<a href=\"https:\/\/wiki.revierwelt.de\/index.php\/knowledge-base\/drueckjagd\/\"><strong>Dr\u00fcckjagdplanung<\/strong><\/a>. Hier legen Sie s\u00e4mtliche Daten zu Ihrer geplanten Dr\u00fcckjagd an: Jagdgebiet, Treffpunkt, Ansteller, Sch\u00fctzenst\u00e4nde, Treiberwehren. Ihr jeweiliger Planungsstand kann gesichert und jederzeit abgerufen und ver\u00e4ndert werden.<\/p>\n<p>Am Tage der Dr\u00fcckjagd starten Sie die Jagd \u00fcber die Funktion\u00a0<strong><a href=\"https:\/\/wiki.revierwelt.de\/index.php\/knowledge-base\/drueckjagddurchfuehrung\/\">Dr\u00fcckjagddurchf\u00fchrung<\/a><\/strong>. Hier k\u00f6nnen Sie allen Teilnehmern einen Zugangslink senden, mit dem sich diese in die Echtzeitdarstellung der Dr\u00fcckjagd einklinken k\u00f6nnen. Hier werden auch alle gemeldeten Positionen (Erlegungen, erforderliche Nachsuchen, Unf\u00e4lle etc.) angezeigt.<\/p>\n<p>Die Revierwelt Standkarte App ist Bestandteil der Revierwelt Dr\u00fcckjagdplanung. Mit der Standkarte App haben Sie die M\u00f6glichkeit, alle relevanten Informationen zur Dr\u00fcckjagd abzurufen und Ihrerseits Anblicke, abgegebene Sch\u00fcsse oder Erlegungen w\u00e4hrend oder direkt nach der Jagd einzugeben.<\/p>\n<p>Revierwelt bietet au\u00dferdem die M\u00f6glichkeit, eigene Wildmarken zur Identifikation des erlegten St\u00fccks zu erstellen und ist mit vielen Herstellern am Markt kompatibel. Sowohl NFC-Chips als auch QR-Codes werden unterst\u00fctzt. Mit Revierwelt haben Sie alle Prozesse an einem Ort vollst\u00e4ndig im Griff. Von der Erlegung bis zur Wildvermarktung ist alles m\u00f6glich.<\/p>\n<\/div><\/div><\/div><\/div><\/div><\/div><\/div><\/section><section class=\"l-section wpb_row height_auto width_full\"><div class=\"l-section-h i-cf\"><div class=\"g-cols vc_row via_flex valign_middle type_boxes stacking_default\"><div class=\"vc_col-sm-6 wpb_column vc_column_container us_animate_afl\"><div class=\"vc_column-inner\"><div class=\"wpb_wrapper\"><div class=\"w-iconbox iconpos_left style_default color_primary align_left no_text icontype_img\"><div class=\"w-iconbox-icon\" style=\"font-size:40px;\"><img loading=\"lazy\" decoding=\"async\" width=\"512\" height=\"512\" src=\"https:\/\/revierwelt.de\/wp-content\/uploads\/2018\/01\/cropped-Logo_emblem_black.png\" class=\"attachment-full size-full\" alt=\"\" srcset=\"https:\/\/revierwelt.de\/wp-content\/uploads\/2018\/01\/cropped-Logo_emblem_black.png 512w, https:\/\/revierwelt.de\/wp-content\/uploads\/2018\/01\/cropped-Logo_emblem_black-150x150.png 150w, https:\/\/revierwelt.de\/wp-content\/uploads\/2018\/01\/cropped-Logo_emblem_black-300x300.png 300w, https:\/\/revierwelt.de\/wp-content\/uploads\/2018\/01\/cropped-Logo_emblem_black-180x180.png 180w, https:\/\/revierwelt.de\/wp-content\/uploads\/2018\/01\/cropped-Logo_emblem_black-350x350.png 350w, https:\/\/revierwelt.de\/wp-content\/uploads\/2018\/01\/cropped-Logo_emblem_black-270x270.png 270w, https:\/\/revierwelt.de\/wp-content\/uploads\/2018\/01\/cropped-Logo_emblem_black-192x192.png 192w, https:\/\/revierwelt.de\/wp-content\/uploads\/2018\/01\/cropped-Logo_emblem_black-32x32.png 32w\" sizes=\"auto, (max-width: 512px) 100vw, 512px\" \/><\/div><div class=\"w-iconbox-meta\"><h2 class=\"w-iconbox-title\">Revierwelt-Community<\/h2><\/div><\/div><div class=\"w-separator size_small\"><\/div><div class=\"wpb_text_column\"><div class=\"wpb_wrapper\"><p>In unserer Revierwelt-Community k\u00f6nnen Sie sich mit J\u00e4gern auf der ganzen Welt vernetzen. Wenn Sie sich bei Revierwelt registrieren, k\u00f6nnen Sie anderen J\u00e4gern Freundschaftsanfragen senden und auch erhalten. So errichten Sie mit der Zeit ein Netzwerk von Menschen, die Ihre Begeisterung f\u00fcr die Jagd teilen.<\/p>\n<p>In der Revierwelt-Community k\u00f6nnen Sie Ihren momentanen Status, Ihren Standort sowie Ihre jagdlichen Erlebnisse ver\u00f6ffentlichen und so mit Ihren Freunden teilen. Dies funktioniert sowohl in Text- als auch in Bildform oder mit Hilfe von Videos.<\/p>\n<p>Eine Vielzahl von jagdlichen Organisationen, Verb\u00e4nden und Unternehmen sind bereits bei Revierwelt vertreten. Abonnieren Sie deren Seite und bleiben Sie immer auf dem Laufenden. Sie k\u00f6nnen auch selbst Gruppen zu jagdlichen Themen gr\u00fcnden, andere Revierwelt-Nutzer dazu einladen oder anderen Gruppen beitreten und sich dort austauschen.<\/p>\n<\/div><\/div><\/div><\/div><\/div><div class=\"vc_col-sm-6 wpb_column vc_column_container has_bg_color us_animate_afr\"><div class=\"vc_column-inner us_custom_9b39d8ad\"><div class=\"wpb_wrapper\"><div class=\"w-separator blank-column size_custom\" style=\"height:10px\"><\/div><\/div><\/div><\/div><\/div><\/div><\/section><section class=\"l-section wpb_row height_auto width_full\"><div class=\"l-section-h i-cf\"><div class=\"g-cols vc_row via_flex valign_middle type_boxes stacking_default\"><div class=\"vc_col-sm-6 wpb_column vc_column_container has_bg_color us_animate_afl\"><div class=\"vc_column-inner us_custom_aca726bf\"><div class=\"wpb_wrapper\"><div class=\"w-separator size_custom\" style=\"height:10px\"><\/div><\/div><\/div><\/div><div class=\"vc_col-sm-6 wpb_column vc_column_container us_animate_afr\"><div class=\"vc_column-inner\"><div class=\"wpb_wrapper\"><div class=\"w-iconbox iconpos_left style_default color_primary align_left no_text icontype_img\"><div class=\"w-iconbox-icon\" style=\"font-size:40px;\"><img loading=\"lazy\" decoding=\"async\" width=\"512\" height=\"512\" src=\"https:\/\/revierwelt.de\/wp-content\/uploads\/2018\/01\/cropped-Logo_emblem_black.png\" class=\"attachment-full size-full\" alt=\"\" srcset=\"https:\/\/revierwelt.de\/wp-content\/uploads\/2018\/01\/cropped-Logo_emblem_black.png 512w, https:\/\/revierwelt.de\/wp-content\/uploads\/2018\/01\/cropped-Logo_emblem_black-150x150.png 150w, https:\/\/revierwelt.de\/wp-content\/uploads\/2018\/01\/cropped-Logo_emblem_black-300x300.png 300w, https:\/\/revierwelt.de\/wp-content\/uploads\/2018\/01\/cropped-Logo_emblem_black-180x180.png 180w, https:\/\/revierwelt.de\/wp-content\/uploads\/2018\/01\/cropped-Logo_emblem_black-350x350.png 350w, https:\/\/revierwelt.de\/wp-content\/uploads\/2018\/01\/cropped-Logo_emblem_black-270x270.png 270w, https:\/\/revierwelt.de\/wp-content\/uploads\/2018\/01\/cropped-Logo_emblem_black-192x192.png 192w, https:\/\/revierwelt.de\/wp-content\/uploads\/2018\/01\/cropped-Logo_emblem_black-32x32.png 32w\" sizes=\"auto, (max-width: 512px) 100vw, 512px\" \/><\/div><div class=\"w-iconbox-meta\"><h2 class=\"w-iconbox-title\">Marktplatz &amp; private Inserate<\/h2><\/div><\/div><div class=\"w-separator size_small\"><\/div><div class=\"wpb_text_column\"><div class=\"wpb_wrapper\"><p>S\u00e4mtliche Revierwelt-Produkte &#8211; GPS-Tracker, Wildkameras, Fallenmelder und das komplette Zubeh\u00f6r &#8211; k\u00f6nnen Sie auf unserem Revierwelt-Marktplatz erwerben. Au\u00dferdem sind hier viele Hersteller und H\u00e4ndler aus dem Jagdbereich vertreten, so dass Sie alle f\u00fcr die Jagd ben\u00f6tigten Produkte ebenfalls auf unserem Marktplatz kaufen k\u00f6nnen.<\/p>\n<p>Und nicht nur das &#8211; Sie k\u00f6nnen sogar auch Ihre eigenen Artikel \u00fcber die Revierwelt-App als privates Inserat auf unserem Marktplatz anbieten oder Artikel anderer Revierwelt-Nutzer erwerben. Revierwelt Inserate sind Kleinanzeigen f\u00fcr die Jagd \u2013 Ihr online Marktplatz zum Kaufen, Verkaufen, Tauschen und mehr rund um das Thema Jagd.<\/p>\n<p>Abgerundet wird unser Angebot durch unser Wildbretmarkt, der Ihnen die M\u00f6glichkeit bietet, Ihr Wildbret direkt aus der Revierwelt-Fleischverwaltung heraus per Mausklick \u00fcber das Internet einem breiten K\u00e4uferkreis anzubieten. Nat\u00fcrlich auch nur einer kleinen Gruppe von K\u00e4ufern &#8211; je nach Bedarf.<\/p>\n<\/div><\/div><\/div><\/div><\/div><\/div><\/div><\/section><section class=\"l-section wpb_row height_medium color_primary\"><div class=\"l-section-h i-cf\"><div class=\"g-cols vc_row via_flex valign_top type_default stacking_default\"><div class=\"vc_col-sm-12 wpb_column vc_column_container us_animate_afb\"><div class=\"vc_column-inner\"><div class=\"wpb_wrapper\"><div class=\"w-actionbox color_primary controls_right\"><div class=\"w-actionbox-text\"><h2 class=\"w-actionbox-title\">\u00dcberzeugen Sie sich selbst von Revierwelt!<\/h2><\/div><div class=\"w-actionbox-controls\"><a class=\"w-btn us-btn-style_6 icon_atleft\" href=\"https:\/\/portal.revierwelt.de\/\" style=\"font-size:19px;\"><i class=\"fas fa-user-plus\"><\/i><span class=\"w-btn-label\">Jetzt registrieren!<\/span><\/a><\/div><\/div><\/div><\/div><\/div><\/div><\/div><\/section>\n","protected":false},"excerpt":{"rendered":"REVIERWELT.\u00a0Gemeinsam. Zuverl\u00e4ssig. Sicher. Revierwelt begleitet Sie und Ihre Mitj\u00e4ger mit \u00fcber 120 verschiedenen Funktionen durch den Jagdalltag. Sie entscheiden, welche Funktion Sie in Ihrem Revier nutzen m\u00f6chten. RevierverwaltungEine zentrale Funktion der Revierverwaltung ist z.B. die Revierkarte, auf der Sie alle Objekte Ihres Reviers erfassen. Neben Kanzeln, Ansitzen und Pirschbezirken k\u00f6nnen auch Fuchsbauten, Salzlecken oder jedes...","protected":false},"author":4,"featured_media":0,"parent":0,"menu_order":0,"comment_status":"closed","ping_status":"closed","template":"","meta":{"footnotes":""},"class_list":["post-23211","page","type-page","status-publish","hentry"],"_links":{"self":[{"href":"https:\/\/revierwelt.de\/index.php\/wp-json\/wp\/v2\/pages\/23211","targetHints":{"allow":["GET"]}}],"collection":[{"href":"https:\/\/revierwelt.de\/index.php\/wp-json\/wp\/v2\/pages"}],"about":[{"href":"https:\/\/revierwelt.de\/index.php\/wp-json\/wp\/v2\/types\/page"}],"author":[{"embeddable":true,"href":"https:\/\/revierwelt.de\/index.php\/wp-json\/wp\/v2\/users\/4"}],"replies":[{"embeddable":true,"href":"https:\/\/revierwelt.de\/index.php\/wp-json\/wp\/v2\/comments?post=23211"}],"version-history":[{"count":0,"href":"https:\/\/revierwelt.de\/index.php\/wp-json\/wp\/v2\/pages\/23211\/revisions"}],"wp:attachment":[{"href":"https:\/\/revierwelt.de\/index.php\/wp-json\/wp\/v2\/media?parent=23211"}],"curies":[{"name":"wp","href":"https:\/\/api.w.org\/{rel}","templated":true}]}}