{"id":24652,"date":"2018-07-18T15:47:08","date_gmt":"2018-07-18T13:47:08","guid":{"rendered":"https:\/\/revierwelt.de\/?page_id=24652"},"modified":"2019-09-18T12:18:42","modified_gmt":"2019-09-18T10:18:42","slug":"alb","status":"publish","type":"page","link":"https:\/\/revierwelt.de\/index.php\/alb\/","title":{"rendered":"Allgemeine Leistungsbedingungen"},"content":{"rendered":"<p><strong>I. Geltungsbereich<\/strong><\/p>\n<p>Betreiber dieser Webseiten ist die\u00a0<a href=\"https:\/\/revierwelt.de\/index.php\/impressum\/\">REVIERWELT MEDIA GmbH<\/a>\u00a0(<strong>REVIERWELT MEDIA<\/strong>). Diese Allgemeinen Leistungsbedingungen (ALB) gelten in ihrer zum Zeitpunkt der Benutzungsaufnahme (Registrierung, Anmeldung, Anzeigen- bzw. Werbeschaltung oder sonstigen Nutzung) g\u00fcltigen Fassung f\u00fcr alle Gesch\u00e4ftsbeziehungen zwischen REVIERWELT MEDIA und dem Nutzer der Webseiten (Verbraucher oder Unternehmer). Von diesen ALB abweichende ALB oder sonstige Bedingungen des Nutzers gelten nur insoweit, als REVIERWELT MEDIA schriftlich zugestimmt hat.<\/p>\n<p>Verbraucher ist, wer nicht Unternehmer ist. Unternehmer ist eine nat\u00fcrliche oder juristische Person oder eine rechtsf\u00e4hige Personengesellschaft, die bei Abschluss eines Rechtsgesch\u00e4fts in Aus\u00fcbung ihrer gewerblichen oder selbstst\u00e4ndigen beruflichen T\u00e4tigkeit handelt (\u00a7 14 Absatz 1 BGB). Sofern der Unternehmer nicht in Aus\u00fcbung seiner gewerblichen oder selbstst\u00e4ndigen T\u00e4tigkeit handelt, kommen ihm ebenfalls die f\u00fcr Verbraucher bestimmten Rechte zugute und gilt er als Verbraucher im Sinne dieser ALB.<\/p>\n<p><strong>II. Datenschutz<\/strong><\/p>\n<p>Die Verwendung von personenbezogenen Daten unterliegt besonderen Regelungen. Klicken Sie\u00a0<a href=\"https:\/\/revierwelt.de\/index.php\/datenschutzerklaerung\/\"><strong>hier<\/strong><\/a>, um die Datenschutzbestimmungen einzusehen.<\/p>\n<p><strong>III. Nutzung der Webseiteninhalte und Rechte<\/strong><\/p>\n<p>1. Vorbehalt der Verf\u00fcgbarkeit<\/p>\n<p>Die auf diesen Webseiten verf\u00fcgbaren Informationen und Leistungen erbringt REVIERWELT MEDIA unter Vorbehalt, insbesondere unter dem Vorbehalt ihrer Verf\u00fcgbarkeit und\/oder der Einhaltung der Regelungen dieser ALB durch den Nutzer.<\/p>\n<p>2. Urheberrechtlicher Schutz der Webseiten<\/p>\n<p>Die Inhalte der Webseiten sind im gesetzlichen Umfang urheberrechtlich gesch\u00fctzt. Soweit sich aus dem Gesetz im Einzelfall nichts anderes ergibt, ist jede Nutzung (zum Beispiel Vervielf\u00e4ltigung, Verbreitung und\/oder \u00f6ffentliche Zug\u00e4nglichmachung) der gesch\u00fctzten Inhalte nur mit vorheriger schriftlicher Einwilligung durch REVIERWELT MEDIA zul\u00e4ssig. Auch im Falle dieser Einwilligung d\u00fcrfen die gesch\u00fctzten Inhalte nur mit Quellenangabe genutzt werden. F\u00fcr einen unmittelbar bzw. mittelbar Erwerbszwecken dienenden Gebrauch der Inhalte durch den Nutzer ist eine besondere vorherige schriftliche Einwilligung durch REVIERWELT MEDIA erforderlich.<\/p>\n<p>Verlinkungen auf urheberrechtlich gesch\u00fctzte Inhalte der Webseiten von REVIERWELT MEDIA sind nur zul\u00e4ssig, wenn die Verlinkungen unmittelbar auf die Webseiten von REVIERWELT MEDIA f\u00fchren bzw. Zugangssperren nicht umgangen werden. Vorausgesetzt ist au\u00dferdem die Erkennbarkeit der Verlinkung f\u00fcr Dritte.<\/p>\n<p>3. Urheberrechte an durch den Nutzer \u00fcbermittelten Inhalten<\/p>\n<p>Das Urheberrecht f\u00fcr die vom Nutzer \u00fcbermittelten urheberrechtlich gesch\u00fctzten Inhalte verbleibt beim jeweiligen Urheber. Der Nutzer r\u00e4umt mit der \u00dcbermittlung (zum Beispiel Upload und\/oder Zusendung per E-Mail) dieser Inhalte jedoch REVIERWELT MEDIA das einfache, r\u00e4umlich, zeitlich und inhaltlich unbeschr\u00e4nkte Recht ein, diese Inhalte in k\u00f6rperlicher und unk\u00f6rperlicher Form auf alle Nutzungsarten zu nutzen. Diese Rechtseinr\u00e4umung umfasst insbesondere das an den Zweck der Ver\u00f6ffentlichung durch REVIERWELT MEDIA gebundene Recht, die Inhalte zu bearbeiten, sie zu vervielf\u00e4ltigen, zu verbreiten bzw. im Internet auf den Webseiten von REVIERWELT MEDIA \u00f6ffentlich wiederzugeben, jeweils unter Einschluss der Nutzung zu Werbezwecken f\u00fcr die Ver\u00f6ffentlichung durch REVIERWELT MEDIA (Bearbeitungs-, Vervielf\u00e4ltigungs- und Verbreitungsrecht sowie Recht der \u00f6ffentlichen Zug\u00e4nglichmachung).<\/p>\n<p><strong>IV. Registrierung<\/strong><\/p>\n<p>1. Nutzerangaben<\/p>\n<p>F\u00fcr Teilbereiche der Webseiten ist eine Registrierung erforderlich. Die Nutzung dieser geschlossenen Bereiche setzt die Vollj\u00e4hrigkeit des Nutzers, die Registrierung sowie wahrheitsgem\u00e4\u00dfe und vollst\u00e4ndige Angaben zur Person voraus. Der Nutzer ist au\u00dferdem verpflichtet, sp\u00e4tere \u00c4nderungen der Angaben zur Person beim n\u00e4chsten Besuch der jeweiligen Webseiten mitzuteilen.<\/p>\n<p>2. \u00dcberpr\u00fcfung der Nutzerangaben und Zugangssperre<\/p>\n<p>REVIERWELT MEDIA beh\u00e4lt sich im Rahmen des gesetzlich Zul\u00e4ssigen die \u00dcberpr\u00fcfung der Angaben zur Person des Nutzers vor. Au\u00dferdem beh\u00e4lt sich REVIERWELT MEDIA vor, den Zugang zu den geschlossenen Bereichen jederzeit zu sperren. Eine Zugangssperre erfolgt insbesondere dann, wenn der Nutzer bei der Registrierung falsche Angaben zur Person gemacht oder sonst gegen diese ALB versto\u00dfen hat.<\/p>\n<p><strong>V. Zustandekommen eines Vertrages, Inanspruchnahme von Nachrichten- \/ Datendiensten und Vertragsdauer<\/strong><\/p>\n<p>1. Vertragspartner<\/p>\n<p>Im Falle eines Vertragsschlusses kommt der Vertrag mit REVIERWELT MEDIA zustande. Weitere Einzelheiten \u00fcber REVIERWELT MEDIA lesen Sie\u00a0<a href=\"https:\/\/revierwelt.de\/index.php\/impressum\/\">hier<\/a>.<\/p>\n<p>2. Vertragsschluss<\/p>\n<p>Die Beschreibung der Leistungen durch REVIERWELT MEDIA stellt kein rechtlich bindendes Vertragsangebot durch REVIERWELT MEDIA dar, sondern ist nur eine unverbindliche Aufforderung an den Nutzer, Leistungen in Anspruch zu nehmen.<\/p>\n<p>Der Vertragsschluss erfolgt in folgenden Schritten:<\/p>\n<p>(a) Der Nutzer gibt mit dem Einrichten eines Passwort-gesch\u00fctzten Accounts \u00fcber die auf der Website angebotene Anmeldefunktion, ein Angebot auf Abschluss eines Vertrages ab.<br \/>\n(b) Nach Abschluss des Anmeldungsvorgangs kommt durch Zusendung einer die Anmeldung best\u00e4tigenden E-Mail an die von dem Nutzer angegebene E-Mail-Adresse zwischen REVIERWELT MEDIA und dem Nutzer ein Vertrag \u00fcber die Erbringung der vertragsgegenst\u00e4ndlichen Leistungen zustande.<\/p>\n<p>REVIERWELT MEDIA speichert den Vertragstext und sendet dem Nutzer die Bestelldaten mit den ALB per E-Mail zu. Die ALB kann der Nutzer jederzeit auch unter den Internetseiten von REVIERWELT MEDIA einsehen.<\/p>\n<p>3. Inanspruchnahme von Nachrichten- und Datendiensten<\/p>\n<p>Bevor der Nutzer entgeltliche Nachrichten-\/Datendienste in Anspruch nimmt, muss er sein revierbezogenes Nutzerkonto mit einem Guthaben ausstatten. Das Guthaben wird nicht zur\u00fcckerstattet.<\/p>\n<p>Dem Nutzer wird im Rahmen der jeweils vorhandenen technischen M\u00f6glichkeiten und Verf\u00fcgbarkeiten die Nutzung des Datenversands- und Empfangssystems erm\u00f6glicht. REVIERWELT MEDIA schuldet unter keinen Umst\u00e4nden den erfolgreichen Empfang oder die erfolgreiche Zustellung von Daten oder Textnachrichten. REVIERWELT MEDIA \u00fcbernimmt f\u00fcr den Nutzer unter Verwendung des Datenversendungs-\/Datenempfangssystems, auf welches REVIERWELT MEDIA unmittelbar und ohne Vermittlung Dritter zugreifen kann (Revierwelt-System) im jeweils vereinbarten Umfang und Kommunikationsformat (n\u00e4mlich Daten, SMS, E-Mail und Sprache) und unter dem Vorbehalt der Verf\u00fcgbarkeit die Bereithaltung der Website und der Datenkommunikationskan\u00e4le, des Revierwelt-Systems und des Accounts zur Eingabe von Textnachrichten und\/oder das zeitlich befristete Speichern von Textnachrichten und Daten zum Versand an die vom Nutzer als Zieladresse benannte Mobilfunknummer und\/oder zumutbare Leistungen mit dem Ziel, Daten, Text- oder Sprachnachrichten an die vom Nutzer benannten Kommunikationsschnittstelle, Ruf-\/Mobilfunknummern, E-Mailadresse zu \u00fcbermitteln. Revierwelt schuldet keinesfalls die erfolgreiche \u00dcbermittlung oder Entgegennahme der weiterzuleitenden Daten, Text-\/Sprachnachricht, sondern nur die Bereitstellung des Revierwelt-Systems und die Einleitung eines oder mehrerer Nachrichten-\/Daten\u00fcbertragungsversuche. Dem Nutzer ist insbesondere bewusst, dass auch bei vertragsgerechter Durchf\u00fchrung dieser Leistungen die weiterzuleitenden Daten\/Nachrichten verz\u00f6gert werden oder verloren gehen k\u00f6nnen, vor allem bei Unzustellbarkeit oder aus sonstigen Gr\u00fcnden, welche au\u00dferhalb des Revierwelt-Systems liegen (z.B. Kapazit\u00e4tsbegrenzungen oder die Nichtverf\u00fcgbarkeiten des Ziel-Mobilfunknetzes oder anderer Netz- und sonstiger Dienstleister, \u00fcber welche die Auslieferung und Verteilung der Daten, Text-\/Sprachnachricht erfolgt). Insbesondere schuldet REVIERWELT MEDIA nicht die f\u00fcr den Datentransport zwischen dem \u00dcbergabepunkt an das Internet durch das Revierwelt-System und dem Empfangsger\u00e4t der Zielnummer erforderlichen Telekommunikationsdienste.<\/p>\n<p>4. Laufzeit des Vertrags und K\u00fcndigung<\/p>\n<p>Der Vertrag wird f\u00fcr einen Zeitraum von zw\u00f6lf (12) Monaten geschlossen (Laufzeit). Er verl\u00e4ngert sich um jeweils weitere zw\u00f6lf Monate, sofern nicht der Nutzer den Vertrag mit einer Frist von einem Monat zum Ende der jeweiligen Laufzeit in Textform (Brief, Fax oder E-Mail) k\u00fcndigt.<\/p>\n<p>Das Recht zur K\u00fcndigung aus wichtigem Grund bleibt unber\u00fchrt. Ein wichtiger Grund liegt z.B. vor, wenn REVIERWELT MEDIA den Betrieb der Webseiten aufgibt.<\/p>\n<p><strong>VI. Preise, Zahlung, F\u00e4lligkeit<\/strong><\/p>\n<p>1. Preise<\/p>\n<p>Die Berechnung der Preise je Leistung der REVIERWELT MEDIA erfolgt auf der Grundlage der unter den Webseiten der REVIERWELT MEDIA ver\u00f6ffentlichten\u00a0<a href=\"https:\/\/revierwelt.de\/index.php\/24594-2\/\">Preisliste<\/a>. Ma\u00dfgeblich ist jeweils der im Zeitpunkt der Leistungsinanspruchnahme ver\u00f6ffentlichte Preis.<\/p>\n<p>Die Preise stehen unter dem Vorbehalt der \u00c4nderung (Ziffer X).<\/p>\n<p>Die angegebenen Preise enthalten stets die jeweilige gesetzliche Umsatzsteuer und sonstige Preisbestandteile.<\/p>\n<p>2. Zahlung, F\u00e4lligkeit<\/p>\n<p>Die Abrechnung erfolgt nach Inanspruchnahme der jeweiligen Leistung durch die automatische Abbuchung des Einzelpreises aus\u00a0dem in der Revierverwaltung\u00a0des Nutzers mit einem Guthaben aufgeladenen revierbezogenen Nutzerkonto.<\/p>\n<p>Der Daten-\/Nachrichtendienst steht nur mit einem positiv aufgeladenen Nutzerkonto zur Verf\u00fcgung. Der Nutzer kann das Konto einsehen und pr\u00fcfen. Das auf das Nutzerkonto aufgeladene Guthaben wird nicht zur\u00fcckerstattet.<\/p>\n<p>3. Ausschluss von Reklamationen<\/p>\n<p>Reklamationen sind nur mit einer Frist von einem Monat nach erfolgter Abbuchung des reklamierten Einzelpreises zul\u00e4ssig.<\/p>\n<p>4. Besondere Regelungen f\u00fcr Nutzer als Unternehmer<\/p>\n<p>Der Unternehmer schuldet REVIERWELT MEDIA w\u00e4hrend des Verzuges Zinsen in H\u00f6he von 8 Prozent \u00fcber dem jeweiligen Basiszinssatz auf die jeweilige Geldschuld. Der Nachweis \u00fcber einen h\u00f6heren Verzugszinsschaden bleibt vorbehalten. Der Unternehmer hat ein Recht zur Aufrechnung nur dann, wenn seine Gegenanspr\u00fcche unbestritten oder rechtskr\u00e4ftig festgestellt sind.<\/p>\n<p><strong>VII. Widerrufsrecht f\u00fcr Nutzer als Verbraucher<\/strong><\/p>\n<p><strong>Widerrufsbelehrung<\/strong><\/p>\n<p><strong>Widerrufsrecht<\/strong><\/p>\n<p><strong>Sie k\u00f6nnen Ihre Vertragserkl\u00e4rung innerhalb von 14 Tagen ohne Angabe von Gr\u00fcnden in Textform (z. B. Brief, Fax, E-Mail) widerrufen. Die Frist beginnt nach Erhalt dieser Belehrung in Textform, jedoch nicht vor Vertragsschluss und auch nicht vor Erf\u00fcllung unserer Informationspflichten gem\u00e4\u00df Artikel 246 \u00a7 2 in Verbindung mit \u00a7 1 Absatz 1 und 2 EGBGB sowie unserer Pflichten gem\u00e4\u00df \u00a7 312g Absatz 1 Satz 1 BGB in Verbindung mit Artikel 246 \u00a7 3 EGBGB. Zur Wahrung der Widerrufsfrist gen\u00fcgt die rechtzeitige Absendung des Widerrufs. Der Widerruf ist zu richten an:<\/strong><\/p>\n<p><strong>REVIERWELT MEDIA GMBH<br \/>\nGesch\u00e4ftsf\u00fchrer: Alexander Vinnai<br \/>\nPestalozzistra\u00dfe 41<br \/>\n35606 Solms<br \/>\nsupport@revierwelt.de<\/strong><\/p>\n<p><strong>Widerrufsfolgen<\/strong><\/p>\n<p><strong>Im Falle eines wirksamen Widerrufs sind die beiderseits empfangenen Leistungen zur\u00fcckzugew\u00e4hren und ggf. gezogene Nutzungen (z. B. Zinsen) herauszugeben. K\u00f6nnen Sie uns die empfangene Leistung sowie Nutzungen (z. B. Gebrauchsvorteile) nicht oder teilweise nicht oder nur in verschlechtertem Zustand zur\u00fcckgew\u00e4hren beziehungsweise herausgeben, m\u00fcssen Sie uns insoweit Wertersatz leisten. Dies kann dazu f\u00fchren, dass Sie die vertraglichen Zahlungsverpflichtungen f\u00fcr den Zeitraum bis zum Widerruf gleichwohl erf\u00fcllen m\u00fcssen. Verpflichtungen zur Erstattung von Zahlungen m\u00fcssen innerhalb von 30 Tagen erf\u00fcllt werden. Die Frist beginnt f\u00fcr Sie mit der Absendung Ihrer Widerrufserkl\u00e4rung, f\u00fcr uns mit deren Empfang.<\/strong><\/p>\n<p><strong>Besondere Hinweise<\/strong><\/p>\n<p><strong>Ihr Widerrufsrecht erlischt vorzeitig, wenn der Vertrag von beiden Seiten auf Ihren ausdr\u00fccklichen Wunsch vollst\u00e4ndig erf\u00fcllt ist, bevor Sie Ihr Widerrufsrecht ausge\u00fcbt haben.<\/strong><\/p>\n<p><strong>Ende der Widerrufsbelehrung.<\/strong><\/p>\n<p><strong>VIII. Haftung von REVIERWELT MEDIA<\/strong><\/p>\n<p>Die Haftung von REVIERWELT MEDIA ist bei leicht fahrl\u00e4ssigen Pflichtverletzungen ausgeschlossen, sofern diese Pflichtverletzungen keine vertragswesentlichen Pflichten oder Leben, Gesundheit oder K\u00f6rper oder Anspr\u00fcche nach dem Produkthaftungsgesetz betreffen. Dies gilt entsprechend auch f\u00fcr Pflichtverletzungen durch Mitarbeiter bzw. Erf\u00fcllungsgehilfen von REVIERWELT MEDIA.<\/p>\n<p>Nach dieser Ma\u00dfgabe \u00fcbernimmt REVIERWELT MEDIA insbesondere keine Haftung f\u00fcr die von den Nutzern zur Verf\u00fcgung gestellten Inhalte (zum Beispiel personenbezogene und\/oder sonstige Daten), vor allem die Vollst\u00e4ndigkeit bzw. inhaltliche Richtigkeit dieser Inhalte, im \u00dcbrigen auch keine Haftung f\u00fcr Nachteile, die dem Nutzer aus einer zeitweiligen Unerreichbarkeit der Webseite oder Teilen davon, aus dem Verlust von Daten bzw. aus \u00e4hnlichen technischen Problemen entstehen. Demgem\u00e4\u00df ist eine Haftung von REVIERWELT MEDIA insbesondere ausgeschlossen f\u00fcr systembedingte Ausf\u00e4lle, Unterbrechungen und\/oder St\u00f6rungen der Daten\u00fcbertragung sowie f\u00fcr die Nichteinhaltung der f\u00fcr das Angebot von REVIERWELT MEDIA ma\u00dfgeblichen Nutzungsanleitungen.<\/p>\n<p><strong>IX. Haftung des Nutzers<\/strong><\/p>\n<p>1. Haftung des Nutzers f\u00fcr die Verwendung des Passwortes<\/p>\n<p>Der Nutzer ist f\u00fcr die Geheimhaltung und Verwendung seines Passwortes selbst verantwortlich. Insbesondere ist der Nutzer verpflichtet, das Passwort mit besonderer Sorgfalt aufzubewahren und eine Kenntniserlangung von dem Passwort durch Dritte zu verhindern. Im Falle der unberechtigten Nutzung des Passwortes des Nutzers stellt der Nutzer REVIERWELT MEDIA von jeder Haftung frei, es sei denn, er hat die im Verkehr erforderliche Sorgfalt eingehalten. Der Nutzer ist verpflichtet, REVIERWELT MEDIA unverz\u00fcglich dar\u00fcber zu informieren, wenn Grund zu der Annahme besteht, dass das Passwort unbefugt verwendet wird.<\/p>\n<p>2. Haftung des Nutzers f\u00fcr seine Angaben<\/p>\n<p>Der Nutzer ist f\u00fcr die Richtigkeit und Aktualit\u00e4t seiner Angaben zur Person bzw. zum Unternehmen \u2013 einschlie\u00dflich der Berechtigung zur F\u00fchrung gesch\u00fctzter Berufsbezeichnungen \u2013 selbst verantwortlich. Macht der Nutzer falsche Angaben bzw. aktualisiert er seine Angaben nicht in angemessenen Zeitabst\u00e4nden, stellt der Nutzer REVIERWELT MEDIA im Hinblick auf seine Angaben von jeder Haftung frei, es sei denn, er hat die im Verkehr erforderliche Sorgfalt eingehalten.<\/p>\n<p>3. Haftung des Nutzers f\u00fcr \u00fcbermittelte Inhalte<\/p>\n<p>Der Nutzer versichert und steht mit der \u00dcbermittlung von Inhalten \u2013 gleich welchen Inhalts \u2013 daf\u00fcr ein, dass diese Inhalte vollumf\u00e4nglich Recht und Gesetz entsprechen. Vor allem versichert der Nutzer und steht er daf\u00fcr ein, dass er in die Webseiten keine Inhalte einstellt, die<\/p>\n<p>\u2013 gegen geltendes Recht, gesetzliche oder beh\u00f6rdliche Verbote bzw. gegen die guten Sitten versto\u00dfen,<br \/>\n\u2013 Rechte Dritter verletzen,<br \/>\n\u2013 pornografisch, beleidigend, bedrohend, bel\u00e4stigend, vulg\u00e4r, rassistisch, sonst diskriminierend oder in anderer Weise anst\u00f6\u00dfig sind,<br \/>\n\u2013 geltende Jugendschutzvorschriften verletzen bzw.<br \/>\n\u2013 als Missbrauch, insbesondere als Spam, zu werten sind.<\/p>\n<p>Insbesondere versichert und steht der Nutzer mit der \u00dcbermittlung von Inhalten daf\u00fcr ein, dass er \u00fcber diese Inhalte, vor allem im Umfang der Rechtseinr\u00e4umung gem\u00e4\u00df Ziffer IV, frei gegen\u00fcber REVIERWELT MEDIA verf\u00fcgen kann und die Inhalte keine Rechte Dritter, insbesondere das Recht am eigenen Bild, das allgemeine Pers\u00f6nlichkeitsrecht (zum Beispiel Namensrecht), das Zeichenrecht (zum Beispiel Markenrecht), sonstige gewerbliche Schutzrechte und\/oder das Urheber- bzw. Leistungsschutzrecht, beeintr\u00e4chtigen oder verletzen.<\/p>\n<p>F\u00fcr den Fall, dass der Nutzer gegen eine seiner in dieser Ziffer genannten Versicherungen verst\u00f6\u00dft, insbesondere f\u00fcr den Fall, dass Dritte gegen REVIERWELT MEDIA Rechte im Sinne der vorstehenden Abs\u00e4tze geltend machen, stellt der Nutzer REVIERWELT MEDIA einschlie\u00dflich der Kosten der Rechtsverteidigung vollumf\u00e4nglich frei, es sei denn, der Nutzer hat die im Verkehr erforderliche Sorgfalt eingehalten. Der Nutzer unterst\u00fctzt REVIERWELT MEDIA bei der Rechtsverteidigung, insbesondere durch Informationen.<\/p>\n<p><strong>X. Vorbehalt von \u00c4nderungen\/Modifikationen<\/strong><\/p>\n<p>REVIERWELT MEDIA beh\u00e4lt sich vor, die ALB und sonstige Bedingungen f\u00fcr die Benutzung der Internetseiten \u2013 einschlie\u00dflich der Preisliste \u2013 sowie der einzelnen Spezifikationen jederzeit zu \u00e4ndern. REVIERWELT MEDIA teilt eine \u00c4nderung dieser Bedingungen durch einen Hinweis auf den Webseiten mit.<\/p>\n<p>Der Nutzer erteilt seine Zustimmung zur Geltung der ge\u00e4nderten Bedingungen, soweit er nach Ver\u00f6ffentlichung eines solchen Hinweises auf die \u00c4nderung eine Benutzung unter den Webseiten von REVIERWELT MEDIA vollzieht.<\/p>\n<p>Mit der Ver\u00f6ffentlichung einer ge\u00e4nderten Fassung dieser ALB verlieren jeweils die vorhergehenden Fassungen ihre G\u00fcltigkeit.<\/p>\n<p><strong>XI. Erf\u00fcllungsort, Anwendbares Recht und Gerichtsstand<\/strong><\/p>\n<p>Im Verkehr zwischen REVIERWELT MEDIA und dem Nutzer, der Unternehmer ist, ist der ausschlie\u00dfliche Erf\u00fcllungsort und Gerichtsstand f\u00fcr alle Anspr\u00fcche \u2013 soweit zul\u00e4ssig \u2013 Amtsgericht Wetzlar bzw. Landgericht Limburg.<\/p>\n<p>Es gilt ausschlie\u00dflich das Recht der Bundesrepublik Deutschland. F\u00fcr den Verbraucher gilt diese Rechtswahl nur insoweit, als nicht der gew\u00e4hrte Schutz durch zwingende Bestimmungen des Rechts des Staates, in welchem der Verbraucher seinen gew\u00f6hnlichen Aufenthalt hat, entzogen wird.<\/p>\n<p><strong>XII. Salvatorische Klausel<\/strong><\/p>\n<p>Sind bzw. werden einzelne Bestimmungen dieser ALB unwirksam und\/oder nichtig, so bleibt die G\u00fcltigkeit der Bedingungen im \u00dcbrigen gleichwohl unber\u00fchrt. Unwirksame und\/oder nichtige Bestimmungen sollen so ersetzt werden, dass der angestrebte wirtschaftliche Zweck erreicht wird. Dies gilt entsprechend f\u00fcr die Ausf\u00fcllung von L\u00fccken in den ALB.<\/p>\n<p><strong>XIII. Verhaltenscodex<\/strong><\/p>\n<p>REVIERWELT MEDIA hat sich keinem Verhaltenscodex unterworfen.<\/p>\n<p>Stand der ALB: September 2012.<\/p>\n","protected":false},"excerpt":{"rendered":"<p>I. Geltungsbereich Betreiber dieser Webseiten ist die\u00a0REVIERWELT MEDIA GmbH\u00a0(REVIERWELT MEDIA). Diese Allgemeinen Leistungsbedingungen (ALB) gelten in ihrer zum Zeitpunkt der Benutzungsaufnahme (Registrierung, Anmeldung, Anzeigen- bzw. Werbeschaltung oder sonstigen Nutzung) g\u00fcltigen Fassung f\u00fcr alle Gesch\u00e4ftsbeziehungen zwischen REVIERWELT MEDIA und dem Nutzer der Webseiten (Verbraucher oder Unternehmer). Von diesen ALB abweichende ALB oder sonstige Bedingungen des Nutzers&#8230;<\/p>\n","protected":false},"author":4,"featured_media":0,"parent":0,"menu_order":0,"comment_status":"closed","ping_status":"closed","template":"","meta":{"footnotes":""},"class_list":["post-24652","page","type-page","status-publish","hentry"],"_links":{"self":[{"href":"https:\/\/revierwelt.de\/index.php\/wp-json\/wp\/v2\/pages\/24652","targetHints":{"allow":["GET"]}}],"collection":[{"href":"https:\/\/revierwelt.de\/index.php\/wp-json\/wp\/v2\/pages"}],"about":[{"href":"https:\/\/revierwelt.de\/index.php\/wp-json\/wp\/v2\/types\/page"}],"author":[{"embeddable":true,"href":"https:\/\/revierwelt.de\/index.php\/wp-json\/wp\/v2\/users\/4"}],"replies":[{"embeddable":true,"href":"https:\/\/revierwelt.de\/index.php\/wp-json\/wp\/v2\/comments?post=24652"}],"version-history":[{"count":0,"href":"https:\/\/revierwelt.de\/index.php\/wp-json\/wp\/v2\/pages\/24652\/revisions"}],"wp:attachment":[{"href":"https:\/\/revierwelt.de\/index.php\/wp-json\/wp\/v2\/media?parent=24652"}],"curies":[{"name":"wp","href":"https:\/\/api.w.org\/{rel}","templated":true}]}}