{"id":28790,"date":"2022-07-12T13:49:55","date_gmt":"2022-07-12T11:49:55","guid":{"rendered":"https:\/\/revierwelt.de\/?page_id=28790"},"modified":"2026-01-14T17:44:33","modified_gmt":"2026-01-14T16:44:33","slug":"declaration-of-conformity","status":"publish","type":"page","link":"https:\/\/revierwelt.de\/index.php\/declaration-of-conformity\/","title":{"rendered":"EU-Konformit\u00e4tserkl\u00e4rung der angebotenen Produkte"},"content":{"rendered":"<section class=\"l-section wpb_row height_medium color_alternate\" id=\"start\"><div class=\"l-section-h i-cf\"><div class=\"g-cols vc_row via_flex valign_top type_default stacking_default\"><div class=\"vc_col-sm-12 wpb_column vc_column_container\"><div class=\"vc_column-inner\"><div class=\"wpb_wrapper\"><div class=\"wpb_text_column\"><div class=\"wpb_wrapper\"><h2 style=\"text-align: center;\"><strong>REVIERWELT.<\/strong> Informationen und Konformit\u00e4tserkl\u00e4rungen.<\/h2>\n<\/div><\/div><\/div><\/div><\/div><\/div><\/div><\/section><section class=\"l-section wpb_row height_medium\"><div class=\"l-section-h i-cf\"><div class=\"g-cols vc_row via_flex valign_top type_default stacking_default\"><div class=\"vc_col-sm-12 wpb_column vc_column_container\"><div class=\"vc_column-inner\"><div class=\"wpb_wrapper\"><div class=\"wpb_text_column\"><div class=\"wpb_wrapper\"><p>Revierwelt arbeitet mit verschiedenen Herstellern zusammen, um die Produkte und Dienstleistungen anzubieten. Auf dieser Seite finden Sie die notwendigen EU-Konformit\u00e4tserkl\u00e4rungen und Zertifikate f\u00fcr die angebotenen Produkte.<\/p>\n<p><strong>REVIERWELT LTE Cam plus<\/strong><\/p>\n<ul>\n<li><a href=\"https:\/\/revierwelt.de\/wp-content\/uploads\/2023\/09\/CE_Konformitaetserklaerung_Kamera_Revierwelt_LTE_Cam_plus.pdf\" target=\"_blank\" rel=\"noopener\">EU-Konformit\u00e4tserkl\u00e4rung<\/a><\/li>\n<\/ul>\n<p><strong>REVIERWELT LTE Cam 3 plus<\/strong><\/p>\n<ul>\n<li><a href=\"https:\/\/revierwelt.de\/wp-content\/uploads\/2026\/01\/CE-Konformitaetserklaerung-Kamera-Revierwelt-LTE-CAM-3-plus.pdf\" target=\"_blank\" rel=\"noopener\">EU-Konformit\u00e4tserkl\u00e4rung<\/a><\/li>\n<\/ul>\n<p><strong>REVIERWELT LTE Tracker<\/strong><\/p>\n<ul>\n<li><a href=\"https:\/\/revierwelt.de\/wp-content\/uploads\/2022\/07\/ce_konformitaetserklaerung_revierwelt_lte_tracker_s1.pdf\" target=\"_blank\" rel=\"noopener\">EU-Konformit\u00e4tserkl\u00e4rung<\/a><\/li>\n<\/ul>\n<p><strong>REVIERWELT Trapmaster \/ Boarmaster<\/strong><\/p>\n<ul>\n<li><a href=\"https:\/\/revierwelt.de\/wp-content\/uploads\/2022\/07\/2016_04_14_konformitaet_epv.pdf\" target=\"_blank\" rel=\"noopener\">EU-Konformit\u00e4tserkl\u00e4rung<\/a><\/li>\n<\/ul>\n<p><strong>REVIERWELT Solar Panel f\u00fcr LTE Cam Plus<\/strong><\/p>\n<ul>\n<li><a href=\"https:\/\/revierwelt.de\/wp-content\/uploads\/2023\/09\/CE_Konformitaetserklaerung_SolarPanel_LTE_CAM_Plus.pdf\" target=\"_blank\" rel=\"noopener\">EU-Konformit\u00e4tserkl\u00e4rung<\/a><\/li>\n<\/ul>\n<\/div><\/div><\/div><\/div><\/div><\/div><\/div><\/section><section class=\"l-section wpb_row height_medium color_primary\"><div class=\"l-section-h i-cf\"><div class=\"g-cols vc_row via_flex valign_top type_default stacking_default\"><div class=\"vc_col-sm-12 wpb_column vc_column_container us_animate_afb\"><div class=\"vc_column-inner\"><div class=\"wpb_wrapper\"><div class=\"w-actionbox color_primary controls_right\"><div class=\"w-actionbox-text\"><h2 class=\"w-actionbox-title\">\u00dcberzeugen Sie sich selbst von Revierwelt!<\/h2><\/div><div class=\"w-actionbox-controls\"><a class=\"w-btn us-btn-style_6 icon_atleft\" href=\"https:\/\/portal.revierwelt.de\/\" style=\"font-size:19px;\"><i class=\"fas fa-user-plus\"><\/i><span class=\"w-btn-label\">Jetzt registrieren!<\/span><\/a><\/div><\/div><\/div><\/div><\/div><\/div><\/div><\/section>\n","protected":false},"excerpt":{"rendered":"REVIERWELT. Informationen und Konformit\u00e4tserkl\u00e4rungen. Revierwelt arbeitet mit verschiedenen Herstellern zusammen, um die Produkte und Dienstleistungen anzubieten. Auf dieser Seite finden Sie die notwendigen EU-Konformit\u00e4tserkl\u00e4rungen und Zertifikate f\u00fcr die angebotenen Produkte. REVIERWELT LTE Cam plus EU-Konformit\u00e4tserkl\u00e4rung REVIERWELT LTE Cam 3 plus EU-Konformit\u00e4tserkl\u00e4rung REVIERWELT LTE Tracker EU-Konformit\u00e4tserkl\u00e4rung REVIERWELT Trapmaster \/ Boarmaster EU-Konformit\u00e4tserkl\u00e4rung REVIERWELT Solar Panel f\u00fcr LTE...","protected":false},"author":1,"featured_media":0,"parent":0,"menu_order":0,"comment_status":"closed","ping_status":"closed","template":"","meta":{"footnotes":""},"class_list":["post-28790","page","type-page","status-publish","hentry"],"_links":{"self":[{"href":"https:\/\/revierwelt.de\/index.php\/wp-json\/wp\/v2\/pages\/28790","targetHints":{"allow":["GET"]}}],"collection":[{"href":"https:\/\/revierwelt.de\/index.php\/wp-json\/wp\/v2\/pages"}],"about":[{"href":"https:\/\/revierwelt.de\/index.php\/wp-json\/wp\/v2\/types\/page"}],"author":[{"embeddable":true,"href":"https:\/\/revierwelt.de\/index.php\/wp-json\/wp\/v2\/users\/1"}],"replies":[{"embeddable":true,"href":"https:\/\/revierwelt.de\/index.php\/wp-json\/wp\/v2\/comments?post=28790"}],"version-history":[{"count":1,"href":"https:\/\/revierwelt.de\/index.php\/wp-json\/wp\/v2\/pages\/28790\/revisions"}],"predecessor-version":[{"id":139863,"href":"https:\/\/revierwelt.de\/index.php\/wp-json\/wp\/v2\/pages\/28790\/revisions\/139863"}],"wp:attachment":[{"href":"https:\/\/revierwelt.de\/index.php\/wp-json\/wp\/v2\/media?parent=28790"}],"curies":[{"name":"wp","href":"https:\/\/api.w.org\/{rel}","templated":true}]}}