{"id":30581,"date":"2025-02-17T18:38:48","date_gmt":"2025-02-17T17:38:48","guid":{"rendered":"https:\/\/revierwelt.de\/index.php\/last-ned-revierwelt-standkart-for-android\/"},"modified":"2025-02-17T18:38:50","modified_gmt":"2025-02-17T17:38:50","slug":"last-ned-revierwelt-standkart-for-android","status":"publish","type":"page","link":"https:\/\/revierwelt.de\/index.php\/last-ned-revierwelt-standkart-for-android\/?lang=no","title":{"rendered":"Last ned Revierwelt standkart for Android"},"content":{"rendered":"<section class=\"l-section wpb_row height_medium color_alternate\"><div class=\"l-section-h i-cf\"><div class=\"g-cols vc_row via_flex valign_top type_default stacking_default\"><div class=\"vc_col-sm-12 wpb_column vc_column_container\"><div class=\"vc_column-inner\"><div class=\"wpb_wrapper\"><div class=\"wpb_text_column\"><div class=\"wpb_wrapper\"><h1 style=\"text-align: center;\"><b>Revierwelt: Last ned standkart for Android<\/b><\/h1>\n<\/div><\/div><\/div><\/div><\/div><\/div><\/div><\/section><section class=\"l-section wpb_row us_custom_35ed806c height_medium\"><div class=\"l-section-h i-cf\"><div class=\"g-cols vc_row via_flex valign_top type_default stacking_default\"><div class=\"vc_col-sm-12 wpb_column vc_column_container\"><div class=\"vc_column-inner us_custom_59c302d0\"><div class=\"wpb_wrapper\"><\/div><\/div><\/div><\/div><\/div><\/section><section class=\"l-section wpb_row height_auto width_full\"><div class=\"l-section-h i-cf\"><div class=\"g-cols vc_row via_flex valign_middle type_boxes stacking_default\"><div class=\"vc_col-sm-12 wpb_column vc_column_container us_animate_fade\"><div class=\"vc_column-inner\"><div class=\"wpb_wrapper\"><div class=\"wpb_text_column\"><div class=\"wpb_wrapper\"><p style=\"text-align: center;\"><strong>REVIERWELT bestandskart er en del av jaktplanleggingen med Revierwelt.<\/strong><\/p>\n<p style=\"text-align: center;\">Med invitasjonen vil du motta en foresp\u00f8rsel om \u00e5 registrere deg med e-postadresse og passord. Bruk disse tilgangsdataene til \u00e5 logge inn p\u00e5 standkartet for \u00e5 se jaktene du har bekreftet. P\u00e5 jaktdagen kan du deretter lagre rapportene dine for den aktuelle drivjakten.<\/p>\n<p style=\"text-align: center;\">Din posisjon bestemmes med GPS og overf\u00f8res til jaktledelsen under jakten.<\/p>\n<p style=\"text-align: center;\">Vi \u00f8nsker deg god utsikt og god jakt!<\/p>\n<p style=\"text-align: center;\"><strong>Last ned appen her.<\/strong><\/p>\n<\/div><\/div><div class=\"w-btn-wrapper align_center\"><a class=\"w-btn us-btn-style_1\" title=\"Last ned standkart n\u00e5\" target=\"_blank\" rel=\"nofollow\" href=\"https:\/\/api-demo.collidex.com\/api\/service\/app_distribution\/download_latest_version?hash=32bb90e8976aab5298d5da10fe66f21d\"><span class=\"w-btn-label\">Last ned<\/span><\/a><\/div><div class=\"w-separator size_small\"><\/div><div class=\"w-btn-wrapper align_center\"><a class=\"w-btn us-btn-style_1\" title=\"Informasjon om versjonen\" target=\"_blank\" rel=\"nofollow\" href=\"https:\/\/api-demo.collidex.com\/api\/service\/app_distribution\/get_latest_version_info?hash=32bb90e8976aab5298d5da10fe66f21d\"><span class=\"w-btn-label\">Informasjon om versjonen<\/span><\/a><\/div><div class=\"w-separator size_small\"><\/div><div class=\"wpb_text_column\"><div class=\"wpb_wrapper\"><p style=\"text-align: center;\">Vi anbefaler at du laster ned Android-appen fra <a href=\"https:\/\/play.google.com\/store\/apps\/details?id=com.collidex.mobileapp.revierwelthuntinglive&amp;hl=de\" target=\"_blank\" rel=\"noopener\">Google PlayStore<\/a>.<\/p>\n<p style=\"text-align: center;\">Du finner den n\u00e5v\u00e6rende versjonen av appen <a href=\"https:\/\/play.google.com\/store\/apps\/details?id=com.collidex.mobileapp.revierwelthuntinglive&amp;hl=de\" target=\"_blank\" rel=\"noopener\">her.<\/a><\/p>\n<\/div><\/div><\/div><\/div><\/div><\/div><\/div><\/section>\n","protected":false},"excerpt":{"rendered":"Revierwelt: Last ned standkart for Android REVIERWELT bestandskart er en del av jaktplanleggingen med Revierwelt. Med invitasjonen vil du motta en foresp\u00f8rsel om \u00e5 registrere deg med e-postadresse og passord. Bruk disse tilgangsdataene til \u00e5 logge inn p\u00e5 standkartet for \u00e5 se jaktene du har bekreftet. P\u00e5 jaktdagen kan du deretter lagre rapportene dine for...","protected":false},"author":1,"featured_media":0,"parent":0,"menu_order":0,"comment_status":"closed","ping_status":"closed","template":"","meta":{"footnotes":""},"class_list":["post-30581","page","type-page","status-publish","hentry"],"_links":{"self":[{"href":"https:\/\/revierwelt.de\/index.php\/wp-json\/wp\/v2\/pages\/30581","targetHints":{"allow":["GET"]}}],"collection":[{"href":"https:\/\/revierwelt.de\/index.php\/wp-json\/wp\/v2\/pages"}],"about":[{"href":"https:\/\/revierwelt.de\/index.php\/wp-json\/wp\/v2\/types\/page"}],"author":[{"embeddable":true,"href":"https:\/\/revierwelt.de\/index.php\/wp-json\/wp\/v2\/users\/1"}],"replies":[{"embeddable":true,"href":"https:\/\/revierwelt.de\/index.php\/wp-json\/wp\/v2\/comments?post=30581"}],"version-history":[{"count":0,"href":"https:\/\/revierwelt.de\/index.php\/wp-json\/wp\/v2\/pages\/30581\/revisions"}],"wp:attachment":[{"href":"https:\/\/revierwelt.de\/index.php\/wp-json\/wp\/v2\/media?parent=30581"}],"curies":[{"name":"wp","href":"https:\/\/api.w.org\/{rel}","templated":true}]}}