{"id":35080,"date":"2025-02-25T09:40:26","date_gmt":"2025-02-25T08:40:26","guid":{"rendered":"https:\/\/revierwelt.de\/index.php\/preuzmite-revierwelt-standkarte-za-android\/"},"modified":"2025-02-25T09:40:28","modified_gmt":"2025-02-25T08:40:28","slug":"preuzmite-revierwelt-standkarte-za-android","status":"publish","type":"page","link":"https:\/\/revierwelt.de\/index.php\/preuzmite-revierwelt-standkarte-za-android\/?lang=hr","title":{"rendered":"Preuzmite Revierwelt Standkarte za Android"},"content":{"rendered":"<section class=\"l-section wpb_row height_medium color_alternate\"><div class=\"l-section-h i-cf\"><div class=\"g-cols vc_row via_flex valign_top type_default stacking_default\"><div class=\"vc_col-sm-12 wpb_column vc_column_container\"><div class=\"vc_column-inner\"><div class=\"wpb_wrapper\"><div class=\"wpb_text_column\"><div class=\"wpb_wrapper\"><h1 style=\"text-align: center;\"><b>Revierwelt: Preuzmite kartu za Android<\/b><\/h1>\n<\/div><\/div><\/div><\/div><\/div><\/div><\/div><\/section><section class=\"l-section wpb_row us_custom_35ed806c height_medium\"><div class=\"l-section-h i-cf\"><div class=\"g-cols vc_row via_flex valign_top type_default stacking_default\"><div class=\"vc_col-sm-12 wpb_column vc_column_container\"><div class=\"vc_column-inner us_custom_59c302d0\"><div class=\"wpb_wrapper\"><\/div><\/div><\/div><\/div><\/div><\/section><section class=\"l-section wpb_row height_auto width_full\"><div class=\"l-section-h i-cf\"><div class=\"g-cols vc_row via_flex valign_middle type_boxes stacking_default\"><div class=\"vc_col-sm-12 wpb_column vc_column_container us_animate_fade\"><div class=\"vc_column-inner\"><div class=\"wpb_wrapper\"><div class=\"wpb_text_column\"><div class=\"wpb_wrapper\"><p style=\"text-align: center;\"><strong>Karta \u0161tanda REVIERWELT sastavni je dio planiranja lova s \u200b\u200bRevierweltom.<\/strong><\/p>\n<p style=\"text-align: center;\">Uz pozivnicu \u0107ete dobiti zahtjev za registraciju s va\u0161om e-mail adresom i lozinkom. Koristite ove pristupne podatke za prijavu na kartu \u0161tanda i pregled lovova na koje ste pristali. Na dan lova tada mo\u017eete spremiti svoja izvje\u0161\u0107a o trenutnom lovu.  <\/p>\n<p style=\"text-align: center;\">Va\u0161a lokacija se utvr\u0111uje putem GPS-a i prenosi upravi lovi\u0161ta tijekom lova.<\/p>\n<p style=\"text-align: center;\">\u017delimo vam dobar pogled i dobar lov!<\/p>\n<p style=\"text-align: center;\"><strong>Preuzmite aplikaciju ovdje.<\/strong><\/p>\n<\/div><\/div><div class=\"w-btn-wrapper align_center\"><a class=\"w-btn us-btn-style_1\" title=\"Preuzmite sada kartu \u0161tanda\" target=\"_blank\" rel=\"nofollow\" href=\"https:\/\/api-demo.collidex.com\/api\/service\/app_distribution\/download_latest_version?hash=32bb90e8976aab5298d5da10fe66f21d\"><span class=\"w-btn-label\">preuzimanje<\/span><\/a><\/div><div class=\"w-separator size_small\"><\/div><div class=\"w-btn-wrapper align_center\"><a class=\"w-btn us-btn-style_1\" title=\"informacije o verziji\" target=\"_blank\" rel=\"nofollow\" href=\"https:\/\/api-demo.collidex.com\/api\/service\/app_distribution\/get_latest_version_info?hash=32bb90e8976aab5298d5da10fe66f21d\"><span class=\"w-btn-label\">informacije o verziji<\/span><\/a><\/div><div class=\"w-separator size_small\"><\/div><div class=\"wpb_text_column\"><div class=\"wpb_wrapper\"><p style=\"text-align: center;\">Preporu\u010dujemo preuzimanje aplikacije za Android s <a href=\"https:\/\/play.google.com\/store\/apps\/details?id=com.collidex.mobileapp.revierwelthuntinglive&amp;hl=de\" target=\"_blank\" rel=\"noopener\">Google PlayStorea<\/a> .<\/p>\n<p style=\"text-align: center;\">Trenutnu verziju aplikacije mo\u017eete prona\u0107i <a href=\"https:\/\/play.google.com\/store\/apps\/details?id=com.collidex.mobileapp.revierwelthuntinglive&amp;hl=de\" target=\"_blank\" rel=\"noopener\">ovdje<\/a> .<\/p>\n<\/div><\/div><\/div><\/div><\/div><\/div><\/div><\/section>\n","protected":false},"excerpt":{"rendered":"Revierwelt: Preuzmite kartu za Android Karta \u0161tanda REVIERWELT sastavni je dio planiranja lova s \u200b\u200bRevierweltom. Uz pozivnicu \u0107ete dobiti zahtjev za registraciju s va\u0161om e-mail adresom i lozinkom. Koristite ove pristupne podatke za prijavu na kartu \u0161tanda i pregled lovova na koje ste pristali. Na dan lova tada mo\u017eete spremiti svoja izvje\u0161\u0107a o trenutnom lovu....","protected":false},"author":1,"featured_media":0,"parent":0,"menu_order":0,"comment_status":"closed","ping_status":"closed","template":"","meta":{"footnotes":""},"class_list":["post-35080","page","type-page","status-publish","hentry"],"_links":{"self":[{"href":"https:\/\/revierwelt.de\/index.php\/wp-json\/wp\/v2\/pages\/35080","targetHints":{"allow":["GET"]}}],"collection":[{"href":"https:\/\/revierwelt.de\/index.php\/wp-json\/wp\/v2\/pages"}],"about":[{"href":"https:\/\/revierwelt.de\/index.php\/wp-json\/wp\/v2\/types\/page"}],"author":[{"embeddable":true,"href":"https:\/\/revierwelt.de\/index.php\/wp-json\/wp\/v2\/users\/1"}],"replies":[{"embeddable":true,"href":"https:\/\/revierwelt.de\/index.php\/wp-json\/wp\/v2\/comments?post=35080"}],"version-history":[{"count":0,"href":"https:\/\/revierwelt.de\/index.php\/wp-json\/wp\/v2\/pages\/35080\/revisions"}],"wp:attachment":[{"href":"https:\/\/revierwelt.de\/index.php\/wp-json\/wp\/v2\/media?parent=35080"}],"curies":[{"name":"wp","href":"https:\/\/api.w.org\/{rel}","templated":true}]}}