{"id":36106,"date":"2025-02-25T11:02:54","date_gmt":"2025-02-25T10:02:54","guid":{"rendered":"https:\/\/revierwelt.de\/index.php\/eu-prohlaseni-o-shode-nabizenych-vyrobku\/"},"modified":"2025-02-25T11:03:04","modified_gmt":"2025-02-25T10:03:04","slug":"eu-prohlaseni-o-shode-nabizenych-vyrobku","status":"publish","type":"page","link":"https:\/\/revierwelt.de\/index.php\/eu-prohlaseni-o-shode-nabizenych-vyrobku\/?lang=cs","title":{"rendered":"EU prohl\u00e1\u0161en\u00ed o shod\u011b nab\u00edzen\u00fdch v\u00fdrobk\u016f"},"content":{"rendered":"<section class=\"l-section wpb_row height_medium color_alternate\" id=\"za\u010d\u00edt\"><div class=\"l-section-h i-cf\"><div class=\"g-cols vc_row via_flex valign_top type_default stacking_default\"><div class=\"vc_col-sm-12 wpb_column vc_column_container\"><div class=\"vc_column-inner\"><div class=\"wpb_wrapper\"><div class=\"wpb_text_column\"><div class=\"wpb_wrapper\"><h2 style=\"text-align: center;\"><strong>REVIERWELT.<\/strong>  Informace a prohl\u00e1\u0161en\u00ed o shod\u011b.<\/h2>\n<\/div><\/div><\/div><\/div><\/div><\/div><\/div><\/section><section class=\"l-section wpb_row height_medium\"><div class=\"l-section-h i-cf\"><div class=\"g-cols vc_row via_flex valign_top type_default stacking_default\"><div class=\"vc_col-sm-12 wpb_column vc_column_container\"><div class=\"vc_column-inner\"><div class=\"wpb_wrapper\"><div class=\"wpb_text_column\"><div class=\"wpb_wrapper\"><p>Spole\u010dnost Revierwelt spolupracuje s r\u016fzn\u00fdmi v\u00fdrobci, kte\u0159\u00ed nab\u00edzej\u00ed v\u00fdrobky a slu\u017eby. Na t\u00e9to str\u00e1nce najdete pot\u0159ebn\u00e1 EU prohl\u00e1\u0161en\u00ed o shod\u011b a certifik\u00e1ty pro nab\u00edzen\u00e9 v\u00fdrobky. <\/p>\n<p><strong>REVIERWELT Kamera LTE Cam plus<\/strong><\/p>\n<ul>\n<li><a href=\"https:\/\/revierwelt.de\/wp-content\/uploads\/2023\/09\/CE_Konformitaetserklaerung_Kamera_Revierwelt_LTE_Cam_plus.pdf\" target=\"_blank\" rel=\"noopener\">EU prohl\u00e1\u0161en\u00ed o shod\u011b<\/a><\/li>\n<\/ul>\n<p><strong>REVIERWELT Sledov\u00e1n\u00ed LTE<\/strong><\/p>\n<ul>\n<li><a href=\"https:\/\/revierwelt.de\/wp-content\/uploads\/2022\/07\/ce_konformitaetserklaerung_revierwelt_lte_tracker_s1.pdf\" target=\"_blank\" rel=\"noopener\">EU prohl\u00e1\u0161en\u00ed o shod\u011b<\/a><\/li>\n<\/ul>\n<p><strong>REVIERWELT Trapmaster \/ Boarmaster<\/strong><\/p>\n<ul>\n<li><a href=\"https:\/\/revierwelt.de\/wp-content\/uploads\/2022\/07\/2016_04_14_konformitaet_epv.pdf\" target=\"_blank\" rel=\"noopener\">EU prohl\u00e1\u0161en\u00ed o shod\u011b<\/a><\/li>\n<\/ul>\n<p><strong>REVIERWELT Sol\u00e1rn\u00ed panel pro LTE Cam Plus<\/strong><\/p>\n<ul>\n<li><a href=\"https:\/\/revierwelt.de\/wp-content\/uploads\/2023\/09\/CE_Konformitaetserklaerung_SolarPanel_LTE_CAM_Plus.pdf\" target=\"_blank\" rel=\"noopener\">EU prohl\u00e1\u0161en\u00ed o shod\u011b<\/a><\/li>\n<\/ul>\n<\/div><\/div><\/div><\/div><\/div><\/div><\/div><\/section><section class=\"l-section wpb_row height_medium color_primary\"><div class=\"l-section-h i-cf\"><div class=\"g-cols vc_row via_flex valign_top type_default stacking_default\"><div class=\"vc_col-sm-12 wpb_column vc_column_container us_animate_afb\"><div class=\"vc_column-inner\"><div class=\"wpb_wrapper\"><div class=\"w-actionbox color_primary controls_right\"><div class=\"w-actionbox-text\"><h2 class=\"w-actionbox-title\">P\u0159esv\u011bd\u010dte se o Revierweltu!<\/h2><\/div><div class=\"w-actionbox-controls\"><a class=\"w-btn us-btn-style_6 icon_atleft\" href=\"https:\/\/portal.revierwelt.de\/\" style=\"font-size:19px;\"><i class=\"fas fa-user-plus\"><\/i><span class=\"w-btn-label\">Zaregistrujte se nyn\u00ed!<\/span><\/a><\/div><\/div><\/div><\/div><\/div><\/div><\/div><\/section>\n","protected":false},"excerpt":{"rendered":"REVIERWELT. Informace a prohl\u00e1\u0161en\u00ed o shod\u011b. Spole\u010dnost Revierwelt spolupracuje s r\u016fzn\u00fdmi v\u00fdrobci, kte\u0159\u00ed nab\u00edzej\u00ed v\u00fdrobky a slu\u017eby. Na t\u00e9to str\u00e1nce najdete pot\u0159ebn\u00e1 EU prohl\u00e1\u0161en\u00ed o shod\u011b a certifik\u00e1ty pro nab\u00edzen\u00e9 v\u00fdrobky. REVIERWELT Kamera LTE Cam plus EU prohl\u00e1\u0161en\u00ed o shod\u011b REVIERWELT Sledov\u00e1n\u00ed LTE EU prohl\u00e1\u0161en\u00ed o shod\u011b REVIERWELT Trapmaster \/ Boarmaster EU prohl\u00e1\u0161en\u00ed o shod\u011b...","protected":false},"author":1,"featured_media":0,"parent":0,"menu_order":0,"comment_status":"closed","ping_status":"closed","template":"","meta":{"footnotes":""},"class_list":["post-36106","page","type-page","status-publish","hentry"],"_links":{"self":[{"href":"https:\/\/revierwelt.de\/index.php\/wp-json\/wp\/v2\/pages\/36106","targetHints":{"allow":["GET"]}}],"collection":[{"href":"https:\/\/revierwelt.de\/index.php\/wp-json\/wp\/v2\/pages"}],"about":[{"href":"https:\/\/revierwelt.de\/index.php\/wp-json\/wp\/v2\/types\/page"}],"author":[{"embeddable":true,"href":"https:\/\/revierwelt.de\/index.php\/wp-json\/wp\/v2\/users\/1"}],"replies":[{"embeddable":true,"href":"https:\/\/revierwelt.de\/index.php\/wp-json\/wp\/v2\/comments?post=36106"}],"version-history":[{"count":0,"href":"https:\/\/revierwelt.de\/index.php\/wp-json\/wp\/v2\/pages\/36106\/revisions"}],"wp:attachment":[{"href":"https:\/\/revierwelt.de\/index.php\/wp-json\/wp\/v2\/media?parent=36106"}],"curies":[{"name":"wp","href":"https:\/\/api.w.org\/{rel}","templated":true}]}}