{"id":37244,"date":"2025-02-25T11:18:09","date_gmt":"2025-02-25T10:18:09","guid":{"rendered":"https:\/\/revierwelt.de\/index.php\/generelle-vilkaar-og-betingelser-for-service\/"},"modified":"2025-02-25T11:18:09","modified_gmt":"2025-02-25T10:18:09","slug":"generelle-vilkaar-og-betingelser-for-service","status":"publish","type":"page","link":"https:\/\/revierwelt.de\/index.php\/generelle-vilkaar-og-betingelser-for-service\/?lang=da","title":{"rendered":"Generelle vilk\u00e5r og betingelser for service"},"content":{"rendered":"<p><strong>I. Anvendelsesomr\u00e5de<\/strong><\/p>\n<p>Operat\u00f8ren af dette websted er <a href=\"https:\/\/revierwelt.de\/index.php\/impressum\/\">REVIERWELT MEDIA GmbH<\/a> (<strong>REVIERWELT MEDIA<\/strong>). Disse generelle servicebetingelser (GTCS) g\u00e6lder for alle forretningsforbindelser mellem REVIERWELT MEDIA og brugeren af webstederne (forbruger eller iv\u00e6rks\u00e6tter) i den version, der er gyldig p\u00e5 tidspunktet for p\u00e5begyndelse af brugen (registrering, login, placering af annoncer eller anden brug). Generelle forretningsbetingelser eller andre vilk\u00e5r og betingelser for brugeren, der afviger fra disse generelle forretningsbetingelser, g\u00e6lder kun, hvis REVIERWELT MEDIA har accepteret dem skriftligt.  <\/p>\n<p>En forbruger er enhver, der ikke er en iv\u00e6rks\u00e6tter. En iv\u00e6rks\u00e6tter er en fysisk eller juridisk person eller et partnerskab med retsevne, som ved indg\u00e5else af en juridisk transaktion handler under ud\u00f8velse af sin handel, forretning eller erhverv (\u00a7 14 (1) BGB). Hvis iv\u00e6rks\u00e6tteren ikke handler under ud\u00f8velse af sin kommercielle eller selvst\u00e6ndige aktivitet, skal han ogs\u00e5 drage fordel af de rettigheder, der er beregnet til forbrugere, og skal betragtes som en forbruger i henhold til disse ALB.  <\/p>\n<p><strong>II Databeskyttelse<\/strong><\/p>\n<p>Brugen af persondata er underlagt s\u00e6rlige regler. Klik venligst <a href=\"https:\/\/revierwelt.de\/index.php\/datenschutzerklaerung\/\"><strong>her<\/strong><\/a>for at se databeskyttelsesbestemmelserne. <\/p>\n<p><strong>III. Brug af hjemmesidens indhold og rettigheder<\/strong><\/p>\n<p>1. afh\u00e6ngig af tilg\u00e6ngelighed<\/p>\n<p>De oplysninger og tjenester, der er tilg\u00e6ngelige p\u00e5 disse websider, leveres af REVIERWELT MEDIA med forbehold, is\u00e6r med forbehold for deres tilg\u00e6ngelighed og\/eller brugerens overholdelse af bestemmelserne i disse GTC.<\/p>\n<p>2. Ophavsretlig beskyttelse af hjemmesider<\/p>\n<p>Indholdet p\u00e5 hjemmesiderne er beskyttet af ophavsret i det omfang, loven tillader det. Medmindre andet er fastsat ved lov i individuelle tilf\u00e6lde, er enhver brug (f.eks. reproduktion, distribution og\/eller tilg\u00e6ngeligg\u00f8relse for offentligheden) af det beskyttede indhold kun tilladt med forudg\u00e5ende skriftligt samtykke fra REVIERWELT MEDIA. Selv i tilf\u00e6lde af en s\u00e5dan tilladelse m\u00e5 det beskyttede indhold kun anvendes med henvisning til kilden. Enhver brug af indholdet af brugeren til direkte eller indirekte kommercielle form\u00e5l kr\u00e6ver s\u00e6rlig forudg\u00e5ende skriftlig tilladelse fra REVIERWELT MEDIA.   <\/p>\n<p>Links til ophavsretligt beskyttet indhold p\u00e5 REVIERWELT MEDIA-webstederne er kun tilladt, hvis linkene f\u00f8rer direkte til REVIERWELT MEDIA-webstederne, eller hvis adgangsblokeringer ikke omg\u00e5s. Linket skal ogs\u00e5 v\u00e6re genkendeligt for tredjeparter. <\/p>\n<p>3. ophavsret til indhold, der overf\u00f8res af brugeren<\/p>\n<p>Ophavsretten til det ophavsretligt beskyttede indhold, der overf\u00f8res af brugeren, forbliver hos den respektive forfatter. Ved at overf\u00f8re (f.eks. uploade og\/eller sende via e-mail) dette indhold giver brugeren imidlertid REVIERWELT MEDIA den enkle ret, ubegr\u00e6nset med hensyn til plads, tid og indhold, til at bruge dette indhold i fysisk og ikke-fysisk form til alle typer brug. Denne tildeling af rettigheder omfatter is\u00e6r retten til, i forbindelse med form\u00e5let med offentligg\u00f8relsen af REVIERWELT MEDIA, at redigere indholdet, gengive det, distribuere det eller gengive det offentligt p\u00e5 internettet p\u00e5 REVIERWELT MEDIA&#8217;s websteder, i hvert tilf\u00e6lde inklusive brug til reklameform\u00e5l til offentligg\u00f8relse af REVIERWELT MEDIA (ret til at redigere, gengive og distribuere samt ret til at g\u00f8re det offentligt tilg\u00e6ngeligt).  <\/p>\n<p><strong>IV. Registrering<\/strong><\/p>\n<p>1. Brugeroplysninger<\/p>\n<p>Registrering er p\u00e5kr\u00e6vet for nogle omr\u00e5der af hjemmesiden. Brugen af disse lukkede omr\u00e5der kr\u00e6ver, at brugeren er myndig, registrerer sig og giver sandf\u00e6rdige og fuldst\u00e6ndige personlige oplysninger. Brugeren er ogs\u00e5 forpligtet til at informere os om eventuelle efterf\u00f8lgende \u00e6ndringer af personlige oplysninger, n\u00e6ste gang han\/hun bes\u00f8ger de respektive websteder.  <\/p>\n<p>2. Verifikation af brugeroplysninger og adgangssp\u00e6rring<\/p>\n<p>REVIERWELT MEDIA forbeholder sig ret til at kontrollere brugerens personlige oplysninger i det omfang, det er tilladt i henhold til loven. Derudover forbeholder REVIERWELT MEDIA sig retten til at blokere adgangen til de begr\u00e6nsede omr\u00e5der til enhver tid. Adgangen vil is\u00e6r blive blokeret, hvis brugeren har givet falske personlige oplysninger under registreringen eller p\u00e5 anden m\u00e5de har overtr\u00e5dt disse ALB.  <\/p>\n<p><strong>V. Indg\u00e5else af en kontrakt, brug af meddelelses-\/datatjenester og kontraktens varighed<\/strong><\/p>\n<p>1. kontraktpartner<\/p>\n<p>Hvis der indg\u00e5s en kontrakt, indg\u00e5s kontrakten med REVIERWELT MEDIA. Yderligere oplysninger om REVIERWELT MEDIA kan findes <a href=\"https:\/\/revierwelt.de\/index.php\/impressum\/\">her.<\/a> <\/p>\n<p>2. Indg\u00e5else af kontrakt<\/p>\n<p>Beskrivelsen af tjenester fra REVIERWELT MEDIA udg\u00f8r ikke et juridisk bindende kontraktligt tilbud fra REVIERWELT MEDIA, men er kun en ikke-bindende invitation til brugeren om at g\u00f8re brug af tjenester.<\/p>\n<p>Kontrakten indg\u00e5s i f\u00f8lgende trin:<\/p>\n<p>(a) Ved at oprette en adgangskodebeskyttet konto via den registreringsfunktion, der tilbydes p\u00e5 webstedet, afgiver brugeren et tilbud om at indg\u00e5 en kontrakt.<br \/>\n(b) N\u00e5r registreringsprocessen er afsluttet, indg\u00e5s der en kontrakt om levering af de kontraktlige tjenester mellem REVIERWELT MEDIA og brugeren ved at sende en e-mail, der bekr\u00e6fter registreringen, til den e-mailadresse, som brugeren har angivet.<\/p>\n<p>REVIERWELT MEDIA gemmer kontraktteksten og sender brugeren ordredataene sammen med ALB&#8217;en via e-mail. Brugeren kan ogs\u00e5 til enhver tid se ALB&#8217;en p\u00e5 REVIERWELT MEDIA&#8217;s hjemmeside. <\/p>\n<p>3. Brug af besked- og datatjenester<\/p>\n<p>F\u00f8r brug af betalte besked-\/datatjenester skal brugeren fylde sin territorie-relaterede brugerkonto op med kredit. Kreditten vil ikke blive refunderet. <\/p>\n<p>Brugeren skal have mulighed for at bruge systemet til afsendelse og modtagelse af data inden for rammerne af de tekniske muligheder og den tilg\u00e6ngelighed, der er til r\u00e5dighed p\u00e5 det p\u00e5g\u00e6ldende tidspunkt. REVIERWELT MEDIA er under ingen omst\u00e6ndigheder ansvarlig for den vellykkede modtagelse eller levering af data eller tekstbeskeder. REVIERWELT MEDIA stiller hjemmesiden og datakommunikationskanalerne til r\u00e5dighed for brugeren ved hj\u00e6lp af datasende-\/modtagelsessystemet, som REVIERWELT MEDIA har direkte adgang til uden indblanding fra tredjepart (Revierwelt-systemet) i det aftalte omfang og kommunikationsformat (nemlig data, sms, e-mail og tale) og afh\u00e6ngigt af tilg\u00e6ngelighed, Revierwelt-systemet og kontoen til indtastning af tekstbeskeder og\/eller midlertidig lagring af tekstbeskeder og data til afsendelse til det af brugeren angivne mobiltelefonnummer som destinationsadresse og\/eller rimelige tjenester med det form\u00e5l at overf\u00f8re data, tekst- eller talebeskeder til den af brugeren angivne kommunikationsgr\u00e6nseflade, opkalds-\/mobiltelefonnumre, e-mail-adresse. Revierwelt er p\u00e5 ingen m\u00e5de ansvarlig for den vellykkede transmission eller modtagelse af de data, tekst- eller talebeskeder, der skal videresendes, men kun for tilvejebringelsen af Revierwelt-systemet og igangs\u00e6ttelsen af et eller flere fors\u00f8g p\u00e5 transmission af beskeder\/data. Is\u00e6r er brugeren opm\u00e6rksom p\u00e5, at selv om disse tjenester udf\u00f8res i overensstemmelse med kontrakten, kan de data \/ meddelelser, der skal videresendes, blive forsinket eller g\u00e5 tabt, is\u00e6r hvis de ikke kan leveres eller af andre grunde, der ligger uden for Revierwelt-systemet (f.eks. kapacitetsbegr\u00e6nsninger eller utilg\u00e6ngelighed af m\u00e5lmobiltelefonnetv\u00e6rket eller andre netv\u00e6rk og andre tjenesteudbydere, via hvilke data, tekst \/ talebesked leveres og distribueres). Navnlig er REVIERWELT MEDIA ikke ansvarlig for de telekommunikationstjenester, der kr\u00e6ves til datatransport mellem overf\u00f8rselspunktet til internettet via Revierwelt-systemet og m\u00e5lnummerets modtagerenhed.     <\/p>\n<p>4. Kontraktens l\u00f8betid og opsigelse<\/p>\n<p>Kontrakten indg\u00e5s for en periode p\u00e5 tolv (12) m\u00e5neder (l\u00f8betid). Den forl\u00e6nges i hvert tilf\u00e6lde med yderligere tolv m\u00e5neder, medmindre brugeren opsiger kontrakten i tekstform (brev, fax eller e-mail) med en m\u00e5neds varsel til udl\u00f8bet af den respektive periode. <\/p>\n<p>Retten til at opsige af gode grunde forbliver up\u00e5virket. God grund anses f.eks. for at foreligge, hvis REVIERWELT MEDIA oph\u00f8rer med at drive hjemmesiderne. <\/p>\n<p><strong>VI Priser, betaling, forfaldsdato<\/strong><\/p>\n<p>1. pr\u00e6mier<\/p>\n<p>Priserne for hver tjeneste, der leveres af REVIERWELT MEDIA, beregnes p\u00e5 grundlag af den <a href=\"https:\/\/revierwelt.de\/index.php\/24594-2\/\">prisliste<\/a>, der er offentliggjort p\u00e5 REVIERWELT MEDIA&#8217;s websted. Den pris, der er offentliggjort p\u00e5 det tidspunkt, hvor tjenesten anvendes, er afg\u00f8rende. <\/p>\n<p>Priserne kan \u00e6ndres (afsnit X).<\/p>\n<p>De angivne priser inkluderer altid den respektive lovpligtige moms og andre priskomponenter.<\/p>\n<p>2. betaling, forfaldsdato<\/p>\n<p>Fakturering finder sted, n\u00e5r den respektive tjeneste er blevet brugt, ved automatisk at debitere den individuelle pris fra brugerens territorie-relaterede brugerkonto, som er blevet fyldt op med en kreditsaldo i brugerens territorieadministration.<\/p>\n<p>Data-\/beskedtjenesten er kun tilg\u00e6ngelig med en positivt opladet brugerkonto. Brugeren kan se og kontrollere kontoen. Den kredit, der er fyldt op p\u00e5 brugerkontoen, vil ikke blive refunderet.  <\/p>\n<p>3. Udelukkelse af klager<\/p>\n<p>Klager kan kun accepteres inden for en periode p\u00e5 en m\u00e5ned efter, at den enkelte pris, der klages over, er blevet debiteret.<\/p>\n<p>4. S\u00e6rlige regler for brugere som iv\u00e6rks\u00e6ttere<\/p>\n<p>I l\u00f8bet af misligholdelsesperioden skylder iv\u00e6rks\u00e6tteren REVIERWELT MEDIA renter i st\u00f8rrelsesordenen 8 procent over den respektive basisrente p\u00e5 den respektive monet\u00e6re g\u00e6ld. Retten til at freml\u00e6gge bevis for h\u00f8jere misligholdelsesrenter forbliver forbeholdt. Iv\u00e6rks\u00e6tteren har kun ret til modregning, hvis hans modkrav er ubestridt eller er blevet anerkendt ved deklaratorisk dom.  <\/p>\n<p><strong>VII. Fortrydelsesret for brugere som forbrugere<\/strong><\/p>\n<p><strong>Politik for afbestilling<\/strong><\/p>\n<p><strong>Ret til annullering<\/strong><\/p>\n<p><strong>Du kan annullere din kontraktlige erkl\u00e6ring skriftligt (f.eks. brev, fax, e-mail) inden for 14 dage uden begrundelse. Fristen begynder efter modtagelse af denne vejledning i tekstform, men ikke f\u00f8r indg\u00e5else af kontrakten og heller ikke f\u00f8r opfyldelse af vores informationsforpligtelser i henhold til artikel 246 \u00a7 2 sammen med \u00a7 1 stk. 1 og 2 EGBGB samt vores forpligtelser i henhold til \u00a7 312g stk. 1 s\u00e6tning 1 BGB sammen med artikel 246 \u00a7 3 EGBGB. Rettidig afsendelse af fortrydelsesretten er tilstr\u00e6kkelig til at overholde fortrydelsesfristen. Annulleringen skal sendes til:   <\/strong><\/p>\n<p><strong>REVIERWELT MEDIA GMBH<br \/>\nAdministrerende direkt\u00f8r: Alexander Vinnai<br \/>\nPestalozzistrasse 41<br \/>\n35606 Solms<br \/>\nsupport@revierwelt.de<\/strong><\/p>\n<p><strong>Konsekvenser af annullering<\/strong><\/p>\n<p><strong>I tilf\u00e6lde af en effektiv annullering skal de tjenester, der er modtaget af begge parter, returneres og eventuelle fordele (f.eks. renter) overdrages. Hvis du ikke er i stand til at tilbagelevere eller overdrage de modtagne varer eller tjenester samt fordele (f.eks. brugsfordele) til os, eller kun er i stand til at tilbagelevere eller overdrage dem delvist eller i en forringet tilstand, skal du kompensere os for v\u00e6rdien. Dette kan betyde, at du alligevel skal opfylde de kontraktlige betalingsforpligtelser for perioden op til annulleringen. Forpligtelser til at tilbagebetale betalinger skal opfyldes inden for 30 dage. Fristen begynder for dig, n\u00e5r du sender din meddelelse om annullering, og for os, n\u00e5r vi modtager den.    <\/strong><\/p>\n<p><strong>S\u00e6rlige bem\u00e6rkninger<\/strong><\/p>\n<p><strong>Din fortrydelsesret udl\u00f8ber f\u00f8r tid, hvis kontrakten er blevet fuldst\u00e6ndigt opfyldt af begge parter p\u00e5 din udtrykkelige anmodning, f\u00f8r du har udnyttet din fortrydelsesret.<\/strong><\/p>\n<p><strong>Slut p\u00e5 afbestillingsreglerne.<\/strong><\/p>\n<p><strong>VIII. Ansvar for REVIERWELT MEDIA<\/strong><\/p>\n<p>Ansvaret for REVIERWELT MEDIA er udelukket i tilf\u00e6lde af let uagtsomme pligtfors\u00f8mmelser, forudsat at disse pligtfors\u00f8mmelser ikke vedr\u00f8rer v\u00e6sentlige kontraktlige forpligtelser eller liv, sundhed eller krop eller krav i henhold til produktansvarsloven. Dette g\u00e6lder ogs\u00e5 for pligtfors\u00f8mmelser beg\u00e5et af medarbejdere eller stedfortr\u00e6dere for REVIERWELT MEDIA. <\/p>\n<p>I henhold til denne bestemmelse p\u00e5tager REVIERWELT MEDIA sig is\u00e6r intet ansvar for det indhold, som brugerne stiller til r\u00e5dighed (f.eks. personlige og\/eller andre data), is\u00e6r ikke for fuldst\u00e6ndigheden eller n\u00f8jagtigheden af dette indhold, og heller ikke for ulemper, som brugeren p\u00e5drager sig som f\u00f8lge af midlertidig utilg\u00e6ngelighed af webstedet eller dele heraf, tab af data eller lignende tekniske problemer. Derfor p\u00e5tager REVIERWELT MEDIA sig intet ansvar, is\u00e6r ikke for systemrelaterede fejl, afbrydelser og\/eller forstyrrelser i dataoverf\u00f8rslen eller for manglende overholdelse af de brugsanvisninger, der g\u00e6lder for REVIERWELT MEDIA-webstedet. <\/p>\n<p><strong>IX. Brugerens ansvar<\/strong><\/p>\n<p>1. Brugerens ansvar for brugen af adgangskoden<\/p>\n<p>Brugeren er ansvarlig for fortroligheden og brugen af hans\/hendes adgangskode. Brugeren er is\u00e6r forpligtet til at opbevare adgangskoden med s\u00e6rlig omhu og til at forhindre, at tredjeparter f\u00e5r kendskab til adgangskoden. I tilf\u00e6lde af uautoriseret brug af brugerens adgangskode skal brugeren holde REVIERWELT MEDIA skadesl\u00f8s for ethvert ansvar, medmindre brugeren har udvist den n\u00f8dvendige omhu i forbindelse med sin virksomhed. Brugeren er forpligtet til straks at informere REVIERWELT MEDIA, hvis der er grund til at tro, at adgangskoden anvendes uautoriseret.   <\/p>\n<p>2. Brugerens ansvar for sine data<\/p>\n<p>Brugeren er ansvarlig for, at hans\/hendes personlige oplysninger eller virksomhedsoplysninger er korrekte og opdaterede &#8211; herunder tilladelse til at bruge beskyttede professionelle titler. Hvis brugeren giver falske oplysninger eller undlader at opdatere sine oplysninger med passende mellemrum, skal brugeren holde REVIERWELT MEDIA skadesl\u00f8s for ethvert ansvar med hensyn til hans\/hendes oplysninger, medmindre han\/hun har udvist den n\u00f8dvendige omhu i forbindelse med forretningen. <\/p>\n<p>3 Brugerens ansvar for transmitteret indhold<\/p>\n<p>Ved at sende indhold &#8211; uanset indholdet &#8211; garanterer og indest\u00e5r brugeren for, at dette indhold er i fuld overensstemmelse med loven. Is\u00e6r garanterer og erkl\u00e6rer brugeren, at han\/hun ikke vil sende noget indhold p\u00e5 hjemmesiden, der <\/p>\n<p>&#8211; overtr\u00e6der g\u00e6ldende lov, lovbestemte eller officielle forbud eller moral,<br \/>\n&#8211; overtr\u00e6der tredjeparts rettigheder,<br \/>\n&#8211; er pornografiske, st\u00f8dende, truende, chikanerende, vulg\u00e6re, racistiske, p\u00e5 anden m\u00e5de diskriminerende eller p\u00e5 anden m\u00e5de anst\u00f8delige,<br \/>\n&#8211; overtr\u00e6der g\u00e6ldende ungdomsbeskyttelsesbestemmelser eller<br \/>\n&#8211; er at betragte som misbrug, is\u00e6r som spam.<\/p>\n<p>Navnlig garanterer og indest\u00e5r brugeren ved at sende indhold for, at han\/hun frit kan disponere over dette indhold, is\u00e6r i det omfang der tildeles rettigheder i henhold til afsnit IV, over for REVIERWELT MEDIA, og at indholdet ikke forringer eller kr\u00e6nker tredjeparts rettigheder, is\u00e6r retten til eget billede, den generelle personlighedsret (f.eks. ret til et navn), varem\u00e6rkeretten (f.eks. varem\u00e6rkeret), andre industrielle ejendomsrettigheder og\/eller ophavsretten eller den tilknyttede ophavsret.<\/p>\n<p>I tilf\u00e6lde af, at brugeren overtr\u00e6der nogen af de garantier, der er fastsat i denne klausul, is\u00e6r i tilf\u00e6lde af, at tredjeparter h\u00e6vder rettigheder over for REVIERWELT MEDIA i henhold til de foreg\u00e5ende afsnit, skal brugeren holde REVIERWELT MEDIA fuldt ud skadesl\u00f8s, herunder omkostningerne til juridisk forsvar, medmindre brugeren har udvist beh\u00f8rig omhu. Brugeren skal st\u00f8tte REVIERWELT MEDIA i dets juridiske forsvar, is\u00e6r ved at give oplysninger. <\/p>\n<p><strong>X. Forbehold for \u00e6ndringer\/modifikationer<\/strong><\/p>\n<p>REVIERWELT MEDIA forbeholder sig ret til at \u00e6ndre ALB og andre betingelser for brug af hjemmesiderne &#8211; herunder prislisten &#8211; samt de enkelte specifikationer til enhver tid. REVIERWELT MEDIA vil meddele eventuelle \u00e6ndringer af disse vilk\u00e5r og betingelser ved hj\u00e6lp af en meddelelse p\u00e5 hjemmesiderne. <\/p>\n<p>Brugeren giver sit samtykke til gyldigheden af de \u00e6ndrede vilk\u00e5r og betingelser, for s\u00e5 vidt som han g\u00f8r brug af REVIERWELT MEDIA-websteder efter offentligg\u00f8relsen af en s\u00e5dan henvisning til \u00e6ndringen.<\/p>\n<p>Med offentligg\u00f8relsen af en \u00e6ndret version af disse ALB mister de tidligere versioner deres gyldighed.<\/p>\n<p><strong>XI. Opfyldelsessted, g\u00e6ldende lov og v\u00e6rneting<\/strong><\/p>\n<p>I forholdet mellem REVIERWELT MEDIA og brugeren, der er erhvervsdrivende, er det eksklusive sted for opfyldelse og jurisdiktion for alle krav &#8211; i det omfang det er tilladt &#8211; den lokale domstol i Wetzlar eller den regionale domstol i Limburg.<\/p>\n<p>Lovgivningen i Forbundsrepublikken Tyskland finder udelukkende anvendelse. For forbrugeren g\u00e6lder dette lovvalg kun i det omfang, at den beskyttelse, der ydes af ufravigelige bestemmelser i loven i det land, hvor forbrugeren har sit s\u00e6dvanlige opholdssted, ikke tr\u00e6kkes tilbage. <\/p>\n<p><strong>XII Klausul om adskillelse<\/strong><\/p>\n<p>Hvis enkelte bestemmelser i disse GTCS er eller bliver ugyldige og\/eller ugyldige, forbliver gyldigheden af de resterende bestemmelser up\u00e5virket. Ugyldige og\/eller ugyldige bestemmelser skal erstattes p\u00e5 en s\u00e5dan m\u00e5de, at det tilsigtede \u00f8konomiske form\u00e5l opn\u00e5s. Dette g\u00e6lder tilsvarende for udfyldning af smuthuller i ALB.  <\/p>\n<p><strong>XIII Adf\u00e6rdskodeks<\/strong><\/p>\n<p>REVIERWELT MEDIA har ikke underkastet sig nogen adf\u00e6rdskodeks.<\/p>\n<p>Status for ALB: september 2012.<\/p>\n","protected":false},"excerpt":{"rendered":"<p>I. Anvendelsesomr\u00e5de Operat\u00f8ren af dette websted er REVIERWELT MEDIA GmbH (REVIERWELT MEDIA). Disse generelle servicebetingelser (GTCS) g\u00e6lder for alle forretningsforbindelser mellem REVIERWELT MEDIA og brugeren af webstederne (forbruger eller iv\u00e6rks\u00e6tter) i den version, der er gyldig p\u00e5 tidspunktet for p\u00e5begyndelse af brugen (registrering, login, placering af annoncer eller anden brug). Generelle forretningsbetingelser eller andre vilk\u00e5r&#8230;<\/p>\n","protected":false},"author":4,"featured_media":0,"parent":0,"menu_order":0,"comment_status":"closed","ping_status":"closed","template":"","meta":{"footnotes":""},"class_list":["post-37244","page","type-page","status-publish","hentry"],"_links":{"self":[{"href":"https:\/\/revierwelt.de\/index.php\/wp-json\/wp\/v2\/pages\/37244","targetHints":{"allow":["GET"]}}],"collection":[{"href":"https:\/\/revierwelt.de\/index.php\/wp-json\/wp\/v2\/pages"}],"about":[{"href":"https:\/\/revierwelt.de\/index.php\/wp-json\/wp\/v2\/types\/page"}],"author":[{"embeddable":true,"href":"https:\/\/revierwelt.de\/index.php\/wp-json\/wp\/v2\/users\/4"}],"replies":[{"embeddable":true,"href":"https:\/\/revierwelt.de\/index.php\/wp-json\/wp\/v2\/comments?post=37244"}],"version-history":[{"count":0,"href":"https:\/\/revierwelt.de\/index.php\/wp-json\/wp\/v2\/pages\/37244\/revisions"}],"wp:attachment":[{"href":"https:\/\/revierwelt.de\/index.php\/wp-json\/wp\/v2\/media?parent=37244"}],"curies":[{"name":"wp","href":"https:\/\/api.w.org\/{rel}","templated":true}]}}