{"id":37245,"date":"2025-02-25T11:18:10","date_gmt":"2025-02-25T10:18:10","guid":{"rendered":"https:\/\/revierwelt.de\/index.php\/opci-uvjeti-usluge\/"},"modified":"2025-02-25T11:18:10","modified_gmt":"2025-02-25T10:18:10","slug":"opci-uvjeti-usluge","status":"publish","type":"page","link":"https:\/\/revierwelt.de\/index.php\/opci-uvjeti-usluge\/?lang=hr","title":{"rendered":"Op\u0107i uvjeti usluge"},"content":{"rendered":"<p><strong>I. Opseg<\/strong><\/p>\n<p>Operater ove web stranice je <a href=\"https:\/\/revierwelt.de\/index.php\/impressum\/\">REVIERWELT MEDIA GmbH<\/a> ( <strong>REVIERWELT MEDIA<\/strong> ). Ovi Op\u0107i uvjeti poslovanja (OU) vrijede u verziji va\u017ee\u0107oj u trenutku po\u010detka kori\u0161tenja (registracija, prijava, ogla\u0161avanje ili druga uporaba) za sve poslovne odnose izme\u0111u REVIERWELT MEDIA i korisnika web stranica (potro\u0161a\u010d ili poduzetnik). Svi Op\u0107i uvjeti ili drugi uvjeti korisnika koji odstupaju od ovih Op\u0107ih uvjeta vrijede samo u onoj mjeri u kojoj je REVIERWELT MEDIA s njima suglasan u pisanom obliku.  <\/p>\n<p>Potro\u0161a\u010d je netko tko nije poduzetnik. Poduzetnik je fizi\u010dka ili pravna osoba ili poslovno sposobno partnerstvo koje prilikom sklapanja pravnog posla djeluje u okviru svoje trgova\u010dke ili samostalne profesionalne djelatnosti (\u010dlanak 14. stavak 1. Njema\u010dkog gra\u0111anskog zakonika). Ako poduzetnik ne djeluje u okviru svoje komercijalne ili samostalne djelatnosti, on tako\u0111er ima koristi od prava zajam\u010denih potro\u0161a\u010dima i smatra se potro\u0161a\u010dem u smislu ovih ALB.  <\/p>\n<p><strong>II Za\u0161tita podataka<\/strong><\/p>\n<p>Kori\u0161tenje osobnih podataka podlije\u017ee posebnim propisima. Kliknite <a href=\"https:\/\/revierwelt.de\/index.php\/datenschutzerklaerung\/\"><strong>ovdje<\/strong><\/a> za pregled pravila privatnosti. <\/p>\n<p><strong>III. Kori\u0161tenje sadr\u017eaja web stranice i prava<\/strong><\/p>\n<p>1. Ovisno o raspolo\u017eivosti<\/p>\n<p>Informacije i usluge dostupne na ovim web stranicama pru\u017ea REVIERWELT MEDIA podlo\u017eno rezervaciji, posebno ovisno o njihovoj dostupnosti i\/ili uskla\u0111enosti korisnika s odredbama ovih ALB.<\/p>\n<p>2. Za\u0161tita autorskih prava web stranica<\/p>\n<p>Sadr\u017eaji web stranica za\u0161ti\u0107eni su autorskim pravom u mjeri u kojoj to dopu\u0161ta zakon. Osim ako nije druga\u010dije propisano zakonom u pojedina\u010dnim slu\u010dajevima, svaka uporaba (npr. reprodukcija, distribucija i\/ili stavljanje na raspolaganje javnosti) za\u0161ti\u0107enog sadr\u017eaja dopu\u0161tena je samo uz prethodnu pisanu suglasnost REVIERWELT MEDIA. \u010cak i u slu\u010daju ove suglasnosti, za\u0161ti\u0107eni sadr\u017eaj mo\u017ee se koristiti samo uz naznaku izvora. Za svako izravno ili neizravno kori\u0161tenje sadr\u017eaja od strane korisnika u komercijalne svrhe potrebna je posebna prethodna pisana suglasnost REVIERWELT MEDIA.   <\/p>\n<p>Veze na sadr\u017eaj za\u0161ti\u0107en autorskim pravom na web stranicama REVIERWELT MEDIA dopu\u0161tene su samo ako poveznice vode izravno na web stranice REVIERWELT MEDIA ili ako se ne zaobilaze ograni\u010denja pristupa. Tako\u0111er je preduvjet da poveznica bude prepoznatljiva tre\u0107im osobama. <\/p>\n<p>3. Autorska prava na sadr\u017eaje koje \u0161alje korisnik<\/p>\n<p>Autorsko pravo za sadr\u017eaj za\u0161ti\u0107en autorskim pravom koji prenosi korisnik ostaje na doti\u010dnom autoru. Me\u0111utim, prijenosom (primjerice u\u010ditavanjem i\/ili slanjem e-po\u0161tom) ovog sadr\u017eaja korisnik REVIERWELT MEDIA daje jednostavno, prostorno, vremenski i sadr\u017eajno neograni\u010deno pravo kori\u0161tenja ovog sadr\u017eaja u fizi\u010dkom i nefizi\u010dkom obliku za sve vrste kori\u0161tenja. Ovo dodjeljivanje prava posebno uklju\u010duje pravo, povezano sa svrhom objave od strane REVIERWELT MEDIA, na ure\u0111ivanje sadr\u017eaja, njihovu reprodukciju, distribuciju ili javnu reprodukciju na Internetu na web stranicama REVIERWELT MEDIA, u svakom slu\u010daju uklju\u010duju\u0107i kori\u0161tenje u reklamne svrhe za objavu od strane REVIERWELT MEDIA (pravo na ure\u0111ivanje, reprodukciju i distribuciju kao i pravo na objavu).  <\/p>\n<p><strong>IV. Registracija<\/strong><\/p>\n<p>1. Informacije o korisniku<\/p>\n<p>Za dijelove web stranice potrebna je registracija. Za kori\u0161tenje ovih zatvorenih prostora potrebno je da je korisnik punoljetan, da se registrirao i dao istinite i potpune osobne podatke. Korisnik je tako\u0111er du\u017ean prijaviti svaku naknadnu promjenu osobnih podataka prilikom sljede\u0107eg posjeta doti\u010dnoj web stranici.  <\/p>\n<p>2. Provjera korisni\u010dkih podataka i blokada pristupa<\/p>\n<p>REVIERWELT MEDIA zadr\u017eava pravo provjere osobnih podataka korisnika u okviru zakonski dopu\u0161tenog. Nadalje, REVIERWELT MEDIA zadr\u017eava pravo blokiranja pristupa zatvorenim prostorima u bilo kojem trenutku. Pristup \u0107e biti posebno blokiran ako je korisnik prilikom registracije dao la\u017ene osobne podatke ili je na drugi na\u010din prekr\u0161io ove Op\u0107e uvjete.  <\/p>\n<p><strong>V. Sklapanje ugovora, kori\u0161tenje poruka\/podatkovnih usluga i trajanje ugovora<\/strong><\/p>\n<p>1. Ugovorna strana<\/p>\n<p>U slu\u010daju sklapanja ugovora, ugovor je sklopljen s REVIERWELT MEDIA. Vi\u0161e detalja o REVIERWELT MEDIJI mo\u017eete pro\u010ditati <a href=\"https:\/\/revierwelt.de\/index.php\/impressum\/\">ovdje<\/a> . <\/p>\n<p>2. Sklapanje ugovora<\/p>\n<p>Opis usluga REVIERWELT MEDIA ne predstavlja pravno obvezuju\u0107u ugovornu ponudu REVIERWELT MEDIA, ve\u0107 je samo neobvezuju\u0107i poziv korisniku na kori\u0161tenje usluga.<\/p>\n<p>Ugovor se sklapa u sljede\u0107im koracima:<\/p>\n<p>(a) Postavljanjem ra\u010duna za\u0161ti\u0107enog lozinkom pomo\u0107u funkcije registracije ponu\u0111ene na web stranici, korisnik daje ponudu za sklapanje ugovora.<br \/>\n(b) Nakon zavr\u0161etka procesa registracije, sklapa se ugovor o pru\u017eanju ugovornih usluga izme\u0111u REVIERWELT MEDIA i korisnika slanjem e-maila s potvrdom registracije na e-mail adresu koju je korisnik naveo.<\/p>\n<p>REVIERWELT MEDIA pohranjuje tekst ugovora i \u0161alje korisniku e-po\u0161tom podatke o narud\u017ebi s ALB-om. Korisnik tako\u0111er mo\u017ee pogledati ALB u bilo kojem trenutku na web stranici REVIERWELT MEDIA. <\/p>\n<p>3. Kori\u0161tenje usluga slanja poruka i podataka<\/p>\n<p>Prije nego \u0161to korisnik mo\u017ee koristiti pla\u0107ene usluge slanja poruka\/podatkovnih usluga, mora nadopuniti svoj korisni\u010dki ra\u010dun za odre\u0111eno podru\u010dje kreditom. Kredit ne\u0107e biti vra\u0107en. <\/p>\n<p>Korisniku je dopu\u0161teno kori\u0161tenje sustava za slanje i primanje podataka u okviru postoje\u0107ih tehni\u010dkih mogu\u0107nosti i raspolo\u017eivosti. REVIERWELT MEDIA ni pod kojim uvjetima nije odgovoran za uspje\u0161an primitak ili isporuku podataka ili tekstualnih poruka. REVIERWELT MEDIA se obvezuje odr\u017eavati web stranicu i podatkovne komunikacijske kanale, REVIERWELT sustav i ra\u010dun za unos tekstualnih poruka i\/ili privremenu pohranu tekstualnih poruka i podataka za slanje na broj mobilnog telefona koji je korisnik naveo kao odredi\u0161nu adresu i\/ili razumne usluge s ciljem prijenosa podataka, tekstualnih ili glasovnih poruka na komunikacijsko su\u010delje, broj telefona\/mobilnog telefona, adresu e-po\u0161te koju je naveo korisnik, u dogovorenom opsegu i u komunikacijskom formatu (tj. SMS, e-po\u0161ta i glas) i ovisno o dostupnosti, kori\u0161tenjem sustava za slanje\/primanje podataka kojemu REVIERWELT MEDIA mo\u017ee pristupiti izravno i bez posredovanja tre\u0107ih strana (sustav Revierwelt). Revierwelt ni pod kojim uvjetima nije odgovoran za uspje\u0161an prijenos ili primitak podataka, tekstualnih\/glasovnih poruka koje treba proslijediti, ve\u0107 samo za pru\u017eanje Revierwelt sustava i pokretanje jednog ili vi\u0161e poku\u0161aja prijenosa poruka\/podataka. Korisnik je posebno svjestan da \u010dak i ako se ove usluge provode u skladu s ugovorom, podaci\/poruke koje treba proslijediti mogu kasniti ili se izgubiti, posebno u slu\u010daju neisporu\u010divosti ili iz drugih razloga koji su izvan Revierwelt sustava (npr. ograni\u010denja kapaciteta ili nedostupnost ciljne mobilne mre\u017ee ili druge mre\u017ee i drugih pru\u017eatelja usluga preko kojih se odvija isporuka i distribucija podataka, tekstualnih\/glasovnih poruka). Konkretno, REVIERWELT MEDIA nije odgovoran za telekomunikacijske usluge potrebne za prijenos podataka izme\u0111u prijenosne to\u010dke na Internet putem Revierwelt sustava i prijemnog ure\u0111aja ciljnog broja.     <\/p>\n<p>4. Trajanje ugovora i raskid<\/p>\n<p>Ugovor se sklapa na vrijeme od dvanaest (12) mjeseci (rok). Produ\u017eit \u0107e se za daljnjih dvanaest mjeseci osim ako korisnik ne raskine ugovor pisanim putem (pismo, faks ili e-po\u0161ta) uz otkazni rok od mjesec dana do isteka doti\u010dnog roka. <\/p>\n<p>Pravo na raskid iz dobrog razloga ostaje nepromijenjeno. Va\u017ean razlog postoji, na primjer, ako REVIERWELT MEDIA prestane upravljati web stranicama. <\/p>\n<p><strong>VI. Cijene, pla\u0107anje, datum dospije\u0107a<\/strong><\/p>\n<p>1. nagrade<\/p>\n<p>Cijene za svaku uslugu REVIERWELT MEDIA izra\u010dunavaju se na temelju <a href=\"https:\/\/revierwelt.de\/index.php\/24594-2\/\">cjenika<\/a> objavljenog na web stranici REVIERWELT MEDIA. Presudna je cijena objavljena u trenutku kori\u0161tenja usluge. <\/p>\n<p>Cijene su podlo\u017ene promjenama (odjeljak X).<\/p>\n<p>Navedene cijene uvijek uklju\u010duju odgovaraju\u0107i zakonski porez na promet i druge komponente cijene.<\/p>\n<p>2. Pla\u0107anje, datum dospije\u0107a<\/p>\n<p>Naplata se odvija nakon kori\u0161tenja doti\u010dne usluge automatskim tere\u0107enjem pojedina\u010dne cijene s korisni\u010dkog ra\u010duna povezanog s podru\u010djem koji je napunjen kreditom u administraciji podru\u010dja korisnika.<\/p>\n<p>Usluga podataka\/poruka dostupna je samo s pozitivno napla\u0107enim korisni\u010dkim ra\u010dunom. Korisnik mo\u017ee vidjeti i provjeriti ra\u010dun. Kredit u\u010ditan na korisni\u010dki ra\u010dun ne\u0107e biti vra\u0107en.  <\/p>\n<p>3. Isklju\u010denje reklamacije<\/p>\n<p>Reklamacije su dopu\u0161tene samo u roku od mjesec dana nakon naplate pojedina\u010dne cijene.<\/p>\n<p>4. Posebne odredbe za korisnike kao poduzetnike<\/p>\n<p>U razdoblju ka\u0161njenja poduzetnik duguje REVIERWELT MEDIA kamate u iznosu od 8 posto iznad pripadaju\u0107e temeljne kamatne stope na predmetni nov\u010dani dug. Zadr\u017eavamo pravo na dokazivanje ve\u0107e \u0161tete zbog zateznih kamata. Poduzetnik ima pravo prijeboja samo ako su njegove protutra\u017ebine nesporne ili su pravomo\u0107no utvr\u0111ene.  <\/p>\n<p><strong>VII. Pravo na odustajanje za korisnike kao potro\u0161a\u010de<\/strong><\/p>\n<p><strong>politika otkazivanja<\/strong><\/p>\n<p><strong>pravo na odustanak<\/strong><\/p>\n<p><strong>Svoju ugovornu izjavu mo\u017eete opozvati u roku od 14 dana bez navo\u0111enja razloga u tekstualnom obliku (npr. pismo, faks, e-po\u0161ta). Razdoblje po\u010dinje nakon primitka ove upute u tekstualnom obliku, ali ne prije sklapanja ugovora i tako\u0111er ne prije ispunjenja na\u0161ih obveza informiranja prema \u010dlanku 246. stavak 2. u vezi sa \u00a7 1. stavak 1. i 2. EGBGB-a, kao i na\u0161ih obveza prema \u00a7 312g, stavak 1. re\u010denica 1. BGB-a u vezi s \u010dlankom 246. stavak 3. EGBGB-a. Za po\u0161tivanje roka za otkazivanje, dovoljno je pravovremeno poslati otkaz. Opoziv mora biti upu\u0107en na:   <\/strong><\/p>\n<p><strong>REVIERWELT MEDIA GMBH<br \/>\n Generalni direktor: Alexander Vinnai<br \/>\n Pestalozzistra\u00dfe 41<br \/>\n 35606 Solms<br \/>\n support@revierwelt.de<\/strong><\/p>\n<p><strong>posljedice opoziva<\/strong><\/p>\n<p><strong>U slu\u010daju stvarnog opoziva, usluge koje su obje strane primile moraju se vratiti i sve dobivene koristi (npr. kamate) moraju se odre\u0107i. Ako primljenu uslugu i pogodnosti (npr. pogodnosti kori\u0161tenja) ne mo\u017eete vratiti ili predati u cijelosti ili djelomi\u010dno ili samo u pokvarenom stanju, morate nam platiti naknadu za gubitak vrijednosti. To mo\u017ee zna\u010diti da jo\u0161 uvijek morate ispuniti svoje ugovorne obveze pla\u0107anja za razdoblje do opoziva. Obveze povrata pla\u0107anja moraju se ispuniti u roku od 30 dana. Za vas razdoblje po\u010dinje kada po\u0161aljete obavijest o otkazivanju, a za nas kada je primimo.    <\/strong><\/p>\n<p><strong>Posebne napomene<\/strong><\/p>\n<p><strong>Va\u0161e pravo na povla\u010denje prestaje prije vremena ako obje strane u potpunosti ispune ugovor na va\u0161 izri\u010diti zahtjev prije nego \u0161to iskoristite svoje pravo na povla\u010denje.<\/strong><\/p>\n<p><strong>Kraj pravila otkazivanja.<\/strong><\/p>\n<p><strong>VIII. Odgovornost REVIERWELT MEDIA<\/strong><\/p>\n<p>Odgovornost REVIERWELT MEDIA isklju\u010dena je u slu\u010daju kr\u0161enja du\u017enosti iz neznatnog nemara, pod uvjetom da ta kr\u0161enja du\u017enosti ne utje\u010du na bitne ugovorne obveze ili \u017eivot, zdravlje ili tijelo ili potra\u017eivanja prema Zakonu o odgovornosti za proizvode. Ovo se tako\u0111er odnosi na povrede du\u017enosti od strane zaposlenika ili pomo\u0107nih agenata REVIERWELT MEDIA. <\/p>\n<p>Sukladno ovoj odredbi, REVIERWELT MEDIA ne preuzima nikakvu odgovornost za sadr\u017eaj koji pru\u017eaju korisnici (npr. osobni i\/ili drugi podaci), posebno za potpunost ili to\u010dnost tog sadr\u017eaja, kao ni odgovornost za nedostatke koji za korisnika proizlaze iz privremene nedostupnosti web stranice ili njezinih dijelova, gubitka podataka ili sli\u010dnih tehni\u010dkih problema. Sukladno tome, odgovornost REVIERWELT MEDIA posebno je isklju\u010dena za sistemske kvarove, prekide i\/ili smetnje u prijenosu podataka kao i za nepridr\u017eavanje uputa za kori\u0161tenje primjenjivih na ponudu REVIERWELT MEDIA. <\/p>\n<p><strong>IX. odgovornost korisnika<\/strong><\/p>\n<p>1. Odgovornost korisnika za kori\u0161tenje lozinke<\/p>\n<p>Korisnik je odgovoran za \u010duvanje povjerljivosti svoje lozinke i njezino kori\u0161tenje. Posebice, korisnik je du\u017ean lozinku \u010duvati s posebnom pa\u017enjom i sprije\u010diti da tre\u0107e osobe saznaju lozinku. U slu\u010daju neovla\u0161tenog kori\u0161tenja korisni\u010dke lozinke, korisnik osloba\u0111a REVIERWELT MEDIA svake odgovornosti osim ako nije postupao pa\u017eljivo u poslovanju. Korisnik je du\u017ean odmah obavijestiti REVIERWELT MEDIA ako postoji razlog za sumnju da se lozinka koristi neovla\u0161teno.   <\/p>\n<p>2. Odgovornost korisnika za svoje podatke<\/p>\n<p>Korisnik je odgovoran za to\u010dnost i a\u017eurnost svojih osobnih ili podataka o tvrtki \u2013 uklju\u010duju\u0107i i pravo kori\u0161tenja za\u0161ti\u0107enih stru\u010dnih naziva. Ako korisnik da la\u017ene podatke ili ne a\u017eurira svoje podatke u odgovaraju\u0107im intervalima, korisnik osloba\u0111a REVIERWELT MEDIA svake odgovornosti u vezi s njegovim podacima, osim ako je iskazao potrebnu pa\u017enju u poslovanju. <\/p>\n<p>3. Odgovornost korisnika za preneseni sadr\u017eaj<\/p>\n<p>Preno\u0161enjem sadr\u017eaja \u2013 bez obzira na sadr\u017eaj \u2013 korisnik jam\u010di da je sadr\u017eaj u potpunosti u skladu sa zakonom. Prije svega, korisnik uvjerava i jam\u010di da ne postavlja nikakav sadr\u017eaj na web stranice koje <\/p>\n<p>\u2013 kr\u0161e va\u017ee\u0107i zakon, zakonske ili slu\u017ebene zabrane ili uobi\u010dajenu pristojnost,<br \/>\n \u2013 povrijediti prava tre\u0107ih osoba,<br \/>\n \u2013 su pornografski, uvredljivi, prijete\u0107i, uznemiruju\u0107i, vulgarni, rasisti\u010dki, na drugi na\u010din diskriminiraju\u0107i ili nepo\u017eeljni,<br \/>\n \u2013 kr\u0161iti va\u017ee\u0107e propise o za\u0161titi mladih ili<br \/>\n \u2013 smatraju se zlouporabom, posebice spamom.<\/p>\n<p>Konkretno, prijenosom sadr\u017eaja korisnik jam\u010di da on ili ona mo\u017ee slobodno raspolagati ovim sadr\u017eajem u odnosu na REVIERWELT MEDIA, posebno u okviru prava dodijeljenih u skladu s Odjeljkom IV, te da sadr\u017eaj ne naru\u0161ava niti kr\u0161i prava tre\u0107ih strana, posebno pravo na vlastitu sliku, op\u0107a osobna prava (na primjer, pravo na ime), prava na simbole (na primjer, prava na za\u0161titni znak), druga prava industrijskog vlasni\u0161tva i\/ili autorsko pravo cillarno autorsko pravo.<\/p>\n<p>U slu\u010daju da korisnik prekr\u0161i jednu od polica osiguranja spomenutih u ovom odjeljku, posebno u slu\u010daju da tre\u0107e osobe pola\u017eu prava prema REVIERWELT MEDIA u smislu prethodnih stavaka, korisnik \u0107e u potpunosti nadoknaditi REVIERWELT MEDIA, uklju\u010duju\u0107i tro\u0161kove pravne obrane, osim ako je korisnik iskazao potrebnu pozornost u poslovanju. Korisnik podr\u017eava REVIERWELT MEDIA u pravnoj obrani, posebice pru\u017eanjem informacija. <\/p>\n<p><strong>X. Podlo\u017eno promjenama\/preinakama<\/strong><\/p>\n<p>REVIERWELT MEDIA zadr\u017eava pravo izmjene ALB-a i drugih uvjeta za kori\u0161tenje web stranice \u2013 uklju\u010duju\u0107i cjenik \u2013 kao i pojedina\u010dne specifikacije u bilo kojem trenutku. REVIERWELT MEDIA \u0107e objaviti sve promjene ovih uvjeta objavljivanjem obavijesti na web stranicama. <\/p>\n<p>Korisnik daje suglasnost s valjano\u0161\u0107u izmijenjenih uvjeta ako se nakon objave takve obavijesti o promjeni koristi web stranicama REVIERWELT MEDIA.<\/p>\n<p>Objavom izmijenjene verzije ovih Op\u0107ih uvjeta, prethodna verzija prestaje va\u017eiti.<\/p>\n<p><strong>XI. Mjesto izvr\u0161enja, mjerodavno pravo i mjesto nadle\u017enosti<\/strong><\/p>\n<p>U odnosima izme\u0111u REVIERWELT MEDIA i korisnika koji je poduzetnik, isklju\u010divo mjesto izvr\u0161enja i nadle\u017enost za sve zahtjeve je \u2013 u dopu\u0161tenoj mjeri \u2013 Okru\u017eni sud u Wetzlaru ili Okru\u017eni sud u Limburgu.<\/p>\n<p>Primjenjuje se isklju\u010divo pravo Savezne Republike Njema\u010dke. Za potro\u0161a\u010da se ovaj izbor prava primjenjuje samo u mjeri u kojoj odobrena za\u0161tita nije povu\u010dena obveznim odredbama zakona zemlje u kojoj potro\u0161a\u010d ima svoje uobi\u010dajeno boravi\u0161te. <\/p>\n<p><strong>XII. klauzula o raskidivosti<\/strong><\/p>\n<p>Ako pojedine odredbe ovih Op\u0107ih uvjeta jesu ili postanu neu\u010dinkovite i\/ili neva\u017ee\u0107e, valjanost preostalih odredbi ostaje nepromijenjena. Neu\u010dinkovite i\/ili ni\u0161tave odredbe bit \u0107e zamijenjene na na\u010din da se postigne namjeravana ekonomska svrha. Ovo se u skladu s tim odnosi na popunjavanje praznina u ALB-u.  <\/p>\n<p><strong>XIII. kodeks pona\u0161anja<\/strong><\/p>\n<p>REVIERWELT MEDIA se nije podvrgao nikakvom kodeksu pona\u0161anja.<\/p>\n<p>Status ALB-a: rujan 2012.<\/p>\n","protected":false},"excerpt":{"rendered":"<p>I. Opseg Operater ove web stranice je REVIERWELT MEDIA GmbH ( REVIERWELT MEDIA ). Ovi Op\u0107i uvjeti poslovanja (OU) vrijede u verziji va\u017ee\u0107oj u trenutku po\u010detka kori\u0161tenja (registracija, prijava, ogla\u0161avanje ili druga uporaba) za sve poslovne odnose izme\u0111u REVIERWELT MEDIA i korisnika web stranica (potro\u0161a\u010d ili poduzetnik). Svi Op\u0107i uvjeti ili drugi uvjeti korisnika koji&#8230;<\/p>\n","protected":false},"author":4,"featured_media":0,"parent":0,"menu_order":0,"comment_status":"closed","ping_status":"closed","template":"","meta":{"footnotes":""},"class_list":["post-37245","page","type-page","status-publish","hentry"],"_links":{"self":[{"href":"https:\/\/revierwelt.de\/index.php\/wp-json\/wp\/v2\/pages\/37245","targetHints":{"allow":["GET"]}}],"collection":[{"href":"https:\/\/revierwelt.de\/index.php\/wp-json\/wp\/v2\/pages"}],"about":[{"href":"https:\/\/revierwelt.de\/index.php\/wp-json\/wp\/v2\/types\/page"}],"author":[{"embeddable":true,"href":"https:\/\/revierwelt.de\/index.php\/wp-json\/wp\/v2\/users\/4"}],"replies":[{"embeddable":true,"href":"https:\/\/revierwelt.de\/index.php\/wp-json\/wp\/v2\/comments?post=37245"}],"version-history":[{"count":0,"href":"https:\/\/revierwelt.de\/index.php\/wp-json\/wp\/v2\/pages\/37245\/revisions"}],"wp:attachment":[{"href":"https:\/\/revierwelt.de\/index.php\/wp-json\/wp\/v2\/media?parent=37245"}],"curies":[{"name":"wp","href":"https:\/\/api.w.org\/{rel}","templated":true}]}}