{"id":39883,"date":"2025-02-25T11:49:29","date_gmt":"2025-02-25T10:49:29","guid":{"rendered":"https:\/\/revierwelt.de\/index.php\/revocare\/"},"modified":"2025-02-25T11:49:29","modified_gmt":"2025-02-25T10:49:29","slug":"revocare","status":"publish","type":"page","link":"https:\/\/revierwelt.de\/index.php\/revocare\/?lang=ro","title":{"rendered":"Revocare"},"content":{"rendered":"<p><strong>Dreptul de anulare<\/strong><\/p>\n<p>Pute\u021bi anula declara\u021bia dvs. contractual\u0103 \u00een scris (de exemplu, scrisoare, fax, e-mail) \u00een termen de 14 zile, f\u0103r\u0103 a oferi motive. Perioada \u00eencepe dup\u0103 primirea acestei instruc\u021biuni sub form\u0103 de text, dar nu \u00eenainte de \u00eencheierea contractului \u0219i, de asemenea, nu \u00eenainte de \u00eendeplinirea obliga\u021biilor noastre de informare \u00een conformitate cu articolul 246 \u00a7 2 coroborat cu \u00a7 1 alineatele 1 \u0219i 2 EGBGB, precum \u0219i a obliga\u021biilor noastre \u00een conformitate cu \u00a7 312g alineatul 1 teza 1 BGB coroborat cu articolul 246 \u00a7 3 EGBGB. Trimiterea la timp a anul\u0103rii este suficient\u0103 pentru respectarea termenului de anulare. Anularea trebuie trimis\u0103 la adresa:   <\/p>\n<p>REVIERWELT MEDIA GMBH<br \/>\nDirector general: Alexander Vinnai<br \/>\nPestalozzistrasse 41<br \/>\n35606 Solms<br \/>\nsupport@revierwelt.de<\/p>\n<p><strong>Consecin\u021bele anul\u0103rii<\/strong><\/p>\n<p>\u00cen cazul unei anul\u0103ri efective, serviciile primite de ambele p\u0103r\u021bi trebuie returnate \u0219i orice beneficii derivate (de exemplu, dob\u00e2nzi) trebuie restituite. \u00cen cazul \u00een care nu sunte\u021bi \u00een m\u0103sur\u0103 s\u0103 ne returna\u021bi sau s\u0103 ne preda\u021bi bunurile sau serviciile primite, precum \u0219i beneficiile (de exemplu, beneficiile de utilizare), sau nu sunte\u021bi \u00een m\u0103sur\u0103 s\u0103 le returna\u021bi sau s\u0103 le preda\u021bi dec\u00e2t par\u021bial sau \u00eentr-o stare deteriorat\u0103, trebuie s\u0103 ne desp\u0103gubi\u021bi pentru valoarea acestora. Aceasta poate \u00eensemna c\u0103 trebuie totu\u0219i s\u0103 v\u0103 \u00eendeplini\u021bi obliga\u021biile contractuale de plat\u0103 pentru perioada de p\u00e2n\u0103 la anulare. Obliga\u021biile de rambursare a pl\u0103\u021bilor trebuie \u00eendeplinite \u00een termen de 30 de zile. Perioada \u00eencepe pentru dumneavoastr\u0103 atunci c\u00e2nd trimite\u021bi notificarea de anulare \u0219i pentru noi atunci c\u00e2nd o primim.    <\/p>\n<p><strong>Note speciale<\/strong><\/p>\n<p>Dreptul dumneavoastr\u0103 de renun\u021bare expir\u0103 prematur \u00een cazul \u00een care contractul a fost executat integral de ambele p\u0103r\u021bi, la cererea dumneavoastr\u0103 expres\u0103, \u00eenainte ca dumneavoastr\u0103 s\u0103 v\u0103 fi exercitat dreptul de renun\u021bare.<\/p>\n<p><strong>Sf\u00e2r\u0219itul politicii de anulare.<\/strong><\/p>\n","protected":false},"excerpt":{"rendered":"<p>Dreptul de anulare Pute\u021bi anula declara\u021bia dvs. contractual\u0103 \u00een scris (de exemplu, scrisoare, fax, e-mail) \u00een termen de 14 zile, f\u0103r\u0103 a oferi motive. Perioada \u00eencepe dup\u0103 primirea acestei instruc\u021biuni sub form\u0103 de text, dar nu \u00eenainte de \u00eencheierea contractului \u0219i, de asemenea, nu \u00eenainte de \u00eendeplinirea obliga\u021biilor noastre de informare \u00een conformitate cu articolul&#8230;<\/p>\n","protected":false},"author":4,"featured_media":0,"parent":0,"menu_order":0,"comment_status":"closed","ping_status":"closed","template":"","meta":{"footnotes":""},"class_list":["post-39883","page","type-page","status-publish","hentry"],"_links":{"self":[{"href":"https:\/\/revierwelt.de\/index.php\/wp-json\/wp\/v2\/pages\/39883","targetHints":{"allow":["GET"]}}],"collection":[{"href":"https:\/\/revierwelt.de\/index.php\/wp-json\/wp\/v2\/pages"}],"about":[{"href":"https:\/\/revierwelt.de\/index.php\/wp-json\/wp\/v2\/types\/page"}],"author":[{"embeddable":true,"href":"https:\/\/revierwelt.de\/index.php\/wp-json\/wp\/v2\/users\/4"}],"replies":[{"embeddable":true,"href":"https:\/\/revierwelt.de\/index.php\/wp-json\/wp\/v2\/comments?post=39883"}],"version-history":[{"count":0,"href":"https:\/\/revierwelt.de\/index.php\/wp-json\/wp\/v2\/pages\/39883\/revisions"}],"wp:attachment":[{"href":"https:\/\/revierwelt.de\/index.php\/wp-json\/wp\/v2\/media?parent=39883"}],"curies":[{"name":"wp","href":"https:\/\/api.w.org\/{rel}","templated":true}]}}