{"id":40444,"date":"2025-02-25T11:56:24","date_gmt":"2025-02-25T10:56:24","guid":{"rendered":"https:\/\/revierwelt.de\/index.php\/vendita-di-carne-di-cervo\/"},"modified":"2025-02-25T11:56:34","modified_gmt":"2025-02-25T10:56:34","slug":"vendita-di-carne-di-cervo","status":"publish","type":"page","link":"https:\/\/revierwelt.de\/index.php\/vendita-di-carne-di-cervo\/?lang=it","title":{"rendered":"Vendita di carne di cervo"},"content":{"rendered":"<section class=\"l-section wpb_row height_medium\"><div class=\"l-section-h i-cf\"><div class=\"g-cols vc_row via_flex valign_top type_default stacking_default\"><div class=\"vc_col-sm-12 wpb_column vc_column_container\"><div class=\"vc_column-inner\"><div class=\"wpb_wrapper\"><div class=\"wpb_text_column\"><div class=\"wpb_wrapper\"><p>REVIERWELT fornisce un servizio online, Wildbretmarkt.de, attraverso il quale gli utenti possono inviare e pubblicare offerte di gioco e, in quanto interessati, visualizzare le offerte di gioco di altri utenti. Inoltre, il servizio Wildbretmarkt consente anche lo scambio di messaggi elettronici tra gli inserzionisti e gli interessati. <\/p>\n<p>Wildbretmarkt serve a pubblicare offerte di selvaggina e a far incontrare venditori e potenziali acquirenti della merce pubblicizzata. REVIERWELT Wildbretmarkt non \u00e8 il fornitore della selvaggina pubblicizzata. <\/p>\n<p>Io, venditore, dichiaro che la selvaggina che offro \u00e8 stata spezzettata in modo pulito, la carne \u00e8 stata appesa, lavorata con cura in conformit\u00e0 alle normative vigenti ed \u00e8 pronta per il consumo. Dichiaro di rispettare le seguenti disposizioni di legge quando offro la selvaggina sul mercato della selvaggina di REVIERWELT. <\/p>\n<p><strong>Legislazione:<\/strong><\/p>\n<ul>\n<li><a href=\"https:\/\/eur-lex.europa.eu\/legal-content\/DE\/TXT\/PDF\/?uri=CELEX:32004R0853&amp;from=en\">Regolamento UE con norme igieniche specifiche per gli alimenti di origine animale<\/a><\/li>\n<li><a href=\"https:\/\/eur-lex.europa.eu\/legal-content\/DE\/TXT\/PDF\/?uri=CELEX:32011R0931&amp;from=DE\">Regolamento di esecuzione sui requisiti di rintracciabilit\u00e0 degli alimenti di origine animale<\/a><\/li>\n<li><a href=\"http:\/\/www.gesetze-im-internet.de\/tier-lmhv\/Tier-LMHV.pdf\">Normativa sull&#8217;igiene degli alimenti di origine animale<\/a><\/li>\n<li><a href=\"http:\/\/www.gesetze-im-internet.de\/tier-lm_v\/Tier-LM%C3%9CV.pdf\">Ordinanza sul monitoraggio degli alimenti per animali<\/a><\/li>\n<li><a href=\"http:\/\/www.gesetze-im-internet.de\/lfgb\/LFGB.pdf\">Codice degli alimenti e dei mangimi<\/a><\/li>\n<\/ul>\n<p><strong>Requisiti per la vendita di carne di selvaggina da parte dei cacciatori:<\/strong><br \/><a href=\"https:\/\/revierwelt.de\/wp-content\/uploads\/2020\/08\/DJV-Infografik-Voraussetzung-zur-Abgabe-von-Wildfleisch-2014_0.pdf\">Scarica<\/a><\/p>\n<\/div><\/div><\/div><\/div><\/div><\/div><\/div><\/section>\n","protected":false},"excerpt":{"rendered":"REVIERWELT fornisce un servizio online, Wildbretmarkt.de, attraverso il quale gli utenti possono inviare e pubblicare offerte di gioco e, in quanto interessati, visualizzare le offerte di gioco di altri utenti. Inoltre, il servizio Wildbretmarkt consente anche lo scambio di messaggi elettronici tra gli inserzionisti e gli interessati. Wildbretmarkt serve a pubblicare offerte di selvaggina e...","protected":false},"author":4,"featured_media":0,"parent":0,"menu_order":0,"comment_status":"closed","ping_status":"closed","template":"","meta":{"footnotes":""},"class_list":["post-40444","page","type-page","status-publish","hentry"],"_links":{"self":[{"href":"https:\/\/revierwelt.de\/index.php\/wp-json\/wp\/v2\/pages\/40444","targetHints":{"allow":["GET"]}}],"collection":[{"href":"https:\/\/revierwelt.de\/index.php\/wp-json\/wp\/v2\/pages"}],"about":[{"href":"https:\/\/revierwelt.de\/index.php\/wp-json\/wp\/v2\/types\/page"}],"author":[{"embeddable":true,"href":"https:\/\/revierwelt.de\/index.php\/wp-json\/wp\/v2\/users\/4"}],"replies":[{"embeddable":true,"href":"https:\/\/revierwelt.de\/index.php\/wp-json\/wp\/v2\/comments?post=40444"}],"version-history":[{"count":0,"href":"https:\/\/revierwelt.de\/index.php\/wp-json\/wp\/v2\/pages\/40444\/revisions"}],"wp:attachment":[{"href":"https:\/\/revierwelt.de\/index.php\/wp-json\/wp\/v2\/media?parent=40444"}],"curies":[{"name":"wp","href":"https:\/\/api.w.org\/{rel}","templated":true}]}}