{"id":40452,"date":"2025-02-25T11:56:27","date_gmt":"2025-02-25T10:56:27","guid":{"rendered":"https:\/\/revierwelt.de\/index.php\/vadhus-ertekesitese\/"},"modified":"2025-02-25T11:56:34","modified_gmt":"2025-02-25T10:56:34","slug":"vadhus-ertekesitese","status":"publish","type":"page","link":"https:\/\/revierwelt.de\/index.php\/vadhus-ertekesitese\/?lang=hu","title":{"rendered":"Vadh\u00fas \u00e9rt\u00e9kes\u00edt\u00e9se"},"content":{"rendered":"<section class=\"l-section wpb_row height_medium\"><div class=\"l-section-h i-cf\"><div class=\"g-cols vc_row via_flex valign_top type_default stacking_default\"><div class=\"vc_col-sm-12 wpb_column vc_column_container\"><div class=\"vc_column-inner\"><div class=\"wpb_wrapper\"><div class=\"wpb_text_column\"><div class=\"wpb_wrapper\"><p>REVIERWELT a Wildbretmarkt.de online szolg\u00e1ltat\u00e1st ny\u00fajt, amelyen kereszt\u00fcl a felhaszn\u00e1l\u00f3k j\u00e1t\u00e9kaj\u00e1nlatokat tehetnek k\u00f6zz\u00e9, \u00e9s mint \u00e9rdekelt felek megtekinthetik m\u00e1s felhaszn\u00e1l\u00f3k j\u00e1t\u00e9kaj\u00e1nlatait. A Wildbretmarkt szolg\u00e1ltat\u00e1s emellett lehet\u0151v\u00e9 teszi a hirdet\u0151k \u00e9s az \u00e9rdekl\u0151d\u0151k k\u00f6z\u00f6tti elektronikus \u00fczenetv\u00e1lt\u00e1st is. <\/p>\n<p>A Wildbretmarkt a vadh\u00fasra vonatkoz\u00f3 aj\u00e1nlatok k\u00f6zz\u00e9t\u00e9tel\u00e9re, valamint a meghirdetett \u00e1ruk elad\u00f3inak \u00e9s potenci\u00e1lis vev\u0151inek \u00f6sszehoz\u00e1s\u00e1ra szolg\u00e1l. REVIERWELT A Wildbretmarkt maga nem a meghirdetett vadh\u00fas sz\u00e1ll\u00edt\u00f3ja. <\/p>\n<p>\u00c9n, az elad\u00f3 kijelentem, hogy az \u00e1ltalam k\u00edn\u00e1lt vadat tiszt\u00e1n feldaraboltam, a h\u00fast felakasztottam, gondosan feldolgoztam a hat\u00e1lyos el\u0151\u00edr\u00e1soknak megfelel\u0151en, \u00e9s fogyaszt\u00e1sra k\u00e9sz. Kijelentem, hogy a REVIERWELT vadh\u00faspiacon t\u00f6rt\u00e9n\u0151 k\u00edn\u00e1l\u00e1s sor\u00e1n betartom az al\u00e1bbi jogszab\u00e1lyi rendelkez\u00e9seket. <\/p>\n<p><strong>Jogszab\u00e1lyok:<\/strong><\/p>\n<ul>\n<li><a href=\"https:\/\/eur-lex.europa.eu\/legal-content\/DE\/TXT\/PDF\/?uri=CELEX:32004R0853&amp;from=en\">Az \u00e1llati eredet\u0171 \u00e9lelmiszerekre vonatkoz\u00f3 k\u00fcl\u00f6nleges higi\u00e9niai szab\u00e1lyokat tartalmaz\u00f3 uni\u00f3s rendelet<\/a><\/li>\n<li><a href=\"https:\/\/eur-lex.europa.eu\/legal-content\/DE\/TXT\/PDF\/?uri=CELEX:32011R0931&amp;from=DE\">Az \u00e1llati eredet\u0171 \u00e9lelmiszerek nyomonk\u00f6vethet\u0151s\u00e9gi k\u00f6vetelm\u00e9nyeir\u0151l sz\u00f3l\u00f3 v\u00e9grehajt\u00e1si rendelet<\/a><\/li>\n<li><a href=\"http:\/\/www.gesetze-im-internet.de\/tier-lmhv\/Tier-LMHV.pdf\">\u00c1llati \u00e9lelmiszer-higi\u00e9niai el\u0151\u00edr\u00e1sok<\/a><\/li>\n<li><a href=\"http:\/\/www.gesetze-im-internet.de\/tier-lm_v\/Tier-LM%C3%9CV.pdf\">Az \u00e1llati takarm\u00e1nyok ellen\u0151rz\u00e9s\u00e9r\u0151l sz\u00f3l\u00f3 rendelet<\/a><\/li>\n<li><a href=\"http:\/\/www.gesetze-im-internet.de\/lfgb\/LFGB.pdf\">\u00c9lelmiszer- \u00e9s takarm\u00e1nyk\u00f3dex<\/a><\/li>\n<\/ul>\n<p><strong>A vadh\u00fas \u00e9rt\u00e9kes\u00edt\u00e9s\u00e9re vonatkoz\u00f3 k\u00f6vetelm\u00e9nyek a vad\u00e1szok sz\u00e1m\u00e1ra:<\/strong><br \/><a href=\"https:\/\/revierwelt.de\/wp-content\/uploads\/2020\/08\/DJV-Infografik-Voraussetzung-zur-Abgabe-von-Wildfleisch-2014_0.pdf\">Let\u00f6lt\u00e9s<\/a><\/p>\n<\/div><\/div><\/div><\/div><\/div><\/div><\/div><\/section>\n","protected":false},"excerpt":{"rendered":"REVIERWELT a Wildbretmarkt.de online szolg\u00e1ltat\u00e1st ny\u00fajt, amelyen kereszt\u00fcl a felhaszn\u00e1l\u00f3k j\u00e1t\u00e9kaj\u00e1nlatokat tehetnek k\u00f6zz\u00e9, \u00e9s mint \u00e9rdekelt felek megtekinthetik m\u00e1s felhaszn\u00e1l\u00f3k j\u00e1t\u00e9kaj\u00e1nlatait. A Wildbretmarkt szolg\u00e1ltat\u00e1s emellett lehet\u0151v\u00e9 teszi a hirdet\u0151k \u00e9s az \u00e9rdekl\u0151d\u0151k k\u00f6z\u00f6tti elektronikus \u00fczenetv\u00e1lt\u00e1st is. A Wildbretmarkt a vadh\u00fasra vonatkoz\u00f3 aj\u00e1nlatok k\u00f6zz\u00e9t\u00e9tel\u00e9re, valamint a meghirdetett \u00e1ruk elad\u00f3inak \u00e9s potenci\u00e1lis vev\u0151inek \u00f6sszehoz\u00e1s\u00e1ra szolg\u00e1l. REVIERWELT A...","protected":false},"author":4,"featured_media":0,"parent":0,"menu_order":0,"comment_status":"closed","ping_status":"closed","template":"","meta":{"footnotes":""},"class_list":["post-40452","page","type-page","status-publish","hentry"],"_links":{"self":[{"href":"https:\/\/revierwelt.de\/index.php\/wp-json\/wp\/v2\/pages\/40452","targetHints":{"allow":["GET"]}}],"collection":[{"href":"https:\/\/revierwelt.de\/index.php\/wp-json\/wp\/v2\/pages"}],"about":[{"href":"https:\/\/revierwelt.de\/index.php\/wp-json\/wp\/v2\/types\/page"}],"author":[{"embeddable":true,"href":"https:\/\/revierwelt.de\/index.php\/wp-json\/wp\/v2\/users\/4"}],"replies":[{"embeddable":true,"href":"https:\/\/revierwelt.de\/index.php\/wp-json\/wp\/v2\/comments?post=40452"}],"version-history":[{"count":0,"href":"https:\/\/revierwelt.de\/index.php\/wp-json\/wp\/v2\/pages\/40452\/revisions"}],"wp:attachment":[{"href":"https:\/\/revierwelt.de\/index.php\/wp-json\/wp\/v2\/media?parent=40452"}],"curies":[{"name":"wp","href":"https:\/\/api.w.org\/{rel}","templated":true}]}}