{"id":40494,"date":"2025-02-25T11:56:53","date_gmt":"2025-02-25T10:56:53","guid":{"rendered":"https:\/\/revierwelt.de\/index.php\/generelle-salgsbetingelser-for-markedsplassen\/"},"modified":"2025-02-25T11:56:53","modified_gmt":"2025-02-25T10:56:53","slug":"generelle-salgsbetingelser-for-markedsplassen","status":"publish","type":"page","link":"https:\/\/revierwelt.de\/index.php\/generelle-salgsbetingelser-for-markedsplassen\/?lang=no","title":{"rendered":"Generelle salgsbetingelser for markedsplassen"},"content":{"rendered":"<h4><strong>Generelle salgsbetingelser for markedsplassen<\/strong><\/h4>\n<p><b><span data-contrast=\"none\">Anvendelsesomr\u00e5de<\/span><\/b><span data-ccp-props=\"{\"201341983\":0,\"335559738\":120,\"335559739\":120,\"335559740\":480}\"> <\/span><\/p>\n<p><span data-contrast=\"none\">Disse vilk\u00e5rene gjelder for alle kj\u00f8p fra <a href=\"https:\/\/revierwelt.de\/index.php\/impressum\/\" target=\"_blank\" rel=\"noopener\">Revierwelt Media GmbH<\/a><\/span><span data-contrast=\"none\">som foretas av privatkunder. <\/span> <span data-ccp-props=\"{\"201341983\":0,\"335559738\":120,\"335559739\":120,\"335559740\":480}\"> <\/span><\/p>\n<p><span data-contrast=\"none\">Privatkunder i denne forstand er personer med bosted og leveringsadresse i Forbundsrepublikken Tyskland, i den grad varene som bestilles av dem ikke kan tilskrives deres kommersielle eller uavhengige yrkesaktivitet.  <\/span><span data-ccp-props=\"{\"201341983\":0,\"335559738\":120,\"335559739\":120,\"335559740\":480}\"> <\/span><\/p>\n<p><b><span data-contrast=\"none\">Priser og fraktkostnader<\/span><\/b><span data-ccp-props=\"{\"201341983\":0,\"335559738\":120,\"335559739\":120,\"335559740\":480}\"> <\/span><\/p>\n<p><span data-contrast=\"none\">Prisene som vises er endelige priser inkludert merverdiavgift. Bel\u00f8pet som vises p\u00e5 tidspunktet for den bindende bestillingen gjelder. Fraktkostnader kommer i tillegg, og disse avhenger av forsendelsesm\u00e5ten og st\u00f8rrelsen og vekten p\u00e5 varen(e) du har bestilt.     <\/span> <span data-contrast=\"none\"> Du skal b\u00e6re de vanlige kostnadene for retur av varene i tilfelle du returnerer dem n\u00e5r du ut\u00f8ver <a href=\"https:\/\/revierwelt.de\/index.php\/widerruf\/\" target=\"_blank\" rel=\"noopener\">angreretten<\/a> din. <\/span><span data-contrast=\"none\">du skal b\u00e6re.<\/span><span data-ccp-props=\"{\"201341983\":0,\"335559738\":120,\"335559739\":120,\"335559740\":480}\"> <\/span><span data-ccp-props=\"{\"201341983\":0,\"335559738\":120,\"335559739\":120,\"335559740\":480}\"> <\/span><\/p>\n<p><b><span data-contrast=\"none\">Betaling<\/span><\/b><span data-ccp-props=\"{\"201341983\":0,\"335559738\":120,\"335559739\":120,\"335559740\":480}\"> <\/span><\/p>\n<p><span data-contrast=\"none\">Betaling skjer ved levering med kredittkort. <\/span><span data-contrast=\"none\">kredittkort.<\/span><\/p>\n<p><span data-ccp-props=\"{\"201341983\":0,\"335559738\":120,\"335559739\":120,\"335559740\":480}\"> <\/span><b><span data-contrast=\"none\">Mislighold av betaling<\/span><\/b><span data-ccp-props=\"{\"201341983\":0,\"335559738\":120,\"335559739\":120,\"335559740\":480}\"> <\/span><\/p>\n<p><span data-contrast=\"none\">Hvis du er i betalingsmislighold, har Revierwelt Media GmbH rett til \u00e5 kreve morarenter p\u00e5 5 prosentpoeng over basisrenten p.a. kunngjort av Deutsche Bundesbank for tidspunktet for bestillingen. Hvis Revierwelt Media GmbH p\u00e5viselig har p\u00e5dratt seg en h\u00f8yere skade for\u00e5rsaket av mislighold, har Revierwelt Media GmbH rett til \u00e5 kreve dette. <\/span><span data-ccp-props=\"{\"201341983\":0,\"335559738\":120,\"335559739\":120,\"335559740\":480}\"> <\/span><\/p>\n<p><b><span data-contrast=\"none\">Rett til tilbakeholdelse<\/span><\/b><span data-ccp-props=\"{\"201341983\":0,\"335559738\":120,\"335559739\":120,\"335559740\":480}\"> <\/span><\/p>\n<p><span data-contrast=\"none\">Kunden er kun berettiget til \u00e5 ut\u00f8ve tilbakeholdsrett i den utstrekning hans motkrav er basert p\u00e5 samme kontraktsforhold.<\/span><span data-ccp-props=\"{\"201341983\":0,\"335559738\":120,\"335559739\":120,\"335559740\":480}\"> <\/span><\/p>\n<p><b><span data-contrast=\"none\">levering<\/span><\/b><span data-ccp-props=\"{\"201341983\":0,\"335559738\":120,\"335559739\":120,\"335559740\":480}\"> <\/span><\/p>\n<p><span data-contrast=\"none\">(1) Levering skal skje til den av kunden oppgitte leveringsadressen, innen  <\/span><span data-ccp-props=\"{\"201341983\":0,\"335559738\":120,\"335559739\":120,\"335559740\":480}\"> <\/span><\/p>\n<p><span data-contrast=\"none\">&#8211; Europa  <\/span><\/p>\n<p><span data-contrast=\"none\">(2) Hvis force majeure (naturkatastrofer, krig, borgerkrig, terrorangrep) gj\u00f8r leveransen eller andre tjenester permanent umulig, er Revierwelt Media GmbHs forpliktelse til \u00e5 utf\u00f8re dem utelukket. Bel\u00f8p som allerede er betalt vil umiddelbart bli refundert av Revierwelt Media GmbH. <\/span><span data-ccp-props=\"{\"201341983\":0,\"335559738\":120,\"335559739\":120,\"335559740\":480}\"> <\/span><\/p>\n<p><span data-contrast=\"none\">(3) Revierwelt Media GmbH kan ogs\u00e5 nekte oppfyllelse hvis dette krever en innsats som, med tanke p\u00e5 innholdet i kj\u00f8pekontrakten og kravene til god tro, er grovt uforholdsmessig i forhold til kundens interesse i oppfyllelsen av kj\u00f8pekontrakten. Revierwelt Media GmbH vil umiddelbart tilbakebetale eventuelle allerede innbetalte bel\u00f8p. <\/span><span data-ccp-props=\"{\"201341983\":0,\"335559738\":120,\"335559739\":120,\"335559740\":480}\"> <\/span><\/p>\n<p><span data-contrast=\"none\">(4) Bulkgods (pakker med et volum p\u00e5 mer enn 1 kvadratmeter) leveres vanligvis av en spedit\u00f8r. Revierwelt Media GmbH gj\u00f8r uttrykkelig oppmerksom p\u00e5 at disse varene ikke b\u00e6res inn i huset. <\/span><span data-ccp-props=\"{\"201341983\":0,\"335559738\":120,\"335559739\":120,\"335559740\":480}\"> <\/span><\/p>\n<p><b><span data-contrast=\"none\">Gunstig fraktmetode for retur<\/span><\/b><span data-ccp-props=\"{\"201341983\":0,\"335559738\":120,\"335559739\":120,\"335559740\":480}\"> <\/span><\/p>\n<p><span data-contrast=\"none\">(1) N\u00e5r du returnerer varer og tilbeh\u00f8r, m\u00e5 du om mulig bruke originalemballasjen, selv om den har blitt skadet etter \u00e5 ha blitt \u00e5pnet for funksjonstesting.<\/span><span data-ccp-props=\"{\"201341983\":0,\"335559738\":120,\"335559739\":120,\"335559740\":480}\"> <\/span><\/p>\n<p><span data-contrast=\"none\">(2) Vennligst bruk den ferdigfrankerte og adresserte returetiketten som f\u00f8lger med leveransen for \u00e5 returnere varene. Dette er det enkleste og mest kostnadseffektive fraktalternativet. Du er ikke forpliktet til \u00e5 bruke denne returprosedyren. Hvis du velger en un\u00f8dvendig dyr forsendelsesmetode, kan du imidlertid v\u00e6re forpliktet til \u00e5 betale oss de \u00f8kte kostnadene sammenlignet med en billigere forsendelsesmetode.     <\/span><span data-ccp-props=\"{\"201341983\":0,\"335559738\":120,\"335559739\":120,\"335559740\":480}\"> <\/span><\/p>\n<p><b><span data-contrast=\"none\">Forbehold om eiendomsrett<\/span><\/b><span data-ccp-props=\"{\"201341983\":0,\"335559738\":120,\"335559739\":120,\"335559740\":480}\"> <\/span><\/p>\n<p><span data-contrast=\"none\">De leverte varene forblir Revierwelt Media GmbHs eiendom inntil alle krav mot kunden som oppst\u00e5r i forbindelse med kj\u00f8pekontrakten er betalt i sin helhet. S\u00e5 lenge dette eiendomsforbeholdet best\u00e5r, kan kunden verken videreselge varene eller avhende varene; spesielt kan kunden ikke kontraktsmessig gi tredjeparter noen bruk av varene.   <\/span><span data-ccp-props=\"{\"201341983\":0,\"335559738\":120,\"335559739\":120,\"335559740\":480}\"> <\/span><\/p>\n<p><b><span data-contrast=\"none\">Rettigheter ved mangler<\/span><\/b><span data-ccp-props=\"{\"201341983\":0,\"335559738\":120,\"335559739\":120,\"335559740\":480}\"> <\/span><\/p>\n<p><span data-contrast=\"none\">(1) Revierwelt Media GmbH vil, etter kundens valg, erstatte et defekt produkt (garantisak) med et mangelfritt produkt p\u00e5 bekostning av Revierwelt Media GmbH eller f\u00e5 det reparert profesjonelt (etterf\u00f8lgende oppfyllelse). Kunden gj\u00f8res oppmerksom p\u00e5 at det ikke foreligger noen garantisak hvis produktet hadde den avtalte kvaliteten p\u00e5 tidspunktet for risikoovergang. Det foreligger spesielt ingen garantisak i f\u00f8lgende tilfeller:  <\/span><span data-ccp-props=\"{\"201341983\":0,\"335559738\":120,\"335559739\":120,\"335559740\":480}\"> <\/span><\/p>\n<ol>\n<li><span data-contrast=\"none\">a)<\/span> <span data-contrast=\"none\">i tilfelle skade som kunden har for\u00e5rsaket p\u00e5 grunn av misbruk eller feilaktig bruk,<\/span><\/li>\n<li><span data-contrast=\"none\">b)<\/span> <span data-contrast=\"none\">i tilfelle skade som skyldes at produktene utsettes for skadelige ytre p\u00e5virkninger i kundens lokaler (s\u00e6rlig ekstreme temperaturer, fuktighet, ekstraordin\u00e6re fysiske eller elektriske p\u00e5kjenninger, spenningssvingninger, lynnedslag, statisk elektrisitet, brann).<\/span><\/li>\n<\/ol>\n<p><span data-contrast=\"none\">(2) Revierwelt Media GmbH gir heller ingen garanti for feil som skyldes feilaktig reparasjon utf\u00f8rt av en servicepartner som ikke er autorisert av produsenten.<\/span><span data-ccp-props=\"{\"201341983\":0,\"335559738\":120,\"335559739\":120,\"335559740\":480}\"> <\/span><\/p>\n<p><span data-contrast=\"none\">(3) Hvis den type etteroppfyllelse som kunden \u00f8nsker (omlevering eller reparasjon) krever en innsats som st\u00e5r i et grovt misforhold til kundens interesse i oppfyllelse med tanke p\u00e5 produktets pris, med hensyn til avtalens innhold og kravene til god tro &#8211; der spesielt verdien av kj\u00f8psgjenstanden i mangelfri tilstand, mangelenes betydning og sp\u00f8rsm\u00e5let om hvorvidt den andre typen etteroppfyllelse kan benyttes uten vesentlige ulemper for kunden m\u00e5 tas i betraktning &#8211; er kundens krav begrenset til den andre typen etteroppfyllelse. Revierwelt Media GmbHs rett til \u00e5 nekte denne andre typen etterf\u00f8lgende oppfyllelse under de ovennevnte vilk\u00e5rene forblir up\u00e5virket. <\/span><span data-ccp-props=\"{\"201341983\":0,\"335559738\":120,\"335559739\":120,\"335559740\":480}\"> <\/span><\/p>\n<p><span data-contrast=\"none\">(4) B\u00e5de ved reparasjon og ved erstatningslevering er kunden forpliktet til \u00e5 sende produktet for Revierwelt Media GmbHs regning, med angivelse av ordrenummeret, til den av Revierwelt Media GmbH oppgitte returadressen. F\u00f8r produktet returneres, m\u00e5 kunden fjerne eventuelle gjenstander som kunden har satt inn i produktet. Revierwelt Media GmbH er ikke forpliktet til \u00e5 inspisere produktet for installasjon av slike gjenstander. Revierwelt Media GmbH er ikke ansvarlig for tap av slike gjenstander, med mindre det var lett gjenkjennelig for Revierwelt Media GmbH n\u00e5r produktet ble tatt tilbake at en slik gjenstand var satt inn i produktet (i dette tilfellet informerer Revierwelt Media GmbH kunden og holder gjenstanden klar for henting av kunden; kunden b\u00e6rer kostnadene som oppst\u00e5r). F\u00f8r et produkt sendes til reparasjon eller utskifting, m\u00e5 kunden ogs\u00e5 ta separate sikkerhetskopier av systemprogramvaren, applikasjoner og alle data p\u00e5 produktet p\u00e5 en separat datab\u00e6rer og deaktivere alle passord. Vi p\u00e5tar oss intet ansvar for tap av data. Det er ogs\u00e5 kundens ansvar \u00e5 installere programvaren og dataene og reaktivere passordene etter at det reparerte produktet eller erstatningsproduktet er returnert.      <\/span><span data-ccp-props=\"{\"201341983\":0,\"335559738\":120,\"335559739\":120,\"335559740\":480}\"> <\/span><\/p>\n<p><span data-contrast=\"none\">(5) Hvis kunden sender inn varen for \u00e5 f\u00e5 en erstatningsvare, skal retur av den mangelfulle varen reguleres av f\u00f8lgende bestemmelse: Hvis kunden kunne bruke varen i mangelfri stand mellom levering og retur, skal kunden tilbakebetale verdien av de fordeler han har hatt av varen. Kunden skal betale erstatning for tap eller ytterligere forringelse av varene som ikke skyldes mangelen, og for manglende mulighet til \u00e5 returnere varene i perioden mellom levering og retur av varene som ikke skyldes mangelen. Kunden skal ikke v\u00e6re forpliktet til \u00e5 betale erstatning for en eventuell forringelse av varen som skyldes den tiltenkte bruken av varen. Plikten til \u00e5 betale erstatning gjelder heller ikke ved retur av en defekt vare i forbindelse med et garantikrav,   <\/span><span data-ccp-props=\"{\"201341983\":0,\"335559738\":120,\"335559739\":120,\"335559740\":480}\"> <\/span><\/p>\n<ol>\n<li><span data-contrast=\"none\">a)<\/span> <span data-contrast=\"none\">hvis mangelen som begrunner heving, f\u00f8rst viser seg under bearbeiding eller ombygging,<\/span><\/li>\n<li><span data-contrast=\"none\">b)<\/span> <span data-contrast=\"none\">hvis Revierwelt Media GmbH er ansvarlig for forringelsen eller tapet, eller hvis skaden ogs\u00e5 ville ha oppst\u00e5tt hos Revierwelt Media GmbH,<\/span><span data-ccp-props=\"{\"201341983\":0,\"335559685\":567,\"335559738\":120,\"335559739\":120,\"335559740\":480,\"335559991\":284,\"469777462\":[567],\"469777927\":[0],\"469777928\":[1]}\"> <\/span><\/li>\n<li><span data-contrast=\"none\">c)<\/span> <span data-contrast=\"none\">hvis forringelsen eller tapet har oppst\u00e5tt hos kunden, selv om kunden har utvist den aktsomhet som han er vant til \u00e5 utvise i sine egne anliggender.<\/span><\/li>\n<\/ol>\n<p><span data-contrast=\"none\">(6) Kundens erstatningsansvar ved brudd p\u00e5 plikten til \u00e5 returnere varer som kunden er ansvarlig for, skal reguleres av lovens bestemmelser.<\/span><span data-ccp-props=\"{\"201341983\":0,\"335559738\":120,\"335559739\":120,\"335559740\":480}\"> <\/span><\/p>\n<p><span data-contrast=\"none\">(7) Kunden kan etter eget valg trekke seg fra avtalen eller redusere kj\u00f8pesummen hvis reparasjonen eller erstatningsleveransen ikke har f\u00f8rt til en kontraktsmessig tilstand av produktet innen rimelig tid.<\/span><span data-ccp-props=\"{\"201341983\":0,\"335559738\":120,\"335559739\":120,\"335559740\":480}\"> <\/span><\/p>\n<p><span data-contrast=\"none\">(8) I tillegg kan det ogs\u00e5 foreligge krav mot produsenten i henhold til en garanti gitt av produsenten, som reguleres av de relevante garantivilk\u00e5rene.<\/span><span data-ccp-props=\"{\"201341983\":0,\"335559738\":120,\"335559739\":120,\"335559740\":480}\"> <\/span><\/p>\n<p><span data-contrast=\"none\">(9) Den lovbestemte garantien til Revierwelt Media GmbH opph\u00f8rer to \u00e5r etter levering av varene. Perioden begynner med mottak av varene.   <\/span><span data-ccp-props=\"{\"201341983\":0,\"335559738\":120,\"335559739\":120,\"335559740\":480}\"> <\/span><\/p>\n<p><b><span data-contrast=\"none\">Ansvar<\/span><\/b><span data-ccp-props=\"{\"201341983\":0,\"335559738\":120,\"335559739\":120,\"335559740\":480}\"> <\/span><\/p>\n<p><span data-contrast=\"none\">(1) Ved lettere uaktsomhet er Revierwelt Media GmbH kun ansvarlig ved brudd p\u00e5 vesentlige kontraktsforpliktelser og begrenset til den p\u00e5regnelige skaden. Denne begrensningen gjelder ikke for skader p\u00e5 liv, kropp og helse. Revierwelt Media GmbH er ikke ansvarlig for andre skader som er for\u00e5rsaket av lett uaktsomhet p\u00e5 grunn av en defekt i kj\u00f8psobjektet.  <\/span><span data-ccp-props=\"{\"201341983\":0,\"335559738\":120,\"335559739\":120,\"335559740\":480}\"> <\/span><\/p>\n<p><span data-contrast=\"none\">(2) Uavhengig av en eventuell feil fra Revierwelt Media GmbHs side, forblir Revierwelt Media GmbHs ansvar i tilfelle svikaktig fortielse av mangelen eller ved overtakelse av en garanti up\u00e5virket. Produsentens garanti er en garanti fra produsenten og utgj\u00f8r ikke en garanti fra Revierwelt Media GmbH. <\/span><span data-ccp-props=\"{\"201341983\":0,\"335559738\":120,\"335559739\":120,\"335559740\":480}\"> <\/span><\/p>\n<p><span data-contrast=\"none\">(3) Revierwelt Media GmbH er ogs\u00e5 ansvarlig for den umuligheten av levering som oppst\u00e5r ved en tilfeldighet under forsinkelsen, med mindre skaden ville ha oppst\u00e5tt selv om levering hadde skjedd i tide.<\/span><span data-ccp-props=\"{\"201341983\":0,\"335559738\":120,\"335559739\":120,\"335559740\":480}\"> <\/span><\/p>\n<p><span data-contrast=\"none\">(4) Det personlige ansvaret til de juridiske representantene, stedfortrederne og medarbeiderne til Revierwelt Media GmbH for skader som er for\u00e5rsaket av dem p\u00e5 grunn av lett uaktsomhet er utelukket.  <\/span><span data-ccp-props=\"{\"201341983\":0,\"335559738\":120,\"335559739\":120,\"335559740\":480}\"> <\/span><\/p>\n<p><b><span data-contrast=\"none\">Gjeldende lov<\/span><\/b><span data-ccp-props=\"{\"201341983\":0,\"335559738\":120,\"335559739\":120,\"335559740\":480}\"> <\/span><\/p>\n<p><span data-contrast=\"none\">Kontrakten som er inng\u00e5tt mellom deg og Revierwelt Media GmbH er utelukkende underlagt loven i Forbundsrepublikken Tyskland, med uttrykkelig unntak av FN-konvensjonen om kontrakter for internasjonalt salg av varer. De ufravikelige bestemmelsene i landet der du har din vanlige bopel forblir up\u00e5virket. <\/span><span data-ccp-props=\"{\"201341983\":0,\"335559738\":120,\"335559739\":120,\"335559740\":480}\"> <\/span><\/p>\n<p><b><span data-contrast=\"none\">Sted for jurisdiksjon<\/span><\/b><span data-ccp-props=\"{\"201341983\":0,\"335559738\":120,\"335559739\":120,\"335559740\":480}\"> <\/span><\/p>\n<p><span data-contrast=\"none\">Hvis du, i motsetning til det du har oppgitt ved bestilling, ikke har bosted i Forbundsrepublikken Tyskland eller flytter bostedet ditt til utlandet etter avtaleinng\u00e5elsen, eller hvis bostedet ditt ikke er kjent p\u00e5 det tidspunktet s\u00f8ksm\u00e5let reises, er verneting for alle tvister som oppst\u00e5r i forbindelse med avtaleforholdet Solms<\/span><span data-contrast=\"none\">. <\/span> <span data-ccp-props=\"{\"201341983\":0,\"335559738\":120,\"335559739\":120,\"335559740\":480}\"> <\/span><\/p>\n<p><b><span data-contrast=\"none\">Tvistel\u00f8sning<\/span><\/b><span data-ccp-props=\"{\"201341983\":0,\"335559738\":120,\"335559739\":120,\"335559740\":480}\"> <\/span><\/p>\n<p><span data-contrast=\"none\">Generelle informasjonsplikter for alternativ tvistel\u00f8sning i henhold til Art. 14 para. 1 ODR-VO og \u00a7 36 VSBG (Lov om l\u00f8sning av forbrukertvister): <\/span><span data-ccp-props=\"{\"201341983\":0,\"335559738\":120,\"335559739\":120,\"335559740\":480}\"> <\/span><\/p>\n<p><span data-contrast=\"none\">Europakommisjonen tilbyr en plattform for tvistel\u00f8sning p\u00e5 nett (OS), som du finner p\u00e5 denne adressen: <\/span><a href=\"http:\/\/ec.europa.eu\/consumers\/odr\/\"><span data-contrast=\"none\">http:\/\/ec.europa.eu\/consumers\/odr\/<\/span><\/a><span data-contrast=\"none\">  . Vi er verken forpliktet til eller villige til \u00e5 delta i en tvistel\u00f8sningsprosess i en voldgiftsnemnd for forbrukere.   <\/span><span data-ccp-props=\"{\"201341983\":0,\"335551550\":6,\"335551620\":6,\"335559738\":120,\"335559739\":120,\"335559740\":480}\"> <\/span><\/p>\n<p><b><span data-contrast=\"none\">Avsluttende bestemmelser<\/span><\/b><span data-ccp-props=\"{\"201341983\":0,\"335559738\":120,\"335559739\":120,\"335559740\":480}\"> <\/span><\/p>\n<p><span data-contrast=\"none\">(1) Dersom enkelte bestemmelser i denne kontrakten er eller blir helt eller delvis ugyldige eller ugyldige, skal dette ikke p\u00e5virke gyldigheten av resten av kontrakten, i den grad en kontraktspartner ikke blir urimelig skadelidende av dette.<\/span><span data-ccp-props=\"{\"201341983\":0,\"335559738\":120,\"335559739\":120,\"335559740\":480}\"> <\/span><\/p>\n<p><span data-contrast=\"none\">(2) Endringer eller tillegg til denne kontrakten skal gj\u00f8res skriftlig.<\/span><\/p>\n","protected":false},"excerpt":{"rendered":"<p>Generelle salgsbetingelser for markedsplassen Anvendelsesomr\u00e5de Disse vilk\u00e5rene gjelder for alle kj\u00f8p fra Revierwelt Media GmbHsom foretas av privatkunder. Privatkunder i denne forstand er personer med bosted og leveringsadresse i Forbundsrepublikken Tyskland, i den grad varene som bestilles av dem ikke kan tilskrives deres kommersielle eller uavhengige yrkesaktivitet. Priser og fraktkostnader Prisene som vises er endelige&#8230;<\/p>\n","protected":false},"author":4,"featured_media":0,"parent":0,"menu_order":0,"comment_status":"closed","ping_status":"closed","template":"","meta":{"footnotes":""},"class_list":["post-40494","page","type-page","status-publish","hentry"],"_links":{"self":[{"href":"https:\/\/revierwelt.de\/index.php\/wp-json\/wp\/v2\/pages\/40494","targetHints":{"allow":["GET"]}}],"collection":[{"href":"https:\/\/revierwelt.de\/index.php\/wp-json\/wp\/v2\/pages"}],"about":[{"href":"https:\/\/revierwelt.de\/index.php\/wp-json\/wp\/v2\/types\/page"}],"author":[{"embeddable":true,"href":"https:\/\/revierwelt.de\/index.php\/wp-json\/wp\/v2\/users\/4"}],"replies":[{"embeddable":true,"href":"https:\/\/revierwelt.de\/index.php\/wp-json\/wp\/v2\/comments?post=40494"}],"version-history":[{"count":0,"href":"https:\/\/revierwelt.de\/index.php\/wp-json\/wp\/v2\/pages\/40494\/revisions"}],"wp:attachment":[{"href":"https:\/\/revierwelt.de\/index.php\/wp-json\/wp\/v2\/media?parent=40494"}],"curies":[{"name":"wp","href":"https:\/\/api.w.org\/{rel}","templated":true}]}}