{"id":43533,"date":"2025-02-25T14:41:57","date_gmt":"2025-02-25T13:41:57","guid":{"rendered":"https:\/\/revierwelt.de\/index.php\/politica-de-privacidad\/"},"modified":"2025-02-25T14:42:07","modified_gmt":"2025-02-25T13:42:07","slug":"politica-de-privacidad","status":"publish","type":"page","link":"https:\/\/revierwelt.de\/index.php\/politica-de-privacidad\/?lang=es","title":{"rendered":"Pol\u00edtica de privacidad"},"content":{"rendered":"<section class=\"l-section wpb_row height_medium\"><div class=\"l-section-h i-cf\"><div class=\"g-cols vc_row via_flex valign_top type_default stacking_default\"><div class=\"vc_col-sm-12 wpb_column vc_column_container\"><div class=\"vc_column-inner\"><div class=\"wpb_wrapper\"><div class=\"wpb_text_column\"><div class=\"wpb_wrapper\"><p>Nosotros, Revierwelt Media GmbH, esperamos tu visita a nuestro sitio web con nuestra amplia oferta online de servicios relacionados con la caza. Revierwelt Media es proveedor del software de gesti\u00f3n de cotos de caza &#8222;REVIERWELT&#8220; con red social integrada y posibilidad de comunicaci\u00f3n online. La gama de servicios multimedia que ofrece REVIERWELT se completa con una tienda online para la compra de productos relacionados con el uso de REVIERWELT &#8211; resumidos a continuaci\u00f3n como &#8222;nuestros servicios&#8220;.  <\/p>\n<p>La protecci\u00f3n de tus datos personales durante su recogida, procesamiento y uso es una preocupaci\u00f3n importante para nosotros. Las siguientes declaraciones no se aplican a los productos ofrecidos por terceros a trav\u00e9s de REVIERWELT. A este respecto, consulta las condiciones de uso espec\u00edficas de los productos de terceros.  <\/p>\n<p>En esta pol\u00edtica de privacidad, te ofrecemos una visi\u00f3n general de c\u00f3mo procesamos tus datos personales cuando utilizas nuestros servicios, de conformidad con nuestras obligaciones de informaci\u00f3n en virtud del Reglamento General de Protecci\u00f3n de Datos (RGPD) europeo, que entr\u00f3 en vigor el 25 de mayo de 2018. Se aplica independientemente de si est\u00e1s registrado con nosotros o no, de si simplemente visitas nuestros sitios web (www.revierwelt.de\/.com) o reservas y utilizas nuestras aplicaciones y apps gratuitas y de pago. <\/p>\n<p>Al utilizar nuestros servicios, aceptas el tratamiento de tus datos de acuerdo con esta pol\u00edtica de privacidad.<\/p>\n<p>SI NO EST\u00c1S DE ACUERDO CON LOS T\u00c9RMINOS DE ESTA POL\u00cdTICA DE PRIVACIDAD, NO DEBES UTILIZAR NUESTROS SERVICIOS.<\/p>\n<p><strong>\u00a7 1 Informaci\u00f3n sobre la recogida de datos personales<\/strong><\/p>\n<p>(1) A continuaci\u00f3n, proporcionamos informaci\u00f3n sobre la recogida de datos personales al utilizar nuestros servicios. &#8222;Datos personales&#8220; en el sentido del art\u00edculo 4 n\u00ba 1 del Reglamento General de Protecci\u00f3n de Datos son <\/p>\n<p>&#8222;&#8230;toda informaci\u00f3n sobre una persona f\u00edsica identificada o identificable (en lo sucesivo, &#8222;interesado&#8220;); una persona f\u00edsica identificable es aquella que puede ser identificada, directa o indirectamente, en particular mediante un identificador como un nombre, un n\u00famero de identificaci\u00f3n, datos de localizaci\u00f3n, un identificador en l\u00ednea o uno o varios elementos propios de la identidad f\u00edsica, fisiol\u00f3gica, gen\u00e9tica, ps\u00edquica, econ\u00f3mica, cultural o social de dicha persona f\u00edsica&#8220;.<\/p>\n<p>(2) El responsable del tratamiento de acuerdo con el Art. 4 n\u00ba 7 del Reglamento General de Protecci\u00f3n de Datos de la UE (RGPD) es Revierwelt Media GmbH, Pestalozzistra\u00dfe 41, 35606 Solms, Alemania (para m\u00e1s informaci\u00f3n, v\u00e9ase el aviso legal). <\/p>\n<p>(3) Cuando te registras en REVIERWELT para utilizar nuestros servicios, te pones en contacto con nosotros por correo electr\u00f3nico o a trav\u00e9s de un formulario de contacto, los datos que nos facilitas (tu direcci\u00f3n de correo electr\u00f3nico, tu nombre, tu n\u00famero de tel\u00e9fono y cualquier otro dato que nos proporciones) ser\u00e1n almacenados por nosotros. Eliminaremos los datos que surjan en este contexto una vez que el almacenamiento ya no sea necesario o restringiremos el procesamiento si existen obligaciones legales de conservaci\u00f3n. <\/p>\n<p>(4) Como la protecci\u00f3n de los ni\u00f1os es de gran importancia, no permitimos el registro de usuarios menores de 16 a\u00f1os. Si t\u00fa, como padre o tutor, te enteras de que tus hijos se han registrado en nuestro servicio y nos han transmitido sus datos personales, puedes ponerte en contacto con nosotros utilizando los datos de contacto indicados anteriormente y bloquearemos inmediatamente al usuario y borraremos los datos. <\/p>\n<p><strong>\u00a7 2 Finalidad del tratamiento de datos<\/strong><\/p>\n<p>(1) Recogemos y tratamos tus datos personales con el fin de proporcionarte nuestros servicios, mejorarlos y desarrollarlos continuamente, asegurar su funcionalidad t\u00e9cnica y garantizar la seguridad de nuestros servicios.<\/p>\n<p>(2) Utilizamos tus datos para prestarte nuestros servicios de acuerdo con tu uso, para proporcionarte informaci\u00f3n complementaria y ofertas relacionadas con nuestros servicios que consideramos adaptadas a tus necesidades y para presentarte una experiencia de usuario que consideramos personalizada.<\/p>\n<p>(3) Te ofrecemos diferentes formas de pagar los servicios de pago. La recopilaci\u00f3n y el procesamiento de los datos de la cuenta como parte del proceso de pago los lleva a cabo exclusivamente el proveedor que hayas seleccionado de acuerdo con sus condiciones contractuales y de protecci\u00f3n de datos. <\/p>\n<p>(4) Te aseguramos que no revelaremos tus datos a terceros en ning\u00fan momento, a excepci\u00f3n de los terceros a los que hayamos encargado directamente la prestaci\u00f3n de nuestros servicios y que hayan sido obligados por nosotros a cumplir las normas de protecci\u00f3n de datos de conformidad con lo dispuesto en el Reglamento General de Protecci\u00f3n de Datos.<\/p>\n<p><strong>\u00a7 3 Tus derechos<\/strong><\/p>\n<p>(1) Tienes los siguientes derechos frente a nosotros en relaci\u00f3n con tus datos personales:<\/p>\n<p>&#8211; Derecho de acceso,<br \/>\n&#8211; derecho de rectificaci\u00f3n o supresi\u00f3n,<br \/>\n&#8211; derecho de limitaci\u00f3n del tratamiento,<br \/>\n&#8211; derecho de oposici\u00f3n al tratamiento,<br \/>\n&#8211; derecho de portabilidad de datos.<\/p>\n<p>(2) Tambi\u00e9n tienes derecho a presentar una reclamaci\u00f3n ante una autoridad supervisora de la protecci\u00f3n de datos sobre el tratamiento de tus datos personales por nuestra parte.<\/p>\n<p><strong>\u00a7 4 Recogida de datos personales al visitar nuestro sitio web<\/strong><\/p>\n<p>(1) Si utilizas nuestro sitio web s\u00f3lo con fines informativos, es decir, si no te registras ni nos proporcionas informaci\u00f3n de otro modo, s\u00f3lo recopilamos los datos personales que tu navegador transmite a nuestro servidor. Si deseas ver nuestro sitio web, recopilamos los siguientes datos, que son t\u00e9cnicamente necesarios para mostrarte nuestro sitio web y para garantizar la estabilidad y la seguridad (la base jur\u00eddica es el Art. 6 p\u00e1rrafo 1 frase 1 lit. f GDPR): <\/p>\n<p>&#8211; Direcci\u00f3n IP<br \/>\n&#8211; fecha y hora de la solicitud<br \/>\n&#8211; diferencia horaria con el meridiano de Greenwich (GMT)<br \/>\n&#8211; contenido de la solicitud (p\u00e1gina espec\u00edfica)<br \/>\n&#8211; estado de acceso\/c\u00f3digo de estado HTTP<br \/>\n&#8211; cantidad de datos transferidos<br \/>\n&#8211; sitio web desde el que se origina la solicitud<br \/>\n&#8211; navegador<br \/>\n&#8211; sistema operativo y su interfaz<br \/>\n&#8211; idioma y versi\u00f3n del software del navegador<\/p>\n<p>(2) Adem\u00e1s de los datos mencionados anteriormente, se almacenan cookies en tu ordenador cuando utilizas nuestro sitio web. Las cookies son peque\u00f1os archivos de texto que se almacenan en tu disco duro asignados al navegador que utilizas y a trav\u00e9s de los cuales fluye cierta informaci\u00f3n al organismo que establece la cookie (en este caso, nosotros). Las cookies no pueden ejecutar programas ni transferir virus a tu ordenador. Se utilizan para que el sitio web sea m\u00e1s f\u00e1cil de usar y m\u00e1s eficaz en general.   <\/p>\n<p>(3) Uso de cookies:<\/p>\n<p>a) Nuestros sitios web utilizan los siguientes tipos de cookies, cuyo alcance y funci\u00f3n se explican a continuaci\u00f3n:<\/p>\n<p>&#8211; Cookies transitorias (ver b)<br \/>\n&#8211; Cookies persistentes (ver c).<\/p>\n<p>b) Las cookies transitorias se eliminan autom\u00e1ticamente cuando cierras el navegador. Entre ellas se incluyen, en particular, las cookies de sesi\u00f3n. \u00c9stas almacenan el llamado identificador de sesi\u00f3n, con el que se pueden asignar varias peticiones de tu navegador a la sesi\u00f3n conjunta. Esto permite reconocer tu ordenador cuando vuelves a nuestro sitio web. Las cookies de sesi\u00f3n se eliminan cuando te desconectas o cierras el navegador.    <\/p>\n<p>c) Las cookies persistentes se eliminan autom\u00e1ticamente despu\u00e9s de un per\u00edodo determinado, que puede variar en funci\u00f3n de la cookie. T\u00fa mismo puedes eliminar las cookies en cualquier momento en la configuraci\u00f3n de seguridad de tu navegador. Las cookies persistentes nos permiten reconocerte cuando vuelvas a visitarnos para que tu visita sea tan sencilla y eficaz como desees.  <\/p>\n<p>d) Puedes configurar los ajustes de tu navegador seg\u00fan tus deseos y, por ejemplo, negarte a aceptar cookies de terceros o todas las cookies. Nos gustar\u00eda se\u00f1alar que entonces es posible que no puedas utilizar todas las funciones de nuestros sitios web. <\/p>\n<p>e) Utilizamos cookies para identificarte en visitas posteriores si tienes una cuenta con nosotros. De lo contrario, tendr\u00edas que volver a iniciar sesi\u00f3n en cada visita. <\/p>\n<p><strong>\u00a7 5 Recogida de datos personales al utilizar nuestros servicios<\/strong><\/p>\n<p>(1) Cuando te registras para utilizar nuestros servicios, aceptas nuestro acuerdo de usuario independiente. <a href=\"https:\/\/revierwelt.de\/index.php\/nutzungsvereinbarung\"><strong>acuerdo de usuario<\/strong><\/a> que cubre la posterior recogida, almacenamiento y procesamiento de datos. El alcance respectivo depende de los servicios individuales que utilices de nuestra oferta. <\/p>\n<p>(2) Al registrarte para utilizar nuestros servicios, se recogen al menos los siguientes datos adicionales, que est\u00e1s obligado a facilitar de forma veraz de acuerdo con nuestro contrato de usuario:<\/p>\n<p>&#8211; Apellidos<br \/>\n&#8211; Nombre<br \/>\n&#8211; Cargo<br \/>\n&#8211; Fecha de nacimiento<br \/>\n&#8211; Pa\u00eds de uso<br \/>\n&#8211; N\u00famero de tel\u00e9fono m\u00f3vil<br \/>\n&#8211; Direcci\u00f3n de correo electr\u00f3nico<br \/>\n&#8211; Contrase\u00f1a personal<\/p>\n<p>(3) Al contratar una suscripci\u00f3n para el uso de servicios de pago o la compra de productos a trav\u00e9s de nuestro sitio web, tambi\u00e9n puede ser necesario recopilar datos para la facturaci\u00f3n en curso. Estos datos son recogidos y procesados exclusivamente por el proveedor de servicios de pago que hayas elegido. En nuestros sistemas no se almacena informaci\u00f3n sobre cuentas, s\u00f3lo claves de transacci\u00f3n anonimizadas.  <\/p>\n<p>(4) Como parte del uso de nuestros servicios, tambi\u00e9n puedes recopilar independientemente otros datos dentro de nuestros servicios, almacenarlos en nuestros servicios o transmitirlos a nuestros servicios; estos datos se almacenan y procesan de acuerdo con nuestro acuerdo de usuario.<\/p>\n<p>(5) Si esto implica el uso de un grupo cerrado de <strong>usuarios<\/strong> (por ejemplo, un territorio), ten en cuenta que cada grupo cerrado de usuarios tiene un propietario que puede a\u00f1adir y eliminar m\u00e1s usuarios y gestionar las autorizaciones de los usuarios dentro del grupo. Al a\u00f1adir datos al grupo cerrado de usuarios, concedes al propietario del grupo cerrado de usuarios derechos de uso ilimitados, irrevocables y transferibles sobre todos los contenidos y datos a\u00f1adidos. <\/p>\n<p>(6) Cuando utilizas algunos de nuestros servicios, tambi\u00e9n se transmiten autom\u00e1ticamente datos a nuestros servicios a trav\u00e9s de tu uso o de los dispositivos finales que conectas a nuestros servicios. T\u00fa determinas el alcance de los datos transmitidos seleccionando y utilizando dispositivos finales con tecnolog\u00eda de transmisi\u00f3n activa (rastreadores, c\u00e1maras, detectores de trampas, etc.). Todos los datos transmitidos a nuestros servicios son registrados, almacenados y procesados por nosotros de acuerdo con las normas del acuerdo de usuario.  <\/p>\n<p><strong>\u00a7 6 Oposici\u00f3n o revocaci\u00f3n al tratamiento de tus datos<\/strong><\/p>\n<p>(1) Si has dado tu consentimiento al tratamiento de tus datos, puedes revocarlo en cualquier momento. Dicha revocaci\u00f3n afecta a la licitud del tratamiento de tus datos personales despu\u00e9s de que nos los hayas dado. <\/p>\n<p>(2) En la medida en que basemos el tratamiento de tus datos personales en la ponderaci\u00f3n de intereses, puedes oponerte al tratamiento. Este es el caso si, en particular, el tratamiento no es necesario para el cumplimiento de un contrato contigo, descrito por nosotros en la siguiente descripci\u00f3n de las funciones. Al ejercer dicha oposici\u00f3n, te pedimos que expliques las razones por las que no debemos tratar tus datos personales como lo hemos hecho. En caso de que tu objeci\u00f3n est\u00e9 justificada, examinaremos la situaci\u00f3n y suspenderemos o adaptaremos el tratamiento de datos o te mostraremos nuestras razones imperiosas dignas de protecci\u00f3n en base a las cuales continuaremos el tratamiento.   <\/p>\n<p>(3) Por supuesto, puedes oponerte al tratamiento de tus datos personales con fines publicitarios y de an\u00e1lisis de datos en cualquier momento. Puedes informarnos de tu oposici\u00f3n a la publicidad utilizando los siguientes datos de contacto: support@revierwelt.de. <\/p>\n<p><strong>\u00a7 7 Integraci\u00f3n de v\u00eddeos de YouTube<\/strong><\/p>\n<p>(1) Hemos integrado v\u00eddeos de YouTube en nuestra oferta online, que se almacenan en <a href=\"http:\/\/www.YouTube.com\">http:\/\/www.YouTube.com<\/a> y se pueden reproducir directamente desde nuestro sitio web. Cuando se accede a estos v\u00eddeos, se transfieren datos a YouTube. No tenemos ninguna influencia sobre esta transferencia de datos.  <\/p>\n<p>(2) Al visitar el sitio web correspondiente y ver el v\u00eddeo, YouTube recibe la informaci\u00f3n de que has accedido a la subp\u00e1gina correspondiente de nuestro sitio web. Adem\u00e1s, se transmitir\u00e1n los datos mencionados en \u00a74, p\u00e1rrafo 1 de esta declaraci\u00f3n. Esto ocurre independientemente de si YouTube te proporciona una cuenta de usuario a trav\u00e9s de la cual ya has iniciado sesi\u00f3n o de si no existe ninguna cuenta de usuario. Si has iniciado sesi\u00f3n en Google, tus datos se asignar\u00e1n directamente a tu cuenta de Google. Si no deseas que tus datos se asocien a tu perfil de YouTube, debes cerrar la sesi\u00f3n antes de activar el bot\u00f3n para llamar al v\u00eddeo de YouTube correspondiente. YouTube almacena tus datos como perfiles de usuario y los utiliza con fines publicitarios, de investigaci\u00f3n de mercado y\/o de personalizaci\u00f3n de su sitio web.     <\/p>\n<p>Dicha evaluaci\u00f3n se lleva a cabo en particular (incluso para usuarios que no han iniciado sesi\u00f3n) para proporcionar publicidad personalizada e informar a otros usuarios de la red social YouTube sobre tus actividades en nuestro sitio web. Tienes derecho a oponerte a la creaci\u00f3n de estos perfiles de usuario, para lo cual deber\u00e1s ponerte en contacto con YouTube para ejercer este derecho. <\/p>\n<p>(3) Puedes encontrar m\u00e1s informaci\u00f3n sobre la finalidad y el alcance de la recogida de datos y su tratamiento por parte de YouTube en la pol\u00edtica de privacidad de YouTube. All\u00ed tambi\u00e9n encontrar\u00e1s m\u00e1s informaci\u00f3n sobre tus derechos y opciones de configuraci\u00f3n para proteger tu privacidad: https:\/\/www.google.de\/intl\/de\/policies\/privacy. Google tambi\u00e9n procesa tus datos personales en EE.UU. y se ha sometido al Escudo de Privacidad UE-EE.UU., https:\/\/www.privacyshield.gov\/EU-US-Framework. <\/p>\n<p><strong>  \u00a7 8 Integraci\u00f3n de Google Maps  <\/strong><\/p>\n<p>(1) Utilizamos el servicio Google Maps en nuestros sitios web. Esto nos permite mostrarte mapas interactivos directamente en el sitio web y te permite utilizar la funci\u00f3n de mapas c\u00f3modamente. <\/p>\n<p>(2) Al visitar el sitio web correspondiente, Google recibe la informaci\u00f3n de que has accedido a la subp\u00e1gina correspondiente de nuestro sitio web. Adem\u00e1s, se transmitir\u00e1n los datos mencionados en \u00a74, p\u00e1rrafo 1 de esta declaraci\u00f3n. Esto ocurre independientemente de si Google te proporciona una cuenta de usuario a trav\u00e9s de la cual ya has iniciado sesi\u00f3n o de si no existe ninguna cuenta de usuario. Si has iniciado sesi\u00f3n en Google, tus datos se asignar\u00e1n directamente a tu cuenta de Google. Si no deseas que se asocien a tu perfil de Google, debes cerrar sesi\u00f3n en Google antes de acceder a las subp\u00e1ginas correspondientes de nuestros servicios. Google almacena tus datos como perfiles de uso y los utiliza con fines publicitarios, de investigaci\u00f3n de mercado y\/o de personalizaci\u00f3n de su sitio web.     <\/p>\n<p>Este an\u00e1lisis se lleva a cabo en particular (incluso para los usuarios que no han iniciado sesi\u00f3n) para proporcionar publicidad personalizada e informar a otros usuarios de la red social sobre tus actividades en nuestro sitio web. Tienes derecho a oponerte a la creaci\u00f3n de estos perfiles de usuario, para lo cual deber\u00e1s ponerte en contacto con Google para ejercer este derecho. <\/p>\n<p>(3) Puedes encontrar m\u00e1s informaci\u00f3n sobre la finalidad y el alcance de la recopilaci\u00f3n de datos y su tratamiento por parte del proveedor del plug-in en la pol\u00edtica de privacidad de Google. All\u00ed tambi\u00e9n encontrar\u00e1s m\u00e1s informaci\u00f3n sobre tus derechos al respecto y las opciones de configuraci\u00f3n para proteger tu privacidad: http:\/\/www.google.de\/intl\/de\/policies\/privacy. Google tambi\u00e9n procesa tus datos personales en EE.UU. y se ha sometido al Escudo de Privacidad UE-EE.UU., https:\/\/www.privacyshield.gov\/EU-US-Framework. <\/p>\n<p><strong>  \u00a7 9 Integraci\u00f3n de los servicios de pago<\/strong><\/p>\n<p>(1) Se utilizan varios servicios de pago y sus proveedores, en la actualidad principalmente PayPal y Stripe, para proporcionar diferentes m\u00e9todos para pagar los servicios de pago de REVIERWELT. Los detalles espec\u00edficos de los proveedores utilizados en cada caso y su selecci\u00f3n por tu parte se proporcionan al seleccionar el m\u00e9todo de pago.<\/p>\n<p>(2) El procesamiento de la transacci\u00f3n de pago requiere un acuerdo directo entre t\u00fa y el proveedor de servicios de pago que hayas elegido, que tambi\u00e9n incluye el procesamiento de datos personales e informaci\u00f3n de facturaci\u00f3n.<\/p>\n<p>(3) Para permitir el proceso de pago, el proveedor seleccionado recopila datos b\u00e1sicos en sus p\u00e1ginas integradas como parte del proceso de pago; no se transfieren datos personales de Revierwelt Media al proveedor del servicio de pago. En nuestros sistemas no se almacena informaci\u00f3n sobre cuentas, s\u00f3lo claves de transacci\u00f3n anonimizadas. <\/p>\n<p><strong>\u00a7 10 Derecho de informaci\u00f3n y cancelaci\u00f3n<\/strong><\/p>\n<p>Tienes derecho a informaci\u00f3n gratuita, correcci\u00f3n, bloqueo y, si es necesario, eliminaci\u00f3n de tus datos personales almacenados en cualquier momento. Env\u00edanos tu solicitud por correo postal o electr\u00f3nico. La eliminaci\u00f3n de los datos personales tiene lugar -sujeto a obligaciones legales divergentes- si revocas tu consentimiento para el almacenamiento, si los datos ya no son necesarios para cumplir el prop\u00f3sito para el que fueron almacenados o si el almacenamiento es inadmisible por otras razones legales.  <\/p>\n<p><strong>  \u00a7 11 Centro responsable de la recogida de datos<\/strong><\/p>\n<p>Revierwelt Media GmbH<br \/>\nPestalozzistrasse 41<br \/>\n35606 Solms<br \/>\nCorreo electr\u00f3nico: support@revierwelt.de<\/p>\n<p>Director Gerente: Alexander Vinnai<br \/>\nRegistro Mercantil: Juzgado Local de Wetzlar HRB 6268<br \/>\nCIF: DE 281317112<\/p>\n<p style=\"margin: 0cm 0cm 16.9pt 0cm;\">Estado Mayo 2019<\/p>\n<\/div><\/div><\/div><\/div><\/div><\/div><\/div><\/section>\n","protected":false},"excerpt":{"rendered":"Nosotros, Revierwelt Media GmbH, esperamos tu visita a nuestro sitio web con nuestra amplia oferta online de servicios relacionados con la caza. Revierwelt Media es proveedor del software de gesti\u00f3n de cotos de caza &#8222;REVIERWELT&#8220; con red social integrada y posibilidad de comunicaci\u00f3n online. La gama de servicios multimedia que ofrece REVIERWELT se completa con...","protected":false},"author":4,"featured_media":0,"parent":0,"menu_order":0,"comment_status":"closed","ping_status":"closed","template":"","meta":{"footnotes":""},"class_list":["post-43533","page","type-page","status-publish","hentry"],"_links":{"self":[{"href":"https:\/\/revierwelt.de\/index.php\/wp-json\/wp\/v2\/pages\/43533","targetHints":{"allow":["GET"]}}],"collection":[{"href":"https:\/\/revierwelt.de\/index.php\/wp-json\/wp\/v2\/pages"}],"about":[{"href":"https:\/\/revierwelt.de\/index.php\/wp-json\/wp\/v2\/types\/page"}],"author":[{"embeddable":true,"href":"https:\/\/revierwelt.de\/index.php\/wp-json\/wp\/v2\/users\/4"}],"replies":[{"embeddable":true,"href":"https:\/\/revierwelt.de\/index.php\/wp-json\/wp\/v2\/comments?post=43533"}],"version-history":[{"count":0,"href":"https:\/\/revierwelt.de\/index.php\/wp-json\/wp\/v2\/pages\/43533\/revisions"}],"wp:attachment":[{"href":"https:\/\/revierwelt.de\/index.php\/wp-json\/wp\/v2\/media?parent=43533"}],"curies":[{"name":"wp","href":"https:\/\/api.w.org\/{rel}","templated":true}]}}